478
CXUS53 KLOT 010700
CF6RFD
PRELIMINARY LOCAL CLIMATOLOGICAL DATA (WS FORM: F-6)
STATION: ROCKFORD IL
MONTH: JULY
YEAR: 2020
LATITUDE: 42 12 N
LONGITUDE: 89 6 W
TEMPERATURE IN F: :PCPN: SNOW: WIND :SUNSHINE: SKY :PK WND
================================================================================
1 2 3 4 5 6A 6B 7 8 9 10 11 12 13 14 15 16 17 18
12Z AVG MX 2MIN
DY MAX MIN AVG DEP HDD CDD WTR SNW DPTH SPD SPD DIR MIN PSBL S-S WX SPD DR
================================================================================
1 90 70 80 6 0 15 0.00 0.0 0 8.4 17 100 M M 7 23 100
2 89 68 79 5 0 14 0.00 0.0 0 3.8 10 140 M M 6 16 130
3 93 66 80 6 0 15 0.00 0.0 0 2.6 10 30 M M 4 15 30
4 93 67 80 6 0 15 0.00 0.0 0 4.7 13 110 M M 2 18 17 50
5 92 67 80 6 0 15 0.00 0.0 0 2.4 9 120 M M 2 18 13 110
6 93 69 81 7 0 16 0.00 0.0 0 2.4 10 260 M M 1 17 260
7 94 71 83 9 0 18 0.08 0.0 0 4.9 32 340 M M 4 13 45 350
8 94 69 82 8 0 17 0.01 0.0 0 2.8 33 90 M M 5 13 48 90
9 93 70 82 8 0 17 0.69 0.0 0 8.4 25 260 M M 6 138 38 270
10 87 67 77 3 0 12 0.04 0.0 0 10.1 22 310 M M 5 1 28 300
11 86 64 75 1 0 10 0.34 0.0 0 5.8 24 320 M M 4 13 35 290
12 83 64 74 0 0 9 0.00 0.0 0 7.0 17 350 M M 4 25 20
13 83 63 73 -1 0 8 0.00 0.0 0 3.8 8 150 M M 3 1 M M
14 85 65 75 1 0 10 0.00 0.0 0 10.7 21 170 M M 7 8 29 190
15 80 66 73 -1 0 8 0.57 0.0 0 7.4 17 330 M M 9 13 23 340
16 84 66 75 1 0 10 0.00 0.0 0 6.0 13 350 M M 5 16 350
17 86 64 75 1 0 10 0.00 0.0 0 6.4 14 200 M M 3 20 180
18 89 72 81 7 0 16 0.42 0.0 0 10.4 26 320 M M 6 13 35 320
19 85 67 76 2 0 11 0.00 0.0 0 8.8 17 290 M M 7 3 27 280
20 84 64 74 0 0 9 0.00 0.0 0 4.5 12 270 M M 8 17 320
21 80 68 74 0 0 9 0.04 0.0 0 6.9 15 150 M M 9 20 140
22 85 65 75 1 0 10 0.00 0.0 0 8.2 16 10 M M 6 1 19 30
23 83 60 72 -2 0 7 0.00 0.0 0 5.5 13 30 M M 3 19 350
24 86 61 74 0 0 9 0.00 0.0 0 2.3 9 210 M M 2 13 200
25 91 67 79 5 0 14 0.00 0.0 0 6.9 14 170 M M 5 19 180
26 95 73 84 10 0 19 0.86 0.0 0 8.2 31 280 M M 4 13 45 270
27 84 67 76 3 0 11 T 0.0 0 5.7 17 310 M M 6 23 310
28 86 62 74 1 0 9 0.00 0.0 0 6.7 16 240 M M 2 26 220
29 89 69 79 6 0 14 0.01 0.0 0 6.3 13 250 M M 8 19 230
30 82 66 74 1 0 9 0.00 0.0 0 10.1 20 50 M M 9 26 40
31 84 63 74 1 0 9 0.00 0.0 0 8.1 16 30 M M 8 19 30
================================================================================
SM 2708 2060 0 375 3.06 0.0 196.2 M 160
================================================================================
AV 87.4 66.5 6.3 FASTST M M 5 MAX(MPH)
MISC ----> # 33 90 # 48 90
================================================================================
NOTES:
# LAST OF SEVERAL OCCURRENCES
COLUMN 17 PEAK WIND IN M.P.H.
PRELIMINARY LOCAL CLIMATOLOGICAL DATA (WS FORM: F-6) , PAGE 2
STATION: ROCKFORD IL
MONTH: JULY
YEAR: 2020
LATITUDE: 42 12 N
LONGITUDE: 89 6 W
[TEMPERATURE DATA] [PRECIPITATION DATA] SYMBOLS USED IN COLUMN 16
AVERAGE MONTHLY: 76.9 TOTAL FOR MONTH: 3.06 1 = FOG OR MIST
DPTR FM NORMAL: 3.1 DPTR FM NORMAL: -0.89 2 = FOG REDUCING VISIBILITY
HIGHEST: 95 ON 26 GRTST 24HR 0.86 ON 26-26 TO 1/4 MILE OR LESS
LOWEST: 60 ON 23 3 = THUNDER
SNOW, ICE PELLETS, HAIL 4 = ICE PELLETS
TOTAL MONTH: 0.0 INCH 5 = HAIL
GRTST 24HR 0.0 6 = FREEZING RAIN OR DRIZZLE
GRTST DEPTH: 0 7 = DUSTSTORM OR SANDSTORM:
VSBY 1/2 MILE OR LESS
8 = SMOKE OR HAZE
[NO. OF DAYS WITH] [WEATHER - DAYS WITH] 9 = BLOWING SNOW
X = TORNADO
MAX 32 OR BELOW: 0 0.01 INCH OR MORE: 10
MAX 90 OR ABOVE: 10 0.10 INCH OR MORE: 5
MIN 32 OR BELOW: 0 0.50 INCH OR MORE: 3
MIN 0 OR BELOW: 0 1.00 INCH OR MORE: 0
[HDD (BASE 65) ]
TOTAL THIS MO. 0 CLEAR (SCALE 0-3) 7
DPTR FM NORMAL -3 PTCLDY (SCALE 4-7) 21
TOTAL FM JUL 1 0 CLOUDY (SCALE 8-10) 3
DPTR FM NORMAL -3
[CDD (BASE 65) ]
TOTAL THIS MO. 375
DPTR FM NORMAL 101 [PRESSURE DATA]
TOTAL FM JAN 1 693 HIGHEST SLP M ON M
DPTR FM NORMAL 189 LOWEST SLP 29.71 ON 9
[REMARKS]
#FINAL-07-20#