920
CXUS56 KSGX 011245
CF6RIV
PRELIMINARY LOCAL CLIMATOLOGICAL DATA (WS FORM: F-6)
STATION: RIVERSIDE/MARCH FIELD CA
MONTH: JUNE
YEAR: 2020
LATITUDE: 33 54 N
LONGITUDE: 117 15 W
TEMPERATURE IN F: :PCPN: SNOW: WIND :SUNSHINE: SKY :PK WND
================================================================================
1 2 3 4 5 6A 6B 7 8 9 10 11 12 13 14 15 16 17 18
12Z AVG MX 2MIN
DY MAX MIN AVG DEP HDD CDD WTR SNW DPTH SPD SPD DIR MIN PSBL S-S WX SPD DR
================================================================================
1 89 50 70 M 0 5 0.00 0.0 0 5.5 14 280 M M 1 22 290
2 92 59 76 M 0 11 0.00 0.0 0 5.2 13 300 M M 1 M M
3 100 59 80 M 0 15 0.00 0.0 0 5.5 17 310 M M 0 23 290
4 90 56 73 M 0 8 0.00 0.0 0 6.2 15 320 M M 0 M M
5 69 56 63 M 2 0 0.03 0.0 0 5.0 12 300 M M 9 1 M M
6 73 55 64 M 1 0 0.01 0.0 0 4.4 13 310 M M 8 1 20 310
7 78 48 63 M 2 0 0.00 0.0 0 6.7 16 290 M M 3 18 330
8 86 46 66 M 0 1 0.00 0.0 0 7.6 24 350 M M 0 38 350
9 94 48 71 M 0 6 0.00 0.0 0 5.6 16 300 M M 0 23 110
10 99 48 74 M 0 9 0.00 0.0 0 3.7 14 300 M M 0 21 290
11 97 52 75 M 0 10 0.00 0.0 0 4.7 14 300 M M 0 8 M M
12 89 50 70 M 0 5 0.00 0.0 0 6.0 17 310 M M 0 8 M M
13 83 48 66 M 0 1 0.00 0.0 0 5.5 15 310 M M 0 18 330
14 85 53 69 M 0 4 0.00 0.0 0 5.4 13 300 M M 0 17 330
15 88 53 71 M 0 6 0.00 0.0 0 5.6 17 300 M M 0 M M
16 81 55 68 M 0 3 0.00 0.0 0 5.7 13 290 M M 2 1 20 290
17 81 58 70 M 0 5 0.00 0.0 0 5.0 13 300 M M 4 M M
18 79 55 67 M 0 2 0.00 0.0 0 4.4 13 290 M M 4 1 M M
19 84 55 70 M 0 5 0.00 0.0 0 4.7 13 290 M M 3 M M
20 82 56 69 M 0 4 0.00 0.0 0 5.6 10 300 M M 4 1 16 320
21 86 55 71 M 0 6 T 0.0 0 5.5 13 310 M M 3 18 20 300
22 92 54 73 M 0 8 0.00 0.0 0 5.7 13 290 M M 1 128 17 320
23 92 55 74 M 0 9 0.00 0.0 0 5.8 15 300 M M 1 18 M M
24 94 59 77 M 0 12 0.00 0.0 0 5.4 14 300 M M 2 1 M M
25 90 58 74 M 0 9 0.00 0.0 0 5.1 13 300 M M 3 1 M M
26 92 57 75 M 0 10 0.00 0.0 0 5.8 13 300 M M 0 M M
27 92 59 76 M 0 11 0.00 0.0 0 5.1 16 310 M M 0 M M
28 82 60 71 M 0 6 0.00 0.0 0 7.7 14 310 M M 6 18 300
29 79 57 68 M 0 3 0.01 0.0 0 6.8 13 290 M M 5 1 17 300
30 85 53 69 M 0 4 0.00 0.0 0 6.5 14 310 M M 2 M M
================================================================================
SM 2603 1627 5 178 0.05 0.0 167.4 M 62
================================================================================
AV 86.8 54.2 5.6 FASTST M M 2 MAX(MPH)
MISC ----> # 24 350 # 38 350
================================================================================
NOTES:
# LAST OF SEVERAL OCCURRENCES
COLUMN 17 PEAK WIND IN M.P.H.
PRELIMINARY LOCAL CLIMATOLOGICAL DATA (WS FORM: F-6) , PAGE 2
STATION: RIVERSIDE/MARCH FIELD CA
MONTH: JUNE
YEAR: 2020
LATITUDE: 33 54 N
LONGITUDE: 117 15 W
[TEMPERATURE DATA] [PRECIPITATION DATA] SYMBOLS USED IN COLUMN 16
AVERAGE MONTHLY: 70.5 TOTAL FOR MONTH: 0.05 1 = FOG OR MIST
DPTR FM NORMAL: M DPTR FM NORMAL: M 2 = FOG REDUCING VISIBILITY
HIGHEST: 100 ON 3 GRTST 24HR 0.03 ON 5- 5 TO 1/4 MILE OR LESS
LOWEST: 46 ON 8 3 = THUNDER
SNOW, ICE PELLETS, HAIL 4 = ICE PELLETS
TOTAL MONTH: 0.0 INCH 5 = HAIL
GRTST 24HR 0.0 6 = FREEZING RAIN OR DRIZZLE
GRTST DEPTH: 0 7 = DUSTSTORM OR SANDSTORM:
VSBY 1/2 MILE OR LESS
8 = SMOKE OR HAZE
[NO. OF DAYS WITH] [WEATHER - DAYS WITH] 9 = BLOWING SNOW
X = TORNADO
MAX 32 OR BELOW: 0 0.01 INCH OR MORE: 3
MAX 90 OR ABOVE: 12 0.10 INCH OR MORE: 0
MIN 32 OR BELOW: 0 0.50 INCH OR MORE: 0
MIN 0 OR BELOW: 0 1.00 INCH OR MORE: 0
[HDD (BASE 65) ]
TOTAL THIS MO. 5 CLEAR (SCALE 0-3) 21
DPTR FM NORMAL M PTCLDY (SCALE 4-7) 7
TOTAL FM JUL 1 2165 CLOUDY (SCALE 8-10) 2
DPTR FM NORMAL M
[CDD (BASE 65) ]
TOTAL THIS MO. 178
DPTR FM NORMAL M [PRESSURE DATA]
TOTAL FM JAN 1 326 HIGHEST SLP M ON M
DPTR FM NORMAL M LOWEST SLP M ON M
[REMARKS]
#FINAL-06-20#