000
CXUS55 KREV 011445
CLARNO
CLIMATE REPORT
NATIONAL WEATHER SERVICE RENO NV
645 AM PST SUN JAN 01 2023
...................................
...THE RENO-TAHOE INTL AIRPORT NV CLIMATE SUMMARY FOR THE YEAR OF 2022...
THE AVERAGE TEMPERATURE FOR 2022 AT THE RENO-TAHOE INTERNATIONAL
AIRPORT WAS 55.6 DEGREES WHICH IS 0.6 DEGREES ABOVE NORMAL. THE
HIGHEST TEMPERATURE FOR 2022 WAS 106 DEGREES WHICH OCCURRED ON
SEPTEMBER 6TH. THE LOWEST TEMPERATURE FOR THE YEAR WAS 13 DEGREES
WHICH OCCURRED ON FEBRUARY 24TH.
FOR 2022, 8.34 INCHES OF PRECIPITATION WERE RECORDED AT THE RENO-
TAHOE INTERNATIONAL AIRPORT. THIS IS 0.99 INCHES ABOVE NORMAL. THE
TOTAL SNOWFALL FOR THE YEAR WAS 23.5 INCHES, WHICH IS 2.6 INCHES
ABOVE NORMAL.
THE AVERAGE WIND SPEED FOR 2022 WAS 5.9 MPH. THE PEAK WIND GUST FOR
THE YEAR WAS 65 MPH FROM THE SOUTH ON DECEMBER 10TH.
CLIMATE NORMAL PERIOD 1991 TO 2020
CLIMATE RECORD PERIOD 1888 TO 2022
WEATHER OBSERVED NORMAL DEPART
VALUE DATE(S) VALUE FROM
NORMAL
................................................
TEMPERATURE (F)
RECORD
HIGH 108 07/05/2007
07/11/2002
07/10/2002
LOW -19 01/08/1890
HIGHEST 106 09/06
LOWEST 13 02/24
AVG. MAXIMUM 70.0 68.8 1.2
AVG. MINIMUM 41.2 41.1 0.1
MEAN 55.6 55.0 0.6
DAYS MAX >= 90 81 65.1 15.9
DAYS MAX <= 32 3 4.1 -1.1
DAYS MIN <= 32 132 121.9 10.1
DAYS MIN <= 0 0 0.4 -0.4
PRECIPITATION (INCHES)
RECORD
MAXIMUM 13.73 2017
MINIMUM 1.55 1945
TOTALS 8.34 7.35 0.99
DAILY AVG. T 0.02 -0.02
DAYS >= .01 34 50.5 -16.5
DAYS >= .10 15 20.4 -5.4
DAYS >= .50 4 3.3 0.7
DAYS >= 1.00 2 0.7 1.3
SNOWFALL (INCHES)
TOTALS 23.5 20.9 2.6
SINCE 7/1 15.7 7.1 8.6
DAYS >= TRACE 25 13.9 11.1
DAYS >= 1.0 6 5.9 0.1
GREATEST
SNOW DEPTH 4R 02/23
24 HR TOTAL 9.0R 12/31 TO 12/31
DEGREE DAYS
HEATING TOTAL 4631 4669 -38
SINCE 7/1 1933 1908 25
COOLING TOTAL 1353 1038 315
FREEZE DATES
EARLIEST 10/23
LATEST 05/11
................................................
WIND (MPH)
AVERAGE WIND SPEED 5.9
HIGHEST WIND SPEED/DIRECTION 54/160 DATE 12/10
HIGHEST GUST SPEED/DIRECTION 65/160 DATE 12/10
WEATHER CONDITIONS. NUMBER OF DAYS WITH
THUNDERSTORM 14 MIXED PRECIP 0
HEAVY RAIN 7 RAIN 10
LIGHT RAIN 44 FREEZING RAIN 0
LT FREEZING RAIN 0 HAIL 1
HEAVY SNOW 4 SNOW 8
LIGHT SNOW 24 SLEET 0
FOG 30 FOG W/VIS <= 1/4 MILE 1
HAZE 30
- INDICATES NEGATIVE NUMBERS.
R INDICATES RECORD WAS SET OR TIED.
MM INDICATES DATA IS MISSING.
T INDICATES TRACE AMOUNT.
$$