000
CXUS51 KRNK 010807
CLSROA
CLIMATE REPORT
NATIONAL WEATHER SERVICE BLACKSBURG, VA
407 AM EDT THU SEP 01 2022
...................................
...THE ROANOKE VA CLIMATE SUMMARY FOR THE SEASON, FROM
6/1/2022 TO 8/31/2022...
CLIMATE NORMAL PERIOD: 1991 TO 2020
CLIMATE RECORD PERIOD: 1912 TO 2022
WEATHER OBSERVED NORMAL DEPART LAST YEAR`S
VALUE DATE(S) VALUE FROM VALUE
NORMAL
..............................................................
TEMPERATURE (F)
RECORD
HIGH 105 08/21/1983
07/10/1936
08/05/1930
LOW 36 06/11/1913
HIGHEST 98 07/06 96
LOWEST 54 06/05 53
06/19
AVG. MAXIMUM 87.5 86.3 1.2 88.1
AVG. MINIMUM 67.1 65.5 1.6 67.0
MEAN 77.3 75.9 1.4 77.6
DAYS MAX >= 90 39 26.1 12.9 42
DAYS MAX <= 32 0 0.0 0.0 0
DAYS MIN <= 32 0 0.0 0.0 0
DAYS MIN <= 0 0 0.0 0.0 0
PRECIPITATION (INCHES)
RECORD
MAXIMUM 26.85 1940
MINIMUM 4.77 1993
TOTALS 11.02 12.31 -1.29 12.77
DAYS >= .01 38 33.6 4.4 33
DAYS >= .10 20 20.3 -0.3 24
DAYS >= .50 10 8.0 2.0 9
DAYS >= 1.00 2 3.3 -1.3 2
GREATEST
24 HR. TOTAL 1.27 3.16
SNOWFALL (INCHES)
TOTALS 0.0 0.0 0.0 0.0
DAYS >= TRACE 0 0.0 0.0 0
DAYS >= 1.0 0 0.0 0.0 0
GREATEST
24 HR TOTAL 0.0 0.0
DEGREE DAYS
HEATING TOTAL 0 8 -8 0
COOLING TOTAL 1157 1016 141 1185
..............................................................
WIND (MPH)
AVERAGE WIND SPEED 5.1
RESULTANT WIND SPEED/DIRECTION 1/280
HIGHEST WIND SPEED/DIRECTION 40/320 DATE 07/12
HIGHEST GUST SPEED/DIRECTION 51/320 DATE 06/17
SKY COVER
AVERAGE SKY COVER 0.44
AVERAGE RH (PERCENT) 66
WEATHER CONDITIONS. NUMBER OF DAYS WITH
THUNDERSTORM 32 MIXED PRECIP 0
HEAVY RAIN 13 RAIN 19
LIGHT RAIN 48 FREEZING RAIN 0
LT FREEZING RAIN 0 HAIL 0
HEAVY SNOW 0 SNOW 0
LIGHT SNOW 0 SLEET 0
FOG 24 FOG W/VIS <= 1/4 MILE 2
HAZE 1
- INDICATES NEGATIVE NUMBERS.
R INDICATES RECORD WAS SET OR TIED.
MM INDICATES DATA IS MISSING.
T INDICATES TRACE AMOUNT.
$$