000
CXUS55 KABQ 011352
CF6ROW
PRELIMINARY LOCAL CLIMATOLOGICAL DATA (WS FORM: F-6)
STATION: ROSWELL NM
MONTH: FEBRUARY
YEAR: 2023
LATITUDE: 33 17 N
LONGITUDE: 104 32 W
TEMPERATURE IN F: :PCPN: SNOW: WIND :SUNSHINE: SKY :PK WND
================================================================================
1 2 3 4 5 6A 6B 7 8 9 10 11 12 13 14 15 16 17 18
12Z AVG MX 2MIN
DY MAX MIN AVG DEP HDD CDD WTR SNW DPTH SPD SPD DIR MIN PSBL S-S WX SPD DR
================================================================================
1 37 24 31 -14 34 0 0.00 0.0 0 5.4 15 160 M M 8 1 18 170
2 59 21 40 -5 25 0 0.00 0.0 0 5.7 17 20 M M 0 18 23 20
3 62 26 44 -2 21 0 0.00 0.0 0 7.5 20 160 M M 0 25 170
4 67 28 48 2 17 0 0.00 0.0 0 5.1 14 270 M M 0 17 180
5 77 27 52 6 13 0 0.00 0.0 0 6.8 17 240 M M 0 22 210
6 74 38 56 10 9 0 0.00 0.0 0 9.8 22 30 M M 0 27 20
7 44 36 40 -6 25 0 0.01 0.0 0 13.6 23 10 M M 7 29 360
8 62 29 46 0 19 0 0.00 0.0 0 7.9 20 290 M M 1 25 300
9 50 27 39 -8 26 0 0.00 0.0 0 13.0 37 360 M M 4 51 360
10 50 20 35 -12 30 0 0.00 0.0 0 4.5 9 260 M M 0 14 300
11 59 19 39 -8 26 0 0.00 0.0 0 7.5 21 170 M M 0 27 150
12 62 30 46 -1 19 0 0.00 0.0 0 2.8 14 160 M M 1 19 190
13 61 34 48 0 17 0 0.06 0.0 0 8.6 25 160 M M 2 32 160
14 66 37 52 4 13 0 0.00 0.0 0 16.1 38 280 M M 0 56 270
15 60 27 44 -4 21 0 0.00 0.0 0 15.6 40 230 M M 2 59 240
16 44 20 32 -16 33 0 0.00 0.0 0 6.4 17 10 M M 3 23 30
17 50 16 33 -15 32 0 0.00 0.0 0 5.8 17 160 M M 0 22 160
18 65 27 46 -2 19 0 0.00 0.0 0 5.9 15 260 M M 2 21 120
19 69 36 53 4 12 0 0.00 0.0 0 8.2 28 210 M M 3 36 210
20 78 46 62 13 3 0 0.00 0.0 0 9.1 30 260 M M 0 38 260
21 73 46 60 11 5 0 0.00 0.0 0 14.6 33 210 M M 0 47 220
22 68 42 55 6 10 0 0.00 0.0 0 20.5 49 240 M M 2 8 69 230
23 69 33 51 1 14 0 0.00 0.0 0 13.2 38 200 M M 0 51 220
24 58 29 44 -6 21 0 0.00 0.0 0 4.6 13 150 M M 0 19 140
25 63 34 49 -1 16 0 0.00 0.0 0 5.0 13 160 M M 0 19 200
26 82 37 60 10 5 0 0.00 0.0 0 20.5 58 230 M M 2 8 83 240
27 70 27 49 -1 16 0 0.00 0.0 0 5.7 18 250 M M 0 24 240
28 77 33 55 4 10 0 0.00 0.0 0 11.8 29 230 M M 0 39 220
================================================================================
SM 1756 849 511 0 0.07 0.0 261.2 M 37
================================================================================
AV 62.7 30.3 9.3 FASTST M M 1 MAX(MPH)
MISC ----> 58 230 83 240
================================================================================
NOTES:
# LAST OF SEVERAL OCCURRENCES
COLUMN 17 PEAK WIND IN M.P.H.
PRELIMINARY LOCAL CLIMATOLOGICAL DATA (WS FORM: F-6) , PAGE 2
STATION: ROSWELL NM
MONTH: FEBRUARY
YEAR: 2023
LATITUDE: 33 17 N
LONGITUDE: 104 32 W
[TEMPERATURE DATA] [PRECIPITATION DATA] SYMBOLS USED IN COLUMN 16
AVERAGE MONTHLY: 46.5 TOTAL FOR MONTH: 0.07 1 = FOG OR MIST
DPTR FM NORMAL: -1.3 DPTR FM NORMAL: -0.28 2 = FOG REDUCING VISIBILITY
HIGHEST: 82 ON 26 GRTST 24HR 0.06 ON 13-13 TO 1/4 MILE OR LESS
LOWEST: 16 ON 17 3 = THUNDER
SNOW, ICE PELLETS, HAIL 4 = ICE PELLETS
TOTAL MONTH: 0.0 INCH 5 = HAIL
GRTST 24HR 0.0 6 = FREEZING RAIN OR DRIZZLE
GRTST DEPTH: 0 7 = DUSTSTORM OR SANDSTORM:
VSBY 1/2 MILE OR LESS
8 = SMOKE OR HAZE
[NO. OF DAYS WITH] [WEATHER - DAYS WITH] 9 = BLOWING SNOW
X = TORNADO
MAX 32 OR BELOW: 0 0.01 INCH OR MORE: 2
MAX 90 OR ABOVE: 0 0.10 INCH OR MORE: 0
MIN 32 OR BELOW: 16 0.50 INCH OR MORE: 0
MIN 0 OR BELOW: 0 1.00 INCH OR MORE: 0
[HDD (BASE 65) ]
TOTAL THIS MO. 511 CLEAR (SCALE 0-3) 25
DPTR FM NORMAL 30 PTCLDY (SCALE 4-7) 3
TOTAL FM JUL 1 2413 CLOUDY (SCALE 8-10) 0
DPTR FM NORMAL -13
[CDD (BASE 65) ]
TOTAL THIS MO. 0
DPTR FM NORMAL -1 [PRESSURE DATA]
TOTAL FM JAN 1 0 HIGHEST SLP 30.55 ON 10
DPTR FM NORMAL 0 LOWEST SLP 29.30 ON 26
[REMARKS]
#FINAL-02-23#