832
CXUS54 KFWD 010731
CF6RPH
PRELIMINARY LOCAL CLIMATOLOGICAL DATA (WS FORM: F-6)
STATION: GRAHAM
MONTH: SEPTEMBER
YEAR: 2020
LATITUDE: 33 6 N
LONGITUDE: 98 30 W
TEMPERATURE IN F: :PCPN: SNOW: WIND :SUNSHINE: SKY :PK WND
================================================================================
1 2 3 4 5 6A 6B 7 8 9 10 11 12 13 14 15 16 17 18
12Z AVG MX 2MIN
DY MAX MIN AVG DEP HDD CDD WTR SNW DPTH SPD SPD DIR MIN PSBL S-S WX SPD DR
================================================================================
1 84 70 77 -3 0 12 0.37 0.0 0 6.3 15 350 M M 2 28 350
2 82 69 76 -4 0 11 0.76 0.0 0 3.5 24 300 M M 2 35 300
3 91 68 80 0 0 15 0.00 0.0 0 1.9 8 110 M M 2 1 M M
4 88 68 78 -2 0 13 0.00 0.0 0 3.7 9 80 M M 4 1 M M
5 88 67 78 -1 0 13 0.00 0.0 0 2.7 18 130 M M 2 25 130
6 92 64 78 -1 0 13 0.00 0.0 0 4.5 10 140 M M 0 M M
7 93 71 82 4 0 17 0.00 0.0 0 6.7 12 160 M M 0 18 180
8 88 67 78 0 0 13 T 0.0 0 8.1 16 130 M M 1 23 140
9 65 50 58 -20 7 0 0.46 0.0 0 10.2 14 320 M M 10 1 22 340
10 57 50 54 -23 11 0 0.08 0.0 0 6.4 17 340 M M 10 1 22 340
11 66 56 61 -16 4 0 0.09 0.0 0 2.0 6 340 M M 7 M M
12 83 59 71 -6 0 6 0.00 0.0 0 0.6 5 210 M M 1 M M
13 83 64 74 -2 0 9 0.00 0.0 0 2.7 12 360 M M 1 1 20 360
14 80 63 72 -4 0 7 0.00 0.0 0 3.4 10 360 M M 0 M M
15 82 63 73 -2 0 8 0.00 0.0 0 2.0 9 340 M M 2 1 M M
16 86 65 76 1 0 11 0.00 0.0 M 1.2 7 350 M M 2 1 M M
17 84 65 75 0 0 10 0.00 0.0 0 3.1 12 360 M M 1 16 360
18 82 60 71 -3 0 6 0.00 0.0 0 2.7 7 10 M M 1 M M
19 79 58 69 -5 0 4 0.00 0.0 0 1.7 7 40 M M 0 1 M M
20 80 52 66 -7 0 1 0.00 0.0 0 1.8 5 50 M M 0 1 M M
21 82 60 71 -2 0 6 0.00 0.0 0 4.9 9 70 M M 3 M M
22 70 64 67 -6 0 2 0.01 0.0 0 2.6 9 330 M M 10 1 M M
23 72 64 68 -4 0 3 0.00 0.0 0 2.6 9 350 M M 9 1 M M
24 82 61 72 0 0 7 0.00 0.0 0 1.3 7 330 M M 3 M M
25 87 60 74 2 0 9 0.00 0.0 0 4.7 9 140 M M 1 1 M M
26 89 63 76 5 0 11 0.00 0.0 0 6.5 15 150 M M 0 22 150
27 95 63 79 8 0 14 0.00 0.0 0 12.1 22 350 M M 2 36 350
28 74 44 59 -11 6 0 0.00 0.0 0 8.2 18 360 M M 0 28 350
29 81 38 60 -10 5 0 0.00 0.0 0 2.4 14 290 M M 0 20 290
30 90 44 67 -3 0 2 0.04 M 0 1.3 7 260 M M 0 M M
================================================================================
SM 2455 1810 33 223 1.81 0.0 121.8 M 76
================================================================================
AV 81.8 60.3 4.1 FASTST M M 3 MAX(MPH)
MISC ----> # 24 300 # 36 350
================================================================================
NOTES:
# LAST OF SEVERAL OCCURRENCES
COLUMN 17 PEAK WIND IN M.P.H.
PRELIMINARY LOCAL CLIMATOLOGICAL DATA (WS FORM: F-6) , PAGE 2
STATION: GRAHAM
MONTH: SEPTEMBER
YEAR: 2020
LATITUDE: 33 6 N
LONGITUDE: 98 30 W
[TEMPERATURE DATA] [PRECIPITATION DATA] SYMBOLS USED IN COLUMN 16
AVERAGE MONTHLY: 71.1 TOTAL FOR MONTH: 1.81 1 = FOG OR MIST
DPTR FM NORMAL: -4.1 DPTR FM NORMAL: -1.56 2 = FOG REDUCING VISIBILITY
HIGHEST: 95 ON 27 GRTST 24HR 0.76 ON 2- 2 TO 1/4 MILE OR LESS
LOWEST: 38 ON 29 3 = THUNDER
SNOW, ICE PELLETS, HAIL 4 = ICE PELLETS
TOTAL MONTH: 0.0 INCH 5 = HAIL
GRTST 24HR 0.0 6 = FREEZING RAIN OR DRIZZLE
GRTST DEPTH: 0 7 = DUSTSTORM OR SANDSTORM:
VSBY 1/2 MILE OR LESS
8 = SMOKE OR HAZE
[NO. OF DAYS WITH] [WEATHER - DAYS WITH] 9 = BLOWING SNOW
X = TORNADO
MAX 32 OR BELOW: 0 0.01 INCH OR MORE: 7
MAX 90 OR ABOVE: 5 0.10 INCH OR MORE: 3
MIN 32 OR BELOW: 0 0.50 INCH OR MORE: 1
MIN 0 OR BELOW: 0 1.00 INCH OR MORE: 0
[HDD (BASE 65) ]
TOTAL THIS MO. 33 CLEAR (SCALE 0-3) 23
DPTR FM NORMAL 17 PTCLDY (SCALE 4-7) 3
TOTAL FM JUL 1 33 CLOUDY (SCALE 8-10) 4
DPTR FM NORMAL 17
[CDD (BASE 65) ]
TOTAL THIS MO. 223
DPTR FM NORMAL -97 [PRESSURE DATA]
TOTAL FM JAN 1 2288 HIGHEST SLP M ON M
DPTR FM NORMAL 95 LOWEST SLP M ON M
[REMARKS]
#FINAL-09-20#