000
CXUS56 KFGZ 010910
CF6RQE
PRELIMINARY LOCAL CLIMATOLOGICAL DATA (WS FORM: F-6)
STATION: WINDOW ROCK AZ AIRPORT
MONTH: OCTOBER
YEAR: 2022
LATITUDE: 35 39 N
LONGITUDE: 109 4 W
TEMPERATURE IN F: :PCPN: SNOW: WIND :SUNSHINE: SKY :PK WND
================================================================================
1 2 3 4 5 6A 6B 7 8 9 10 11 12 13 14 15 16 17 18
12Z AVG MX 2MIN
DY MAX MIN AVG DEP HDD CDD WTR SNW DPTH SPD SPD DIR MIN PSBL S-S WX SPD DR
================================================================================
1 77 41 59 4 6 0 0.02 M M 4.1 14 160 M M 3 3 21 150
2 74 53 64 9 1 0 0.74 M M 5.4 18 190 M M 7 13 23 190
3 68 52 60 6 5 0 0.25 M M 4.4 23 140 M M 5 13 32 140
4 68 46 57 3 8 0 T M M 3.0 14 330 M M 6 3 16 340
5 69 42 56 3 9 0 0.10 M M 5.2 15 30 M M 6 123 21 30
6 61 46 54 1 11 0 0.01 M M 6.4 14 70 M M 8 20 80
7 66 41 54 2 11 0 0.00 M M 2.3 15 160 M M 5 24 140
8 63 43 53 1 12 0 T M M 2.7 14 180 M M 5 20 170
9 65 38 52 0 13 0 0.00 M M 2.6 16 120 M M 3 1 24 140
10 68 35 52 1 13 0 0.00 M M 2.9 21 10 M M 1 28 20
11 71 34 53 2 12 0 0.00 M M 3.7 21 270 M M 0 27 280
12 75 34 55 5 10 0 0.00 M M 2.9 14 270 M M 0 18 260
13 76 30 53 3 12 0 0.00 M M 2.0 14 280 M M 0 17 310
14 75 29 52 2 13 0 0.00 M M 2.4 13 280 M M 0 16 310
15 74 31 53 4 12 0 0.01 M M 3.3 30 180 M M 2 1 41 180
16 56 44 50 1 15 0 0.87 M M 5.8 16 140 M M 9 13 22 160
17 54 38 46 -3 19 0 0.00 M M 6.3 14 50 M M 7 18 50
18 64 33 49 1 16 0 0.00 M M 2.4 10 70 M M 0 18 15 50
19 70 31 51 3 14 0 0.00 M M 1.2 9 60 M M 0 1 14 80
20 72 29 51 3 14 0 0.00 M M 2.1 9 220 M M 0 11 230
21 68 32 50 3 15 0 0.00 M M 4.5 24 240 M M 0 8 31 230
22 68 42 55 8 10 0 0.00 M M 15.3 33 230 M M 1 8 47 200
23 53 35 44 -3 21 0 0.12 M M 14.9 30 260 M M 8 46 250
24 44 27 36 -10 29 0 0.07 M M 9.8 25 330 M M 4 12 34 350
25 60 22 41 -5 24 0 0.00 M M 2.7 13 260 M M 0 16 260
26 59 25 42 -4 23 0 0.00 M M 4.5 20 240 M M 0 27 260
27 44 26 35 -10 30 0 0.00 M M 9.5 24 340 M M 2 32 330
28 58 19 39 -6 26 0 0.00 M M 2.3 12 110 M M 0 13 80
29 62 20 41 -4 24 0 0.00 M M 2.3 13 260 M M 0 16 270
30 62 21 42 -2 23 0 0.00 M M 1.9 14 340 M M 0 18 330
31 64 22 43 -1 22 0 0.00 M M 1.7 13 270 M M 0 16 270
================================================================================
SM 2008 1061 473 0 2.19 M 140.5 M 82
================================================================================
AV 64.8 34.2 4.5 FASTST M M 3 MAX(MPH)
MISC ----> 33 230 47 200
================================================================================
NOTES:
# LAST OF SEVERAL OCCURRENCES
COLUMN 17 PEAK WIND IN M.P.H.
PRELIMINARY LOCAL CLIMATOLOGICAL DATA (WS FORM: F-6) , PAGE 2
STATION: WINDOW ROCK AZ AIRPORT
MONTH: OCTOBER
YEAR: 2022
LATITUDE: 35 39 N
LONGITUDE: 109 4 W
[TEMPERATURE DATA] [PRECIPITATION DATA] SYMBOLS USED IN COLUMN 16
AVERAGE MONTHLY: 49.5 TOTAL FOR MONTH: 2.19 1 = FOG OR MIST
DPTR FM NORMAL: 0.3 DPTR FM NORMAL: 1.27 2 = FOG REDUCING VISIBILITY
HIGHEST: 77 ON 1 GRTST 24HR 0.88 ON 15-16 TO 1/4 MILE OR LESS
LOWEST: 19 ON 28 3 = THUNDER
SNOW, ICE PELLETS, HAIL 4 = ICE PELLETS
TOTAL MONTH: M 5 = HAIL
GRTST 24HR M ON M 6 = FREEZING RAIN OR DRIZZLE
GRTST DEPTH: M ON M 7 = DUSTSTORM OR SANDSTORM:
VSBY 1/2 MILE OR LESS
8 = SMOKE OR HAZE
[NO. OF DAYS WITH] [WEATHER - DAYS WITH] 9 = BLOWING SNOW
X = TORNADO
MAX 32 OR BELOW: 0 0.01 INCH OR MORE: 9
MAX 90 OR ABOVE: 0 0.10 INCH OR MORE: 5
MIN 32 OR BELOW: 14 0.50 INCH OR MORE: 2
MIN 0 OR BELOW: 0 1.00 INCH OR MORE: 0
[HDD (BASE 65) ]
TOTAL THIS MO. 473 CLEAR (SCALE 0-3) 20
DPTR FM NORMAL -17 PTCLDY (SCALE 4-7) 10
TOTAL FM JUL 1 533 CLOUDY (SCALE 8-10) 1
DPTR FM NORMAL -109
[CDD (BASE 65) ]
TOTAL THIS MO. 0
DPTR FM NORMAL 0 [PRESSURE DATA]
TOTAL FM JAN 1 585 HIGHEST SLP M ON M
DPTR FM NORMAL 172 LOWEST SLP 29.41 ON 23
[REMARKS]
#FINAL-10-22#