000
CXUS53 KARX 121400
CLSRST
CLIMATE REPORT
NATIONAL WEATHER SERVICE LA CROSSE WI
900 AM CDT MON JUN 12 2023
...................................
...THE ROCHESTER MN CLIMATE SUMMARY FOR THE SEASON, FROM
3/1/2023 TO 5/31/2023...
CLIMATE NORMAL PERIOD 1991 TO 2020
CLIMATE RECORD PERIOD 1886 TO 2023
WEATHER OBSERVED NORMAL DEPART LAST YEAR`S
VALUE DATE(S) VALUE FROM VALUE DATE(S)
NORMAL
................................................................
TEMPERATURE (F)
RECORD
HIGH 106 05/31/1934
LOW -31 03/01/1962
HIGHEST 87 04/12 94 05/12
05/30
LOWEST 3 03/14 0 03/12
AVG. MAXIMUM 54.7 54.4 0.3 52.7
AVG. MINIMUM 35.3 35.2 0.1 35.2
MEAN 45.0 44.8 0.2 43.9
DAYS MAX >= 90 0 0.7 -0.7 1
DAYS MAX <= 32 9 8.9 0.1 10
DAYS MIN <= 32 45 36.1 8.9 45
DAYS MIN <= 0 0 1.7 -1.7 1
PRECIPITATION (INCHES)
RECORD
MAXIMUM 21.90 2013
MINIMUM 3.17 1910
TOTALS 10.90 9.89 1.01 13.32
DAYS >= .01 31 35.7 -4.7 36
DAYS >= .10 20 19.4 0.6 22
DAYS >= .50 6 6.3 -0.3 9
DAYS >= 1.00 3 2.0 1.0 5
GREATEST
24 HR. TOTAL 2.22 MM 2.41
SNOWFALL (INCHES)
RECORDS
TOTAL 42.2 2013
SNOW DEPTH 25 03/02/2019
03/05/2014
TOTALS 13.4 12.4 1.0 1.5
SNOWDEPTH AVG. 1 -1
DAYS >= TRACE 23 8.3 14.7 22
DAYS >= 1.0 5 3.3 1.7 0
GREATEST
SNOW DEPTH 7 03/12 1 03/01
03/13
03/14
DEGREE DAYS
HEATING TOTAL 1859 1893 -34 1973
COOLING TOTAL 39 34 5 62
................................................................
WIND (MPH)
AVERAGE WIND SPEED 12.7
HIGHEST WIND SPEED/DIRECTION 39/030 DATE 03/31
HIGHEST GUST SPEED/DIRECTION 50/030 DATE 03/31
AVERAGE RH (PERCENT) 70
WEATHER CONDITIONS. NUMBER OF DAYS WITH
THUNDERSTORM 10 MIXED PRECIP 0
HEAVY RAIN 7 RAIN 12
LIGHT RAIN 26 FREEZING RAIN 0
LT FREEZING RAIN 2 HAIL 0
HEAVY SNOW 2 SNOW 6
LIGHT SNOW 21 SLEET 0
FOG 41 FOG W/VIS <= 1/4 MILE 7
HAZE 5
- INDICATES NEGATIVE NUMBERS.
R INDICATES RECORD WAS SET OR TIED.
MM INDICATES DATA IS MISSING.
T INDICATES TRACE AMOUNT.
$$
BOYNE