431
CXUS54 KLZK 011130
CF6RUE
PRELIMINARY LOCAL CLIMATOLOGICAL DATA (WS FORM: F-6)
STATION: Russellville
MONTH: MAY
YEAR: 2020
LATITUDE: 35 15 N
LONGITUDE: 93 6 W
TEMPERATURE IN F: :PCPN: SNOW: WIND :SUNSHINE: SKY :PK WND
================================================================================
1 2 3 4 5 6A 6B 7 8 9 10 11 12 13 14 15 16 17 18
12Z AVG MX 2MIN
DY MAX MIN AVG DEP HDD CDD WTR SNW DPTH SPD SPD DIR MIN PSBL S-S WX SPD DR
================================================================================
1 82 47 65 -1 0 0 0.00 M M 2.8 12 180 M M 0 1 18 200
2 86 57 72 6 0 7 0.00 M M 3.8 13 190 M M 0 21 200
3 80 64 72 6 0 7 0.00 M M 4.6 13 200 M M 8 18 200
4 82 61 72 5 0 7 0.43 M M 5.8 31 300 M M 7 138 49 320
5 77 51 64 -3 1 0 0.21 M M 6.7 15 280 M M 2 13 22 330
6 76 47 62 -5 3 0 0.00 M M 5.5 17 300 M M 0 23 300
7 72 44 58 -10 7 0 0.05 M M 2.7 14 330 M M 2 3 16 340
8 70 48 59 -9 6 0 0.72 M M 8.0 23 340 M M 5 13 32 30
9 69 40 55 -13 10 0 0.00 M M 1.6 8 210 M M 0 13 100
10 76 44 60 -8 5 0 0.00 M M 6.2 18 290 M M 2 24 300
11 64 43 54 -15 11 0 T M M 4.5 15 20 M M 7 18 20
12 52 47 50 -19 15 0 0.53 M M 5.5 13 70 M M 10 13 18 70
13 80 52 66 -3 0 1 0.00 M M 3.5 9 130 M M 7 1 16 110
14 81 64 73 4 0 8 0.06 M M 4.4 14 180 M M 4 20 180
15 72 63 68 -2 0 3 0.14 M M 4.7 18 50 M M 6 8 26 60
16 77 60 69 -1 0 4 1.91 M M 4.4 17 70 M M 8 1 22 70
17 82 56 69 -1 0 4 0.30 M M 4.3 16 310 M M 5 18 22 300
18 79 52 66 -4 0 1 0.00 M M 7.6 20 280 M M 0 1 27 280
19 75 51 63 -8 2 0 0.00 M M 3.2 14 70 M M 4 17 60
20 78 52 65 -6 0 0 0.00 M M 2.5 9 50 M M 3 13 70
21 78 56 67 -4 0 2 0.02 M M 4.0 12 110 M M 5 13 17 110
22 74 64 69 -2 0 4 0.28 M M 5.0 17 100 M M 7 13 29 340
23 83 62 73 1 0 8 0.23 M M 4.6 18 70 M M 3 13 29 100
24 85 65 75 3 0 10 0.30 M M 3.0 18 220 M M 3 13 29 240
25 85 65 75 3 0 10 0.36 M M 5.0 15 170 M M 3 138 30 190
26 77 64 71 -1 0 6 0.02 M M 5.0 12 230 M M 7 1 16 240
27 82 60 71 -1 0 6 0.02 M M 1.1 9 300 M M 2 13 11 300
28 79 62 71 -2 0 6 0.10 M M 2.7 17 10 M M 7 1 26 350
29 86 61 74 1 0 9 0.00 M M 3.7 16 30 M M 1 22 360
30 84 53 69 -4 0 4 0.00 M M 1.7 14 20 M M 0 20 40
31 83 57 70 -4 0 5 0.00 M M 3.2 13 70 M M 0 20 50
================================================================================
SM 2406 1712 60 112 5.68 M 131.3 M 118
================================================================================
AV 77.6 55.2 4.2 FASTST M M 4 MAX(MPH)
MISC ----> # 31 300 # 49 320
================================================================================
NOTES:
# LAST OF SEVERAL OCCURRENCES
COLUMN 17 PEAK WIND IN M.P.H.
PRELIMINARY LOCAL CLIMATOLOGICAL DATA (WS FORM: F-6) , PAGE 2
STATION: Russellville
MONTH: MAY
YEAR: 2020
LATITUDE: 35 15 N
LONGITUDE: 93 6 W
[TEMPERATURE DATA] [PRECIPITATION DATA] SYMBOLS USED IN COLUMN 16
AVERAGE MONTHLY: 66.4 TOTAL FOR MONTH: 5.68 1 = FOG OR MIST
DPTR FM NORMAL: -3.4 DPTR FM NORMAL: 0.95 2 = FOG REDUCING VISIBILITY
HIGHEST: 86 ON 29, 2 GRTST 24HR 1.91 ON 16-16 TO 1/4 MILE OR LESS
LOWEST: 40 ON 9 3 = THUNDER
SNOW, ICE PELLETS, HAIL 4 = ICE PELLETS
TOTAL MONTH: M 5 = HAIL
GRTST 24HR M ON M 6 = FREEZING RAIN OR DRIZZLE
GRTST DEPTH: M ON M 7 = DUSTSTORM OR SANDSTORM:
VSBY 1/2 MILE OR LESS
8 = SMOKE OR HAZE
[NO. OF DAYS WITH] [WEATHER - DAYS WITH] 9 = BLOWING SNOW
X = TORNADO
MAX 32 OR BELOW: 0 0.01 INCH OR MORE: 17
MAX 90 OR ABOVE: 0 0.10 INCH OR MORE: 12
MIN 32 OR BELOW: 0 0.50 INCH OR MORE: 3
MIN 0 OR BELOW: 0 1.00 INCH OR MORE: 1
[HDD (BASE 65) ]
TOTAL THIS MO. 60 CLEAR (SCALE 0-3) 14
DPTR FM NORMAL 35 PTCLDY (SCALE 4-7) 16
TOTAL FM JUL 1 3210 CLOUDY (SCALE 8-10) 1
DPTR FM NORMAL -49
[CDD (BASE 65) ]
TOTAL THIS MO. 112
DPTR FM NORMAL -62 [PRESSURE DATA]
TOTAL FM JAN 1 151 HIGHEST SLP 30.37 ON 11
DPTR FM NORMAL -81 LOWEST SLP 29.64 ON 8
[REMARKS]
#FINAL-05-20#