000
CXUS51 KBTV 010800
CF6RUT
PRELIMINARY LOCAL CLIMATOLOGICAL DATA (WS FORM: F-6)
STATION: RUTLAND VT
MONTH: FEBRUARY
YEAR: 2023
LATITUDE: 43 31 N
LONGITUDE: 72 57 W
TEMPERATURE IN F: :PCPN: SNOW: WIND :SUNSHINE: SKY :PK WND
================================================================================
1 2 3 4 5 6A 6B 7 8 9 10 11 12 13 14 15 16 17 18
12Z AVG MX 2MIN
DY MAX MIN AVG DEP HDD CDD WTR SNW DPTH SPD SPD DIR MIN PSBL S-S WX SPD DR
================================================================================
1 30 4 17 M 48 0 0.00 M M 5.1 13 260 M M 8 21 260
2 32 18 25 M 40 0 0.00 M M 9.0 14 230 M M 8 31 240
3 31 -18 7 M 58 0 T M M 13.8 21 330 M M 7 35 330
4 9 -21 -6 M 71 0 0.00 M M 5.1 9 280 M M 3 M M
5 44 9 27 M 38 0 0.00 M M 5.9 14 120 M M 6 23 210
6 36 14 25 M 40 0 0.00 M M 5.1 14 350 M M 6 23 350
7 38 7 23 M 42 0 0.01 M M 11.4 26 120 M M 3 1 33 110
8 43 31 37 M 28 0 T M M 8.7 15 250 M M 6 22 270
9 42 26 34 M 31 0 0.14 M M 11.5 23 110 M M 5 30 100
10 47 34 41 M 24 0 0.01 M M 11.8 22 250 M M 8 1 37 260
11 37 27 32 M 33 0 T M M 8.2 18 260 M M 4 1 30 260
12 45 26 36 M 29 0 0.00 M M 3.9 12 130 M M 0 M M
13 48 25 37 M 28 0 0.00 M M 4.9 10 120 M M 3 17 130
14 46 31 39 M 26 0 T M M 6.9 14 330 M M 5 8 22 260
15 60 30 45 M 20 0 T M M 11.7 21 230 M M 3 30 230
16 57 40 49 M 16 0 T M M 7.9 17 250 M M 4 26 230
17 49 16 33 M 32 0 0.21 M M 11.8 23 310 M M 10 123 32 350
18 32 15 24 M 41 0 T M M 6.0 12 250 M M 4 M M
19 44 25 35 M 30 0 0.00 M M 9.6 20 120 M M 5 24 100
20 49 26 38 M 27 0 T M M 7.5 15 320 M M 4 22 320
21 40 21 31 M 34 0 0.01 M M 7.8 17 120 M M 6 1 25 130
22 36 20 28 M 37 0 0.05 M M 7.7 13 280 M M 7 12 21 290
23 30 20 25 M 40 0 0.04 M M 11.2 23 120 M M 10 12 27 120
24 34 7 21 M 44 0 T M M 9.6 16 340 M M 10 1 23 340
25 21 -3 9 M 56 0 T M M 2.4 8 130 M M 6 1 M M
26 33 7 20 M 45 0 T M M 5.7 12 140 M M 9 1 18 320
27 34 15 25 M 40 0 0.07 M M 9.0 22 120 M M 7 12 32 120
28 34 23 29 M 36 0 0.04 M M 14.4 24 120 M M 10 1 36 120
================================================================================
SM 1081 475 1034 0 0.58 M 233.5 M 167
================================================================================
AV 38.6 17.0 8.3 FASTST M M 6 MAX(MPH)
MISC ----> 26 120 37 260
================================================================================
NOTES:
# LAST OF SEVERAL OCCURRENCES
COLUMN 17 PEAK WIND IN M.P.H.
PRELIMINARY LOCAL CLIMATOLOGICAL DATA (WS FORM: F-6) , PAGE 2
STATION: RUTLAND VT
MONTH: FEBRUARY
YEAR: 2023
LATITUDE: 43 31 N
LONGITUDE: 72 57 W
[TEMPERATURE DATA] [PRECIPITATION DATA] SYMBOLS USED IN COLUMN 16
AVERAGE MONTHLY: 27.8 TOTAL FOR MONTH: 0.58 1 = FOG OR MIST
DPTR FM NORMAL: 0.0 DPTR FM NORMAL: 0.58 2 = FOG REDUCING VISIBILITY
HIGHEST: 60 ON 15 GRTST 24HR 0.21 ON 17-17 TO 1/4 MILE OR LESS
LOWEST: -21 ON 4 3 = THUNDER
SNOW, ICE PELLETS, HAIL 4 = ICE PELLETS
TOTAL MONTH: M 5 = HAIL
GRTST 24HR M ON M 6 = FREEZING RAIN OR DRIZZLE
GRTST DEPTH: M ON M 7 = DUSTSTORM OR SANDSTORM:
VSBY 1/2 MILE OR LESS
8 = SMOKE OR HAZE
[NO. OF DAYS WITH] [WEATHER - DAYS WITH] 9 = BLOWING SNOW
X = TORNADO
MAX 32 OR BELOW: 7 0.01 INCH OR MORE: 9
MAX 90 OR ABOVE: 0 0.10 INCH OR MORE: 2
MIN 32 OR BELOW: 26 0.50 INCH OR MORE: 0
MIN 0 OR BELOW: 3 1.00 INCH OR MORE: 0
[HDD (BASE 65) ]
TOTAL THIS MO. 1034 CLEAR (SCALE 0-3) 5
DPTR FM NORMAL M PTCLDY (SCALE 4-7) 16
TOTAL FM JUL 1 4564 CLOUDY (SCALE 8-10) 7
DPTR FM NORMAL M
[CDD (BASE 65) ]
TOTAL THIS MO. 0
DPTR FM NORMAL M [PRESSURE DATA]
TOTAL FM JAN 1 0 HIGHEST SLP M ON M
DPTR FM NORMAL M LOWEST SLP M ON M
[REMARKS]
#FINAL-02-23#