000
CXUS54 KTSA 011331
CF6RVS
PRELIMINARY LOCAL CLIMATOLOGICAL DATA (WS FORM: F-6)
STATION: TULSA-RIVERSIDE OKLAHOMA
MONTH: DECEMBER
YEAR: 2023
LATITUDE: 36 2 N
LONGITUDE: 95 59 W
TEMPERATURE IN F: :PCPN: SNOW: WIND :SUNSHINE: SKY :PK WND
================================================================================
1 2 3 4 5 6A 6B 7 8 9 10 11 12 13 14 15 16 17 18
12Z AVG MX 2MIN
DY MAX MIN AVG DEP HDD CDD WTR SNW DPTH SPD SPD DIR MIN PSBL S-S WX SPD DR
================================================================================
1 52 39 46 1 19 0 T 0.0 M 3.7 8 270 M M 10 1 17 290
2 50 33 42 -3 23 0 T 0.0 M 3.1 10 190 M M 7 1 16 200
3 62 28 45 1 20 0 0.00 0.0 M 4.4 15 200 M M 2 12 27 290
4 59 32 46 2 19 0 0.00 0.0 M 3.4 13 310 M M 0 23 300
5 60 30 45 1 20 0 0.00 0.0 M 4.2 14 310 M M 1 24 360
6 64 28 46 2 19 0 0.00 0.0 M 5.0 16 200 M M 0 21 200
7 70 37 54 11 11 0 0.00 0.0 M 10.8 26 180 M M 1 39 170
8 73 50 62 19 3 0 0.00 0.0 M 9.7 18 190 M M 5 30 180
9 54 37 46 3 19 0 0.00 0.0 M 5.8 16 350 M M 0 27 360
10 50 28 39 -3 26 0 0.00 0.0 M 1.9 8 270 M M 0 15 330
11 58 26 42 0 23 0 0.00 0.0 M 0.7 6 160 M M 0 9 130
12 59 27 43 1 22 0 0.00 0.0 M 2.0 8 80 M M 0 12 180
13 62 30 46 4 19 0 0.00 0.0 M 2.3 14 110 M M 0 19 140
14 61 30 46 5 19 0 0.00 0.0 M 5.1 14 120 M M 2 20 130
15 54 45 50 9 15 0 0.58 0.0 M 6.3 20 130 M M 9 1 29 130
16 53 30 42 1 23 0 0.00 0.0 M 2.9 12 300 M M 4 1 21 260
17 66 28 47 6 18 0 0.00 0.0 M 2.6 10 350 M M 0 1 18 340
18 50 27 39 -1 26 0 0.00 0.0 M 5.5 15 10 M M 0 22 30
19 55 25 40 0 25 0 0.00 0.0 M 7.9 22 170 M M 0 29 160
20 61 41 51 11 14 0 0.00 0.0 M 9.7 23 200 M M 6 32 190
21 62 51 57 17 8 0 0.07 0.0 M 8.2 17 180 M M 10 1 24 180
22 61 52 57 17 8 0 0.26 0.0 M 6.8 12 200 M M 9 1 16 200
23 61 55 58 18 7 0 T 0.0 M 6.5 15 130 M M 10 1 23 150
24 61 44 53 13 12 0 1.48 0.0 M 8.8 20 150 M M 10 1 34 150
25 44 31 38 -1 27 0 0.00 0.0 M 6.5 14 300 M M 8 26 320
26 49 27 38 -1 27 0 0.00 0.0 M 7.1 20 180 M M 7 31 260
27 43 32 38 -1 27 0 0.00 0.0 M 5.9 14 320 M M 7 24 320
28 41 31 36 -3 29 0 0.00 0.0 M 4.7 10 350 M M 7 16 350
29 50 29 40 1 25 0 0.00 0.0 M 3.9 10 280 M M 3 17 270
30 59 22 41 2 24 0 0.00 0.0 M 1.8 8 210 M M 0 11 290
31 41 29 35 -4 30 0 0.00 0.0 M 8.5 17 20 M M 5 25 10
================================================================================
SM 1745 1054 607 0 2.39 0.0 165.7 M 123
================================================================================
AV 56.3 34.0 5.3 FASTST M M 4 MAX(MPH)
MISC ----> 26 180 39 170
================================================================================
NOTES:
# LAST OF SEVERAL OCCURRENCES
COLUMN 17 PEAK WIND IN M.P.H.
PRELIMINARY LOCAL CLIMATOLOGICAL DATA (WS FORM: F-6) , PAGE 2
STATION: TULSA-RIVERSIDE OKLAHOMA
MONTH: DECEMBER
YEAR: 2023
LATITUDE: 36 2 N
LONGITUDE: 95 59 W
[TEMPERATURE DATA] [PRECIPITATION DATA] SYMBOLS USED IN COLUMN 16
AVERAGE MONTHLY: 45.1 TOTAL FOR MONTH: 2.39 1 = FOG OR MIST
DPTR FM NORMAL: 3.9 DPTR FM NORMAL: -0.12 2 = FOG REDUCING VISIBILITY
HIGHEST: 73 ON 8 GRTST 24HR 1.48 ON 24-24 TO 1/4 MILE OR LESS
LOWEST: 22 ON 30 3 = THUNDER
SNOW, ICE PELLETS, HAIL 4 = ICE PELLETS
TOTAL MONTH: 0.0 INCH 5 = HAIL
GRTST 24HR 0.0 6 = FREEZING RAIN OR DRIZZLE
GRTST DEPTH: M ON M 7 = DUSTSTORM OR SANDSTORM:
VSBY 1/2 MILE OR LESS
8 = SMOKE OR HAZE
[NO. OF DAYS WITH] [WEATHER - DAYS WITH] 9 = BLOWING SNOW
X = TORNADO
MAX 32 OR BELOW: 0 0.01 INCH OR MORE: 4
MAX 90 OR ABOVE: 0 0.10 INCH OR MORE: 3
MIN 32 OR BELOW: 20 0.50 INCH OR MORE: 2
MIN 0 OR BELOW: 0 1.00 INCH OR MORE: 1
[HDD (BASE 65) ]
TOTAL THIS MO. 607 CLEAR (SCALE 0-3) 16
DPTR FM NORMAL -130 PTCLDY (SCALE 4-7) 9
TOTAL FM JUL 1 1192 CLOUDY (SCALE 8-10) 6
DPTR FM NORMAL -151
[CDD (BASE 65) ]
TOTAL THIS MO. 0
DPTR FM NORMAL 0 [PRESSURE DATA]
TOTAL FM JAN 1 2239 HIGHEST SLP 30.61 ON 13
DPTR FM NORMAL 94 LOWEST SLP 29.57 ON 8
[REMARKS]
#FINAL-12-23#