000
CXUS53 KMPX 022051
CF6RWF
PRELIMINARY LOCAL CLIMATOLOGICAL DATA (WS FORM: F-6)
STATION: REDWOOD FALLS MN
MONTH: JANUARY
YEAR: 2022
LATITUDE: 44 32 N
LONGITUDE: 95 5 W
TEMPERATURE IN F: :PCPN: SNOW: WIND :SUNSHINE: SKY :PK WND
================================================================================
1 2 3 4 5 6A 6B 7 8 9 10 11 12 13 14 15 16 17 18
12Z AVG MX 2MIN
DY MAX MIN AVG DEP HDD CDD WTR SNW DPTH SPD SPD DIR MIN PSBL S-S WX SPD DR
================================================================================
1 -8 -14 -11 -27 76 0 0.02 M M 8.8 17 340 M M 1 26 340
2 13 -14 0 -15 65 0 0.00 M M 6.1 14 170 M M 0 18 170
3 33 8 21 6 44 0 0.00 M M 6.5 13 220 M M 0 16 240
4 34 8 21 6 44 0 0.00 M M 11.8 32 300 M M 3 18 44 300
5 8 -8 0 -15 65 0 T M M 22.5 35 300 M M 10 18 52 320
6 -8 -16 -12 -27 77 0 T M M 12.6 23 320 M M 6 8 34 330
7 14 -17 -1 -16 66 0 0.00 M M 14.5 35 160 M M 4 46 170
8 30 2 16 1 49 0 0.00 M M 17.1 29 320 M M 2 46 300
9 9 -3 3 -12 62 0 0.00 M M 10.2 22 320 M M 2 34 320
10 10 -4 3 -11 62 0 0.00 M M 7.4 16 150 M M 1 21 150
11 42 7 25 11 40 0 0.00 M M 13.4 25 270 M M 0 35 280
12 42 28 35 21 30 0 0.00 M M 4.4 12 310 M M 2 1 17 250
13 30 24 27 13 38 0 0.00 M M 8.2 18 330 M M 6 1 29 350
14 26 7 17 3 48 0 0.18 M M 10.1 18 60 M M 9 12 31 60
15 7 -11 -2 -16 67 0 0.40 M M 6.7 15 180 M M 0 1 20 150
16 37 6 22 8 43 0 0.00 M M 13.8 28 320 M M 5 39 340
17 34 18 26 12 39 0 0.00 M M 6.8 15 160 M M 7 1 21 340
18 42 5 24 10 41 0 0.00 M M 17.3 35 320 M M 4 1 51 310
19 5 -9 -2 -16 67 0 0.00 M M 17.4 28 320 M M 2 42 330
20 -1 -15 -8 -22 73 0 0.00 M M 7.1 13 160 M M 0 18 300
21 31 -7 12 -2 53 0 0.00 M M 16.7 28 180 M M 4 1 37 190
22 28 4 16 2 49 0 0.02 M M 11.1 25 300 M M 6 12 39 310
23 23 -14 5 -9 60 0 0.27 M M 9.1 16 160 M M 6 1 21 150
24 29 -10 10 -4 55 0 0.09 M M 12.8 20 320 M M 4 1 31 350
25 -3 -16 -9 -23 74 0 0.00 M M 9.5 18 290 M M 0 22 290
26 37 -20 9 -5 56 0 0.00 M M 13.9 25 200 M M 2 33 210
27 36 -6 15 1 50 0 0.00 M M 13.3 23 310 M M 6 1 33 340
28 18 -14 2 -13 63 0 0.00 M M 6.1 13 220 M M 3 1 15 210
29 33 3 18 3 47 0 0.00 M M 11.8 24 320 M M 1 37 310
30 16 9 13 -2 52 0 0.00 M M 8.8 16 330 M M 5 27 330
31 39 9 24 9 41 0 0.00 M M 13.3 26 270 M M 0 18 40 270
================================================================================
SM 686 -60 1696 0 0.98 M 349.1 M 101
================================================================================
AV 22.1 -1.9 11.3 FASTST M M 3 MAX(MPH)
MISC ----> # 35 300 52 320
================================================================================
NOTES:
# LAST OF SEVERAL OCCURRENCES
COLUMN 17 PEAK WIND IN M.P.H.
PRELIMINARY LOCAL CLIMATOLOGICAL DATA (WS FORM: F-6) , PAGE 2
STATION: REDWOOD FALLS MN
MONTH: JANUARY
YEAR: 2022
LATITUDE: 44 32 N
LONGITUDE: 95 5 W
[TEMPERATURE DATA] [PRECIPITATION DATA] SYMBOLS USED IN COLUMN 16
AVERAGE MONTHLY: 10.1 TOTAL FOR MONTH: 0.98 1 = FOG OR MIST
DPTR FM NORMAL: -4.5 DPTR FM NORMAL: 0.40 2 = FOG REDUCING VISIBILITY
HIGHEST: 42 ON 18,12 GRTST 24HR 0.40 ON 15-15 TO 1/4 MILE OR LESS
LOWEST: -20 ON 26 3 = THUNDER
SNOW, ICE PELLETS, HAIL 4 = ICE PELLETS
TOTAL MONTH: M 5 = HAIL
GRTST 24HR M ON M 6 = FREEZING RAIN OR DRIZZLE
GRTST DEPTH: M ON M 7 = DUSTSTORM OR SANDSTORM:
VSBY 1/2 MILE OR LESS
8 = SMOKE OR HAZE
[NO. OF DAYS WITH] [WEATHER - DAYS WITH] 9 = BLOWING SNOW
X = TORNADO
MAX 32 OR BELOW: 20 0.01 INCH OR MORE: 6
MAX 90 OR ABOVE: 0 0.10 INCH OR MORE: 3
MIN 32 OR BELOW: 31 0.50 INCH OR MORE: 0
MIN 0 OR BELOW: 17 1.00 INCH OR MORE: 0
[HDD (BASE 65) ]
TOTAL THIS MO. 1696 CLEAR (SCALE 0-3) 17
DPTR FM NORMAL 132 PTCLDY (SCALE 4-7) 12
TOTAL FM JUL 1 4273 CLOUDY (SCALE 8-10) 2
DPTR FM NORMAL -348
[CDD (BASE 65) ]
TOTAL THIS MO. 0
DPTR FM NORMAL 0 [PRESSURE DATA]
TOTAL FM JAN 1 0 HIGHEST SLP 30.81 ON 20
DPTR FM NORMAL 0 LOWEST SLP 29.43 ON 4
[REMARKS]
#FINAL-01-22#
THE PRECIPITATION DATA IS FROM THE REDWOOD FALLS COOP STATION WITH AN OBSERVATION TIME OF 7 AM,
WITH THE EXCEPTION OF THE 14TH AND 15TH WHEN THE PRECIPITATION DATA IS FROM COCORAHS STATION MN-RW-14.