000
CXUS55 KCYS 111124 CCA
CF6RWL
PRELIMINARY LOCAL CLIMATOLOGICAL DATA (WS FORM: F-6)...CORRECTED
STATION: RAWLINS WYOMING AIRPORT
MONTH: MAY
YEAR: 2023
LATITUDE: 41 47 N
LONGITUDE: 107 12 W
TEMPERATURE IN F: :PCPN: SNOW: WIND :SUNSHINE: SKY :PK WND
================================================================================
1 2 3 4 5 6A 6B 7 8 9 10 11 12 13 14 15 16 17 18
12Z AVG MX 2MIN
DY MAX MIN AVG DEP HDD CDD WTR SNW DPTH SPD SPD DIR MIN PSBL S-S WX SPD DR
================================================================================
1 75 33 54 10 11 0 0.00 M M 7.9 23 40 M M 0 32 40
2 73 40 57 12 8 0 0.00 M M 9.8 33 90 M M 2 48 80
3 71 39 55 10 10 0 0.00 M M 5.2 17 270 M M 0 26 240
4 61 40 51 6 14 0 0.00 M M 9.2 31 230 M M 2 39 240
5 64 33 49 3 16 0 0.00 M M 13.2 31 200 M M 1 44 220
6 57 32 45 -1 20 0 0.00 M M 14.3 31 230 M M 5 1 42 230
7 57 35 46 0 19 0 0.00 M M 11.9 29 250 M M 5 40 260
8 63 32 48 1 17 0 0.00 M M 9.7 29 280 M M 4 38 280
9 69 36 53 6 12 0 T M M 7.5 28 200 M M 2 39 200
10 73 37 55 7 10 0 T M M 12.5 35 70 M M 2 3 44 70
11 52 42 47 -1 18 0 0.08 M M 13.9 25 320 M M 10 1 32 330
12 55 38 47 -1 18 0 0.02 M M 9.4 20 330 M M 10 1 27 330
13 55 42 49 0 16 0 0.06 M M 13.9 30 40 M M 8 1 38 40
14 67 42 55 6 10 0 0.00 M M 17.6 29 80 M M 7 39 80
15 71 41 56 6 9 0 T M M 12.2 32 240 M M 2 41 240
16 73 43 58 8 7 0 0.00 M M 11.3 24 270 M M 2 37 240
17 72 43 58 8 7 0 0.00 M M 10.3 29 360 M M 4 41 260
18 61 44 53 2 12 0 0.04 M M 9.0 25 350 M M 6 3 32 320
19 68 38 53 2 12 0 0.00 M M 8.8 16 30 M M 0 18 21 50
20 74 37 56 5 9 0 0.00 M M 5.9 17 70 M M 0 18 26 30
21 75 37 56 4 9 0 0.00 M M 6.3 15 90 M M 1 22 80
22 76 39 58 6 7 0 T M M 8.9 32 240 M M 3 3 46 240
23 76 44 60 8 5 0 T M M 7.5 31 170 M M 2 43 180
24 72 47 60 7 5 0 0.02 M M 11.8 28 130 M M 6 3 37 130
25 77 42 60 7 5 0 0.01 M M 9.1 24 300 M M 2 30 290
26 79 41 60 6 5 0 T M M 10.2 35 290 M M 1 47 270
27 72 38 55 1 10 0 T M M 10.2 36 230 M M 1 3 49 220
28 72 39 56 2 9 0 T M M 11.6 35 200 M M 1 43 210
29 71 39 55 1 10 0 0.01 M M 12.8 37 240 M M 2 3 49 230
30 77 40 59 4 6 0 T M M 8.3 35 270 M M 1 50 260
31 77 37 57 2 8 0 T M M 5.5 28 120 M M 2 36 120
================================================================================
SM 2135 1210 334 0 0.24 M 315.7 M 94
================================================================================
AV 68.9 39.0 10.2 FASTST M M 3 MAX(MPH)
MISC ----> 37 240 50 260
================================================================================
NOTES:
# LAST OF SEVERAL OCCURRENCES
COLUMN 17 PEAK WIND IN M.P.H.
PRELIMINARY LOCAL CLIMATOLOGICAL DATA (WS FORM: F-6) , PAGE 2
STATION: RAWLINS WYOMING AIRPORT
MONTH: MAY
YEAR: 2023
LATITUDE: 41 47 N
LONGITUDE: 107 12 W
[TEMPERATURE DATA] [PRECIPITATION DATA] SYMBOLS USED IN COLUMN 16
AVERAGE MONTHLY: 54.0 TOTAL FOR MONTH: 0.24 1 = FOG OR MIST
DPTR FM NORMAL: 4.2 DPTR FM NORMAL: -1.22 2 = FOG REDUCING VISIBILITY
HIGHEST: 79 ON 26 GRTST 24HR 7.31 ON 5- 6 TO 1/4 MILE OR LESS
LOWEST: 32 ON 8, 6 3 = THUNDER
SNOW, ICE PELLETS, HAIL 4 = ICE PELLETS
TOTAL MONTH: M 5 = HAIL
GRTST 24HR M ON M 6 = FREEZING RAIN OR DRIZZLE
GRTST DEPTH: M ON M 7 = DUSTSTORM OR SANDSTORM:
VSBY 1/2 MILE OR LESS
8 = SMOKE OR HAZE
[NO. OF DAYS WITH] [WEATHER - DAYS WITH] 9 = BLOWING SNOW
X = TORNADO
MAX 32 OR BELOW: 0 0.01 INCH OR MORE: 7
MAX 90 OR ABOVE: 0 0.10 INCH OR MORE: 0
MIN 32 OR BELOW: 2 0.50 INCH OR MORE: 0
MIN 0 OR BELOW: 0 1.00 INCH OR MORE: 0
[HDD (BASE 65) ]
TOTAL THIS MO. 334 CLEAR (SCALE 0-3) 21
DPTR FM NORMAL -136 PTCLDY (SCALE 4-7) 7
TOTAL FM JUL 1 8455 CLOUDY (SCALE 8-10) 3
DPTR FM NORMAL 462
[CDD (BASE 65) ]
TOTAL THIS MO. 0
DPTR FM NORMAL -1 [PRESSURE DATA]
TOTAL FM JAN 1 0 HIGHEST SLP 30.37 ON 14
DPTR FM NORMAL -1 LOWEST SLP 29.60 ON 10
[REMARKS]
COOP BACKUP USED FOR PRECIPITATION ON MAY 1 THROUGH MAY 8
DUE TO ASOS ERRORS.
MAY 2023 WAS 6TH WARMEST WITH AN AVERAGE TEMPERATURE OF 54 DEGREES
MAY 2023 WAS 4TH DRIEST WITH 0.24 INCH OF PRECIPITATION
#FINAL-05-23#