000
CXUS55 KCYS 031139 CCA
CF6RWL
PRELIMINARY LOCAL CLIMATOLOGICAL DATA (WS FORM: F-6)...CORRECTED
STATION: RAWLINS WYOMING AIRPORT
MONTH: MAY
YEAR: 2022
LATITUDE: 41 47 N
LONGITUDE: 107 12 W
TEMPERATURE IN F: :PCPN: SNOW: WIND :SUNSHINE: SKY :PK WND
================================================================================
1 2 3 4 5 6A 6B 7 8 9 10 11 12 13 14 15 16 17 18
12Z AVG MX 2MIN
DY MAX MIN AVG DEP HDD CDD WTR SNW DPTH SPD SPD DIR MIN PSBL S-S WX SPD DR
================================================================================
1 61 31 46 2 19 0 0.00 M M 12.8 28 110 M M 4 38 110
2 57 36 47 2 18 0 T M M 10.5 20 50 M M 6 28 40
3 58 26 42 -3 23 0 0.14 M M 11.7 31 290 M M 4 12 40 290
4 48 34 41 -4 24 0 0.02 M M 9.6 17 240 M M 10 1 22 250
5 64 37 51 5 14 0 0.00 M M 13.8 28 240 M M 2 39 220
6 70 45 58 12 7 0 0.00 M M 19.7 40 250 M M 1 54 250
7 60 35 48 2 17 0 T M M 14.0 35 260 M M 6 52 220
8 60 33 47 0 18 0 0.14 M M 9.7 28 220 M M 8 1 37 210
9 45 24 35 -12 30 0 0.02 M M 16.8 33 250 M M 6 1 49 250
10 67 22 45 -3 20 0 0.00 M M 10.2 37 210 M M 1 51 200
11 75 32 54 6 11 0 0.00 M M 11.4 37 200 M M 0 50 210
12 53 41 47 -1 18 0 T M M 22.9 46 240 M M 3 60 240
13 61 36 49 0 16 0 0.00 M M 25.6 39 240 M M 2 57 270
14 70 41 56 7 9 0 0.00 M M 19.5 37 240 M M 1 50 240
15 75 40 58 8 7 0 0.00 M M 10.1 23 270 M M 0 35 270
16 80 36 58 8 7 0 T M M 7.7 35 330 M M 0 57 280
17 72 39 56 6 9 0 T M M 13.1 29 260 M M 2 39 260
18 74 39 57 6 8 0 T M M 16.8 33 270 M M 0 47 260
19 72 33 53 2 12 0 0.06 M M 25.8 48 240 M M 4 1 65 240
20 43 25 34 -17 31 0 0.10 M M 12.5 24 10 M M 8 128 31 340
21 50 18 34 -18 31 0 0.00 M M 6.5 14 90 M M 2 21 70
22 57 25 41 -11 24 0 0.00 M M 7.6 20 220 M M 3 27 260
23 53 31 42 -10 23 0 0.02 M M 8.7 28 250 M M 7 1 41 240
24 55 29 42 -11 23 0 0.03 M M 6.6 23 350 M M 4 33 360
25 70 24 47 -6 18 0 0.00 M M 9.4 24 290 M M 0 34 280
26 78 44 61 7 4 0 0.00 M M 10.4 23 300 M M 0 34 320
27 80 47 64 10 1 0 T M M 14.7 33 250 M M 1 48 300
28 74 40 57 3 8 0 T M M 14.0 37 230 M M 3 51 250
29 54 36 45 -9 20 0 0.07 M M 10.9 24 280 M M 6 1 35 320
30 54 36 45 -10 20 0 0.02 M M 16.8 29 270 M M 6 1 39 270
31 50 33 42 -13 23 0 0.35 M M 8.6 18 40 M M 9 1 24 40
================================================================================
SM 1940 1048 513 0 0.97 M 408.4 M 109
================================================================================
AV 62.6 33.8 13.2 FASTST M M 4 MAX(MPH)
MISC ----> 48 240 65 240
================================================================================
NOTES:
# LAST OF SEVERAL OCCURRENCES
COLUMN 17 PEAK WIND IN M.P.H.
PRELIMINARY LOCAL CLIMATOLOGICAL DATA (WS FORM: F-6) , PAGE 2
STATION: RAWLINS WYOMING AIRPORT
MONTH: MAY
YEAR: 2022
LATITUDE: 41 47 N
LONGITUDE: 107 12 W
[TEMPERATURE DATA] [PRECIPITATION DATA] SYMBOLS USED IN COLUMN 16
AVERAGE MONTHLY: 48.2 TOTAL FOR MONTH: 0.97 1 = FOG OR MIST
DPTR FM NORMAL: -1.6 DPTR FM NORMAL: -0.49 2 = FOG REDUCING VISIBILITY
HIGHEST: 80 ON 27,16 GRTST 24HR 0.37 ON 30-31 TO 1/4 MILE OR LESS
LOWEST: 18 ON 21 3 = THUNDER
SNOW, ICE PELLETS, HAIL 4 = ICE PELLETS
TOTAL MONTH: M 5 = HAIL
GRTST 24HR M ON M 6 = FREEZING RAIN OR DRIZZLE
GRTST DEPTH: M ON M 7 = DUSTSTORM OR SANDSTORM:
VSBY 1/2 MILE OR LESS
8 = SMOKE OR HAZE
[NO. OF DAYS WITH] [WEATHER - DAYS WITH] 9 = BLOWING SNOW
X = TORNADO
MAX 32 OR BELOW: 0 0.01 INCH OR MORE: 11
MAX 90 OR ABOVE: 0 0.10 INCH OR MORE: 4
MIN 32 OR BELOW: 11 0.50 INCH OR MORE: 0
MIN 0 OR BELOW: 0 1.00 INCH OR MORE: 0
[HDD (BASE 65) ]
TOTAL THIS MO. 513 CLEAR (SCALE 0-3) 16
DPTR FM NORMAL 43 PTCLDY (SCALE 4-7) 13
TOTAL FM JUL 1 7492 CLOUDY (SCALE 8-10) 2
DPTR FM NORMAL -501
[CDD (BASE 65) ]
TOTAL THIS MO. 0
DPTR FM NORMAL -1 [PRESSURE DATA]
TOTAL FM JAN 1 0 HIGHEST SLP 30.26 ON 21
DPTR FM NORMAL -1 LOWEST SLP 29.28 ON 19
[REMARKS]
MAY 20...RECORD LOW HIGH 43 DEGREES (PREVIOUS 44 DEGREES IN 1975)
MAY 21...RECORD LOW 18 DEGREES (PREVIOUS 19 DEGREES IN 2001)
MAY 22...RECORD LOW 25 DEGREES (PREVIOUS 28 DEGREES IN 2019)
MAY 25...RECORD LOW 24 DEGREES (PREVIOUS 29 DEGREES IN 1986)
#FINAL-05-22#