000
CXUS56 KSTO 011300
CF6SAC
PRELIMINARY LOCAL CLIMATOLOGICAL DATA (WS FORM: F-6)
STATION: SACRAMENTO EXEC AP
MONTH: MARCH
YEAR: 2024
LATITUDE: 38 31 N
LONGITUDE: 121 30 W
TEMPERATURE IN F: :PCPN: SNOW: WIND :SUNSHINE: SKY :PK WND
================================================================================
1 2 3 4 5 6A 6B 7 8 9 10 11 12 13 14 15 16 17 18
12Z AVG MX 2MIN
DY MAX MIN AVG DEP HDD CDD WTR SNW DPTH SPD SPD DIR MIN PSBL S-S WX SPD DR
================================================================================
1 59 50 55 1 10 0 0.54 M M 10.7 23 210 M M 9 1 35 210
2 53 43 48 -6 17 0 0.19 M M 9.6 23 210 M M 8 1 31 190
3 55 42 49 -5 16 0 0.11 M M 8.1 20 220 M M 7 1 27 220
4 56 40 48 -6 17 0 0.00 M M 3.7 8 120 M M 5 11 170
5 61 44 53 -1 12 0 0.00 M M 6.0 14 240 M M 8 20 170
6 62 46 54 0 11 0 0.00 M M 1.8 8 270 M M 3 12 290
7 63 42 53 -1 12 0 T M M 6.4 16 340 M M 2 1 22 290
8 66 42 54 -1 11 0 0.00 M M 3.8 13 320 M M 0 17 320
9 62 45 54 -1 11 0 0.00 M M 6.0 13 220 M M 2 20 230
10 62 47 55 0 10 0 T 0.0 M 6.0 15 230 M M 6 20 240
11 61 49 55 0 10 0 0.03 0.0 M 6.0 16 210 M M 8 22 240
12 63 46 55 0 10 0 0.14 M M 5.0 12 170 M M 6 18 17 200
13 65 42 54 -1 11 0 0.00 M M 11.6 26 340 M M 0 1 37 330
14 68 48 58 3 7 0 0.00 M M 17.3 26 330 M M 0 38 340
15 73 51 62 7 3 0 0.00 M M 14.3 29 350 M M 0 38 360
16 73 43 58 3 7 0 0.00 M M 4.0 12 310 M M 0 15 320
17 73 46 60 4 5 0 0.00 M M 3.6 10 220 M M 0 14 210
18 74 46 60 4 5 0 0.00 M M 2.3 8 270 M M 0 11 280
19 73 50 62 6 3 0 0.00 M M 5.1 12 220 M M 0 22 200
20 73 46 60 4 5 0 0.00 M M 6.4 14 220 M M 0 19 220
21 68 47 58 2 7 0 0.00 M M 5.6 14 230 M M 0 20 230
22 67 50 59 3 6 0 0.10 M M 7.4 21 240 M M 4 27 240
23 60 49 55 -1 10 0 0.15 M M 7.8 20 250 M M 7 13 29 190
24 65 46 56 0 9 0 0.04 M M 4.1 15 300 M M 3 24 300
25 63 43 53 -3 12 0 0.00 M M 7.1 16 220 M M 1 23 220
26 66 45 56 0 9 0 0.00 0.0 M 6.0 14 230 M M 1 22 200
27 60 47 54 -2 11 0 0.16 0.0 M 6.8 13 170 M M 8 1 20 180
28 62 47 55 -2 10 0 0.00 0.0 M 7.2 16 230 M M 3 22 250
29 56 46 51 -6 14 0 0.10 M M 9.7 23 110 M M 6 38 120
30 62 46 54 -3 11 0 0.06 M M 6.1 16 40 M M 5 23 40
31 66 47 57 0 8 0 T 0.0 M 2.6 13 340 M M 5 17 330
================================================================================
SM 1990 1421 300 0 1.62 0.0 208.1 M 107
================================================================================
AV 64.2 45.8 6.7 FASTST M M 3 MAX(MPH)
MISC ----> 29 350 # 38 360
================================================================================
NOTES:
# LAST OF SEVERAL OCCURRENCES
COLUMN 17 PEAK WIND IN M.P.H.
PRELIMINARY LOCAL CLIMATOLOGICAL DATA (WS FORM: F-6) , PAGE 2
STATION: SACRAMENTO EXEC AP
MONTH: MARCH
YEAR: 2024
LATITUDE: 38 31 N
LONGITUDE: 121 30 W
[TEMPERATURE DATA] [PRECIPITATION DATA] SYMBOLS USED IN COLUMN 16
AVERAGE MONTHLY: 55.0 TOTAL FOR MONTH: 1.62 1 = FOG OR MIST
DPTR FM NORMAL: -0.4 DPTR FM NORMAL: -1.06 2 = FOG REDUCING VISIBILITY
HIGHEST: 74 ON 18 GRTST 24HR 0.54 ON 1- 1 TO 1/4 MILE OR LESS
LOWEST: 40 ON 4 3 = THUNDER
SNOW, ICE PELLETS, HAIL 4 = ICE PELLETS
TOTAL MONTH: 0.0 INCH 5 = HAIL
GRTST 24HR 0.0 6 = FREEZING RAIN OR DRIZZLE
GRTST DEPTH: M ON M 7 = DUSTSTORM OR SANDSTORM:
VSBY 1/2 MILE OR LESS
8 = SMOKE OR HAZE
[NO. OF DAYS WITH] [WEATHER - DAYS WITH] 9 = BLOWING SNOW
X = TORNADO
MAX 32 OR BELOW: 0 0.01 INCH OR MORE: 11
MAX 90 OR ABOVE: 0 0.10 INCH OR MORE: 8
MIN 32 OR BELOW: 0 0.50 INCH OR MORE: 1
MIN 0 OR BELOW: 0 1.00 INCH OR MORE: 0
[HDD (BASE 65) ]
TOTAL THIS MO. 300 CLEAR (SCALE 0-3) 15
DPTR FM NORMAL 2 PTCLDY (SCALE 4-7) 15
TOTAL FM JUL 1 1868 CLOUDY (SCALE 8-10) 1
DPTR FM NORMAL -318
[CDD (BASE 65) ]
TOTAL THIS MO. 0
DPTR FM NORMAL -1 [PRESSURE DATA]
TOTAL FM JAN 1 0 HIGHEST SLP 30.23 ON 13
DPTR FM NORMAL -1 LOWEST SLP 29.61 ON 29
[REMARKS]
#FINAL-03-24#