000
CXUS56 KSTO 090547
CF6SAC
PRELIMINARY LOCAL CLIMATOLOGICAL DATA (WS FORM: F-6)
STATION: SACRAMENTO EXEC. AIRPORT CA
MONTH: MARCH
YEAR: 2022
LATITUDE: 38 31 N
LONGITUDE: 121 30 W
TEMPERATURE IN F: :PCPN: SNOW: WIND :SUNSHINE: SKY :PK WND
================================================================================
1 2 3 4 5 6A 6B 7 8 9 10 11 12 13 14 15 16 17 18
12Z AVG MX 2MIN
DY MAX MIN AVG DEP HDD CDD WTR SNW DPTH SPD SPD DIR MIN PSBL S-S WX SPD DR
================================================================================
1 76 43 60 6 5 0 0.00 0.0 M 3.6 9 200 M M 0 13 190
2 74 43 59 5 6 0 0.00 0.0 M 4.3 12 220 M M 0 17 150
3 65 45 55 1 10 0 0.00 0.0 M 5.3 17 320 M M 1 21 310
4 65 44 55 1 10 0 T M M 8.7 30 240 M M 5 37 230
5 56 36 46 -8 19 0 0.00 0.0 M 3.5 13 350 M M 5 20 340
6 63 33 48 -6 17 0 0.00 0.0 M 2.8 14 330 M M 0 1 16 290
7 70 39 55 1 10 0 0.00 M M 12.2 26 350 M M 0 39 330
8 73 36 55 0 10 0 0.00 0.0 M 2.9 9 160 M M 0 14 10
9 71 37 54 -1 11 0 0.00 M M 3.8 18 360 M M 0 22 10
10 68 43 56 1 9 0 0.00 M M 13.9 26 330 M M 0 35 330
11 70 34 52 -3 13 0 0.00 M M 3.1 10 200 M M 0 13 310
12 71 37 54 -1 11 0 0.00 M M 6.3 17 230 M M 1 24 240
13 66 47 57 2 8 0 0.00 M M 5.2 14 230 M M 3 M M
14 71 41 56 1 9 0 0.00 M M 3.5 14 220 M M 0 19 220
15 70 50 60 5 5 0 0.27 M M 5.4 13 220 M M 6 1 21 160
16 73 44 59 4 6 0 0.00 M M 5.6 14 350 M M 0 16 99
17 72 45 59 3 6 0 0.00 0.0 M 6.0 13 210 M M 0 22 150
18 73 42 58 2 7 0 0.00 0.0 M 3.4 10 210 M M 0 1 16 110
19 63 48 56 0 9 0 T 0.0 M 6.7 18 230 M M 6 23 220
20 71 46 59 3 6 0 0.00 M M 12.1 21 330 M M 0 31 310
21 81 43 62 6 3 0 0.00 M M 10.3 20 330 M M 0 32 320
22 84 56 70 14 0 5 0.00 0.0 M 5.6 16 340 M M 0 21 340
23 81 52 67 11 0 2 0.00 0.0 M 4.9 10 220 M M 0 13 200
24 82 48 65 9 0 0 0.00 0.0 M 4.0 12 210 M M 0 18 200
25 77 48 63 7 2 0 0.00 0.0 M 5.4 10 200 M M 0 16 200
26 79 47 63 7 2 0 0.00 0.0 M 6.1 15 210 M M 0 21 200
27 68 52 60 4 5 0 0.15 0.0 M 8.0 15 260 M M 1 1 21 260
28 61 47 54 -3 11 0 0.96 M M 3.7 21 100 M M 7 13 26 110
29 70 42 56 -1 9 0 0.00 M M 4.6 16 220 M M 4 128 21 210
30 62 51 57 0 8 0 0.00 0.0 M 6.7 15 220 M M 8 20 220
31 72 46 59 2 6 0 0.00 0.0 M 3.9 14 320 M M 2 12 18 340
================================================================================
SM 2198 1365 233 7 1.38 0.0 181.5 M 49
================================================================================
AV 70.9 44.0 5.9 FASTST M M 2 MAX(MPH)
MISC ----> 30 240 39 330
================================================================================
NOTES:
# LAST OF SEVERAL OCCURRENCES
COLUMN 17 PEAK WIND IN M.P.H.
PRELIMINARY LOCAL CLIMATOLOGICAL DATA (WS FORM: F-6) , PAGE 2
STATION: SACRAMENTO EXEC. AIRPORT CA
MONTH: MARCH
YEAR: 2022
LATITUDE: 38 31 N
LONGITUDE: 121 30 W
[TEMPERATURE DATA] [PRECIPITATION DATA] SYMBOLS USED IN COLUMN 16
AVERAGE MONTHLY: 57.5 TOTAL FOR MONTH: 1.38 1 = FOG OR MIST
DPTR FM NORMAL: 2.1 DPTR FM NORMAL: -1.30 2 = FOG REDUCING VISIBILITY
HIGHEST: 84 ON 22 GRTST 24HR 1.11 ON 27-28 TO 1/4 MILE OR LESS
LOWEST: 33 ON 6 3 = THUNDER
SNOW, ICE PELLETS, HAIL 4 = ICE PELLETS
TOTAL MONTH: 0.0 INCH 5 = HAIL
GRTST 24HR 0.0 6 = FREEZING RAIN OR DRIZZLE
GRTST DEPTH: M ON M 7 = DUSTSTORM OR SANDSTORM:
VSBY 1/2 MILE OR LESS
8 = SMOKE OR HAZE
[NO. OF DAYS WITH] [WEATHER - DAYS WITH] 9 = BLOWING SNOW
X = TORNADO
MAX 32 OR BELOW: 0 0.01 INCH OR MORE: 3
MAX 90 OR ABOVE: 0 0.10 INCH OR MORE: 3
MIN 32 OR BELOW: 0 0.50 INCH OR MORE: 1
MIN 0 OR BELOW: 0 1.00 INCH OR MORE: 0
[HDD (BASE 65) ]
TOTAL THIS MO. 233 CLEAR (SCALE 0-3) 24
DPTR FM NORMAL -65 PTCLDY (SCALE 4-7) 7
TOTAL FM JUL 1 2157 CLOUDY (SCALE 8-10) 0
DPTR FM NORMAL -29
[CDD (BASE 65) ]
TOTAL THIS MO. 7
DPTR FM NORMAL 6 [PRESSURE DATA]
TOTAL FM JAN 1 7 HIGHEST SLP 30.36 ON 7
DPTR FM NORMAL 6 LOWEST SLP 29.63 ON 27
[REMARKS]
#FINAL-03-22#