000
CXUS56 KSTO 011400
CF6SAC
PRELIMINARY LOCAL CLIMATOLOGICAL DATA (WS FORM: F-6)
STATION: SACRAMENTO EXEC AP
MONTH: DECEMBER
YEAR: 2023
LATITUDE: 38 31 N
LONGITUDE: 121 30 W
TEMPERATURE IN F: :PCPN: SNOW: WIND :SUNSHINE: SKY :PK WND
================================================================================
1 2 3 4 5 6A 6B 7 8 9 10 11 12 13 14 15 16 17 18
12Z AVG MX 2MIN
DY MAX MIN AVG DEP HDD CDD WTR SNW DPTH SPD SPD DIR MIN PSBL S-S WX SPD DR
================================================================================
1 62 36 49 0 16 0 0.02 M M 3.1 10 180 M M 3 18 16 160
2 60 52 56 7 9 0 0.10 M M 5.9 12 150 M M 10 1 15 150
3 65 47 56 7 9 0 0.00 M M 4.0 10 210 M M 3 1 15 160
4 65 43 54 5 11 0 0.00 M M 1.0 9 290 M M 3 12 11 280
5 65 42 54 6 11 0 0.00 0.0 M 1.3 8 320 M M 0 1 10 310
6 61 41 51 3 14 0 0.48 0.0 M 4.9 14 200 M M 4 128 20 220
7 59 39 49 1 16 0 0.05 0.0 M 3.8 14 240 M M 6 12 17 240
8 58 39 49 1 16 0 0.00 M M 10.1 22 330 M M 2 12 29 330
9 57 32 45 -3 20 0 0.00 M M 1.2 10 340 M M 0 1 13 340
10 57 33 45 -3 20 0 0.00 M M 1.7 9 330 M M 0 1 11 330
11 61 32 47 0 18 0 0.00 M M 1.2 9 300 M M 0 1 10 300
12 62 34 48 1 17 0 0.00 M M 1.8 9 350 M M 1 12 12 340
13 62 33 48 1 17 0 0.00 M M 0.3 6 210 M M 0 1 9 160
14 59 33 46 -1 19 0 0.00 M M 3.5 9 330 M M 0 1 12 330
15 63 36 50 3 15 0 0.00 M M 3.0 9 350 M M 0 1 10 350
16 67 33 50 3 15 0 0.00 M M 2.3 9 320 M M 0 1 11 320
17 58 39 49 2 16 0 0.18 M M 3.6 16 70 M M 4 1 20 80
18 61 48 55 8 10 0 0.83 M M 6.5 21 140 M M 9 13 32 130
19 66 56 61 14 4 0 1.60 M M 7.8 17 220 M M 9 138 25 230
20 59 49 54 7 11 0 0.18 M M 4.9 14 270 M M 8 1 21 120
21 62 48 55 8 10 0 T M M 3.7 13 330 M M 3 12 15 330
22 65 45 55 8 10 0 0.00 M M 3.0 10 300 M M 5 128 13 320
23 58 40 49 3 16 0 0.00 M M 3.1 8 300 M M 3 12 11 330
24 58 37 48 2 17 0 0.00 M M 2.1 10 320 M M 4 12 13 320
25 59 38 49 3 16 0 0.00 M M 1.3 8 290 M M 0 1 10 310
26 58 42 50 4 15 0 0.00 M M 2.2 8 80 M M 0 1 9 40
27 58 41 50 4 15 0 0.31 M M 5.5 16 150 M M 6 128 24 150
28 64 48 56 10 9 0 0.00 M M 3.5 9 150 M M 6 18 14 150
29 66 48 57 11 8 0 0.72 M M 4.2 18 250 M M 6 12 23 250
30 61 49 55 9 10 0 0.22 M M 2.3 9 160 M M 8 1 13 160
31 57 50 54 8 11 0 T M M 3.6 13 340 M M 7 1 16 330
================================================================================
SM 1893 1283 421 0 4.69 0.0 106.4 M 110
================================================================================
AV 61.1 41.4 3.4 FASTST M M 4 MAX(MPH)
MISC ----> 22 330 32 130
================================================================================
NOTES:
# LAST OF SEVERAL OCCURRENCES
COLUMN 17 PEAK WIND IN M.P.H.
PRELIMINARY LOCAL CLIMATOLOGICAL DATA (WS FORM: F-6) , PAGE 2
STATION: SACRAMENTO EXEC AP
MONTH: DECEMBER
YEAR: 2023
LATITUDE: 38 31 N
LONGITUDE: 121 30 W
[TEMPERATURE DATA] [PRECIPITATION DATA] SYMBOLS USED IN COLUMN 16
AVERAGE MONTHLY: 51.2 TOTAL FOR MONTH: 4.69 1 = FOG OR MIST
DPTR FM NORMAL: 3.9 DPTR FM NORMAL: 1.26 2 = FOG REDUCING VISIBILITY
HIGHEST: 67 ON 16 GRTST 24HR 1.60 ON 19-19 TO 1/4 MILE OR LESS
LOWEST: 32 ON 11, 9 3 = THUNDER
SNOW, ICE PELLETS, HAIL 4 = ICE PELLETS
TOTAL MONTH: 0.0 INCH 5 = HAIL
GRTST 24HR 0.0 6 = FREEZING RAIN OR DRIZZLE
GRTST DEPTH: M ON M 7 = DUSTSTORM OR SANDSTORM:
VSBY 1/2 MILE OR LESS
8 = SMOKE OR HAZE
[NO. OF DAYS WITH] [WEATHER - DAYS WITH] 9 = BLOWING SNOW
X = TORNADO
MAX 32 OR BELOW: 0 0.01 INCH OR MORE: 11
MAX 90 OR ABOVE: 0 0.10 INCH OR MORE: 9
MIN 32 OR BELOW: 2 0.50 INCH OR MORE: 3
MIN 0 OR BELOW: 0 1.00 INCH OR MORE: 1
[HDD (BASE 65) ]
TOTAL THIS MO. 421 CLEAR (SCALE 0-3) 16
DPTR FM NORMAL -129 PTCLDY (SCALE 4-7) 11
TOTAL FM JUL 1 774 CLOUDY (SCALE 8-10) 4
DPTR FM NORMAL -189
[CDD (BASE 65) ]
TOTAL THIS MO. 0
DPTR FM NORMAL 0 [PRESSURE DATA]
TOTAL FM JAN 1 1317 HIGHEST SLP 30.39 ON 9
DPTR FM NORMAL 24 LOWEST SLP 29.70 ON 20
[REMARKS]
#FINAL-12-23#