000
CXUS56 KSTO 030458
CLMSAC
CLIMATE REPORT
NATIONAL WEATHER SERVICE SACRAMENTO
958 PM PDT THU NOV 02 2023
...................................
...THE SACRAMENTO EXEC AP CLIMATE SUMMARY FOR THE MONTH OF OCTOBER 2023...
CLIMATE NORMAL PERIOD: 1991 TO 2020
CLIMATE RECORD PERIOD: 1877 TO 2023
WEATHER OBSERVED NORMAL DEPART LAST YEAR`S
VALUE DATE(S) VALUE FROM VALUE DATE(S)
NORMAL
................................................................
TEMPERATURE (F)
RECORD
HIGH 104 10/02/2001
LOW 30 10/30/1935
HIGHEST 95 10/07 MM MM 97 10/07
LOWEST 37 10/27 MM MM 41 10/27
10/29
AVG. MAXIMUM 80.1 78.8 1.3 82.2
AVG. MINIMUM 51.2 50.3 0.9 51.3
MEAN 65.6 64.5 1.1 66.8
DAYS MAX >= 90 6 3.1 2.9 6
DAYS MAX >= 105 0 31
DAYS MAX >= 100 0 0
DAYS MAX <= 50 0 0
DAYS MIN <= 32 0 0.0 0.0 0
DAYS MIN >= 70 0 0
DAYS MIN <= 40 0 0
DAYS MIN <= 32 0 0
PRECIPITATION (INCHES)
RECORD
MAXIMUM 7.51 1962
MINIMUM 0.00 2022
TOTALS 0.60 0.85 -0.25 0.00
DAILY AVG. 0.02 0.03 -0.01 0.00
DAYS >= .01 2 3.1 -1.1 0
DAYS >= .10 2 1.8 0.2 0
DAYS >= .50 0 0.6 -0.6 0
DAYS >= 1.00 0 0.1 -0.1 0
DAYS >= %-5.2F 0 0
DAYS >= %-5.2F 0 0
GREATEST
24 HR. TOTAL 0.49 10/22 TO 10/22 0.00 09/30 TO 09/30
STORM TOTAL 0.49 0.00
(MM/DD(HH)) MM
DEGREE DAYS
HEATING TOTAL 66 79 -13 54
SINCE 7/1 68 85 -17 MM
COOLING TOTAL 92 65 27 118
SINCE 1/1 1316 1292 24 MM
FREEZE DATES
RECORD
EARLIEST MM
LATEST MM
EARLIEST MM
LATEST 02/22
................................................................
WIND (MPH)
AVERAGE WIND SPEED 4.0
HIGHEST WIND SPEED/DIRECTION 21/330 DATE 10/28
HIGHEST GUST SPEED/DIRECTION 28/340 DATE 10/28
SKY COVER
POSSIBLE SUNSHINE (PERCENT) MM
AVERAGE SKY COVER 0.10
NUMBER OF DAYS FAIR 28
NUMBER OF DAYS PC 2
NUMBER OF DAYS CLOUDY 1
AVERAGE RH (PERCENT) 60
WEATHER CONDITIONS. NUMBER OF DAYS WITH
THUNDERSTORM 0 MIXED PRECIP 0
HEAVY RAIN 1 RAIN 2
LIGHT RAIN 3 FREEZING RAIN 0
LT FREEZING RAIN 0 HAIL 0
HEAVY SNOW 0 SNOW 0
LIGHT SNOW 0 SLEET 0
FOG 7 FOG W/VIS <= 1/4 MILE 0
HAZE 2
- INDICATES NEGATIVE NUMBERS.
R INDICATES RECORD WAS SET OR TIED.
MM INDICATES DATA IS MISSING.
T INDICATES TRACE AMOUNT.
$$