000
CXUS56 KSGX 010949
CLMSAN
CLIMATE REPORT
NATIONAL WEATHER SERVICE SAN DIEGO, CA
249 AM PDT SAT JUL 01 2023
...................................
...THE SAN DIEGO INTL AIRPORT CA CLIMATE SUMMARY FOR THE MONTH OF JUNE 2023...
CLIMATE NORMAL PERIOD: 1991 TO 2020
CLIMATE RECORD PERIOD: 1874 TO 2023
WEATHER OBSERVED NORMAL DEPART LAST YEAR`S
VALUE DATE(S) VALUE FROM VALUE DATE(S)
NORMAL
................................................................
TEMPERATURE (F)
RECORD
HIGH 101 06/10/1979
LOW 50 06/14/1943
HIGHEST 73 06/20 72 1 77 06/20
06/21
06/30
06/24
06/28
LOWEST 58 06/08 62 -4 56 06/19
06/24
AVG. MAXIMUM 69.6 71.7 -2.1 71.0
AVG. MINIMUM 61.0 62.6 -1.6 61.8
MEAN 65.3 67.2 -1.9 66.4
DAYS MAX >= 90 0 0.1 -0.1 0
DAYS MAX <= 32 0 0.0 0.0 0
DAYS MAX >= 45 30 30
DAYS MIN <= 32 0 0.0 0.0 0
PRECIPITATION (INCHES)
RECORD
MAXIMUM 0.87 1990
MINIMUM 0.00 2014
TOTALS 0.03 0.05 -0.02 T
DAILY AVG. 0.00 0.00 -0.00 T
DAYS >= .01 1 0.7 0.3 0
DAYS >= .10 0 0.1 -0.1 0
DAYS >= .50 0 0.0 0.0 0
DAYS >= 1.00 0 0.0 0.0 0
DAYS >= %-5.2F 0 0
DAYS >= %-5.2F 0 0
GREATEST
24 HR. TOTAL 0.03 06/11 TO 06/11 T 06/22 TO 06/22
STORM TOTAL 0.03 0.00
(MM/DD(HH)) MM
DEGREE DAYS
HEATING TOTAL 8 10 -2 7
SINCE 7/1 1457 986 471 MM
COOLING TOTAL 25 75 -50 57
SINCE 1/1 33 153 -120 MM
FREEZE DATES
RECORD
EARLIEST MM
LATEST MM
EARLIEST MM
LATEST MM
................................................................
WIND (MPH)
AVERAGE WIND SPEED 6.2
RESULTANT WIND SPEED/DIRECTION 4/290
HIGHEST WIND SPEED/DIRECTION 17/290 DATE 06/17
17/290 06/23
17/270 06/24
HIGHEST GUST SPEED/DIRECTION 26/210 DATE 06/06
SKY COVER
POSSIBLE SUNSHINE (PERCENT) MM
AVERAGE SKY COVER 0.70
NUMBER OF DAYS FAIR 1
NUMBER OF DAYS PC 16
NUMBER OF DAYS CLOUDY 13
AVERAGE RH (PERCENT) 73
WEATHER CONDITIONS. NUMBER OF DAYS WITH
THUNDERSTORM 0 MIXED PRECIP 0
HEAVY RAIN 0 RAIN 0
LIGHT RAIN 5 FREEZING RAIN 0
LT FREEZING RAIN 0 HAIL 0
HEAVY SNOW 0 SNOW 0
LIGHT SNOW 0 SLEET 0
FOG 5 FOG W/VIS <= 1/4 MILE 0
HAZE 7
- INDICATES NEGATIVE NUMBERS.
R INDICATES RECORD WAS SET OR TIED.
MM INDICATES DATA IS MISSING.
T INDICATES TRACE AMOUNT.
$$