000
CXUS54 KEWX 011010
CF6SAT
PRELIMINARY LOCAL CLIMATOLOGICAL DATA (WS FORM: F-6)
STATION: SAN ANTONIO
MONTH: AUGUST
YEAR: 2021
LATITUDE: 29 31 N
LONGITUDE: 98 28 W
TEMPERATURE IN F: :PCPN: SNOW: WIND :SUNSHINE: SKY :PK WND
================================================================================
1 2 3 4 5 6A 6B 7 8 9 10 11 12 13 14 15 16 17 18
12Z AVG MX 2MIN
DY MAX MIN AVG DEP HDD CDD WTR SNW DPTH SPD SPD DIR MIN PSBL S-S WX SPD DR
================================================================================
1 97 76 87 1 0 22 T 0.0 0 6.4 28 320 M M 4 3 38 320
2 87 72 80 -6 0 15 0.37 0.0 0 4.7 20 270 M M 9 13 28 250
3 93 75 84 -2 0 19 0.00 0.0 0 5.1 13 40 M M 7 18 40
4 93 75 84 -2 0 19 0.00 0.0 0 6.5 15 100 M M 7 21 40
5 88 73 81 -5 0 16 0.26 0.0 0 6.0 15 230 M M 9 13 20 230
6 93 75 84 -2 0 19 0.00 0.0 0 7.8 21 160 M M 6 25 150
7 93 75 84 -2 0 19 0.00 0.0 0 12.0 20 150 M M 4 27 150
8 95 77 86 0 0 21 0.00 0.0 0 14.5 24 140 M M 4 31 140
9 96 77 87 1 0 22 0.00 0.0 0 13.3 23 130 M M 7 31 160
10 96 78 87 1 0 22 0.00 0.0 0 13.9 23 140 M M 4 30 130
11 96 77 87 1 0 22 0.00 0.0 0 11.6 21 150 M M 4 27 130
12 95 78 87 1 0 22 0.00 0.0 0 11.6 21 110 M M 5 28 110
13 96 75 86 0 0 21 0.00 0.0 0 8.7 18 130 M M 5 24 130
14 96 75 86 0 0 21 0.00 0.0 0 5.5 14 120 M M 6 17 120
15 95 73 84 -2 0 19 0.15 0.0 0 4.0 23 360 M M 8 3 32 350
16 94 71 83 -3 0 18 0.00 0.0 0 6.1 15 150 M M 6 21 110
17 95 77 86 0 0 21 0.00 0.0 0 9.5 20 140 M M 7 24 140
18 98 79 89 3 0 24 T 0.0 0 12.6 22 130 M M 8 3 29 130
19 98 79 89 3 0 24 0.00 0.0 0 14.2 22 140 M M 5 28 120
20 98 79 89 4 0 24 0.00 0.0 0 11.5 21 140 M M 5 27 170
21 98 78 88 3 0 23 T 0.0 0 11.5 24 140 M M 6 32 170
22 96 78 87 2 0 22 0.00 0.0 0 8.3 18 150 M M 5 24 140
23 96 75 86 1 0 21 0.00 0.0 0 8.1 15 120 M M 4 20 150
24 97 78 88 3 0 23 0.00 0.0 0 9.2 20 140 M M 4 25 140
25 97 76 87 2 0 22 0.00 0.0 0 6.6 14 140 M M 5 18 120
26 97 76 87 3 0 22 0.00 0.0 0 5.8 17 110 M M 5 22 100
27 94 74 84 0 0 19 0.03 0.0 0 5.1 22 10 M M 7 3 31 10
28 91 74 83 -1 0 18 0.43 0.0 0 4.7 21 70 M M 7 3 28 30
29 95 74 85 1 0 20 0.01 0.0 0 2.5 13 70 M M 7 1 17 80
30 95 75 85 1 0 20 0.03 0.0 0 3.6 23 50 M M 4 3 32 50
31 98 75 87 3 0 22 0.00 0.0 0 6.0 18 160 M M 2 24 170
================================================================================
SM 2946 2349 0 642 1.28 0.0 256.9 M 176
================================================================================
AV 95.0 75.8 8.3 FASTST M M 6 MAX(MPH)
MISC ----> 28 320 38 320
================================================================================
NOTES:
# LAST OF SEVERAL OCCURRENCES
COLUMN 17 PEAK WIND IN M.P.H.
PRELIMINARY LOCAL CLIMATOLOGICAL DATA (WS FORM: F-6) , PAGE 2
STATION: SAN ANTONIO
MONTH: AUGUST
YEAR: 2021
LATITUDE: 29 31 N
LONGITUDE: 98 28 W
[TEMPERATURE DATA] [PRECIPITATION DATA] SYMBOLS USED IN COLUMN 16
AVERAGE MONTHLY: 85.4 TOTAL FOR MONTH: 1.28 1 = FOG OR MIST
DPTR FM NORMAL: -0.1 DPTR FM NORMAL: -0.87 2 = FOG REDUCING VISIBILITY
HIGHEST: 98 ON 31,21 GRTST 24HR 0.44 ON 28-29 TO 1/4 MILE OR LESS
LOWEST: 71 ON 16 3 = THUNDER
SNOW, ICE PELLETS, HAIL 4 = ICE PELLETS
TOTAL MONTH: 0.0 INCH 5 = HAIL
GRTST 24HR 0.0 6 = FREEZING RAIN OR DRIZZLE
GRTST DEPTH: 0 7 = DUSTSTORM OR SANDSTORM:
VSBY 1/2 MILE OR LESS
8 = SMOKE OR HAZE
[NO. OF DAYS WITH] [WEATHER - DAYS WITH] 9 = BLOWING SNOW
X = TORNADO
MAX 32 OR BELOW: 0 0.01 INCH OR MORE: 7
MAX 90 OR ABOVE: 29 0.10 INCH OR MORE: 4
MIN 32 OR BELOW: 0 0.50 INCH OR MORE: 0
MIN 0 OR BELOW: 0 1.00 INCH OR MORE: 0
[HDD (BASE 65) ]
TOTAL THIS MO. 0 CLEAR (SCALE 0-3) 1
DPTR FM NORMAL 0 PTCLDY (SCALE 4-7) 28
TOTAL FM JUL 1 0 CLOUDY (SCALE 8-10) 2
DPTR FM NORMAL 0
[CDD (BASE 65) ]
TOTAL THIS MO. 642
DPTR FM NORMAL 8 [PRESSURE DATA]
TOTAL FM JAN 1 2342 HIGHEST SLP 30.11 ON 14
DPTR FM NORMAL -57 LOWEST SLP 29.66 ON 31
[REMARKS]
#FINAL-08-21#