000
CXUS54 KEWX 011010
CF6SAT
PRELIMINARY LOCAL CLIMATOLOGICAL DATA (WS FORM: F-6)
STATION: SAN ANTONIO
MONTH: NOVEMBER
YEAR: 2020
LATITUDE: 29 31 N
LONGITUDE: 98 28 W
TEMPERATURE IN F: :PCPN: SNOW: WIND :SUNSHINE: SKY :PK WND
================================================================================
1 2 3 4 5 6A 6B 7 8 9 10 11 12 13 14 15 16 17 18
12Z AVG MX 2MIN
DY MAX MIN AVG DEP HDD CDD WTR SNW DPTH SPD SPD DIR MIN PSBL S-S WX SPD DR
================================================================================
1 82 49 66 0 0 1 0.00 0.0 0 7.8 16 40 M M 2 22 20
2 77 48 63 -3 2 0 0.00 0.0 0 4.7 10 100 M M 3 14 100
3 80 43 62 -4 3 0 0.00 0.0 0 7.1 14 160 M M 3 18 150
4 80 47 64 -1 1 0 0.00 0.0 0 7.1 15 170 M M 2 22 190
5 81 55 68 3 0 3 0.00 0.0 0 3.8 13 180 M M 4 1 18 180
6 78 55 67 2 0 2 0.00 0.0 0 2.7 10 120 M M 4 12 15 120
7 80 56 68 4 0 3 0.00 0.0 0 3.9 13 150 M M 5 18 140
8 83 61 72 8 0 7 T 0.0 0 8.6 17 150 M M 6 23 160
9 84 67 76 12 0 11 0.00 0.0 0 10.9 17 150 M M 6 24 170
10 74 64 69 6 0 4 T 0.0 0 6.2 22 340 M M 9 27 340
11 83 59 71 8 0 6 0.00 0.0 0 3.4 10 130 M M 4 15 40
12 83 62 73 11 0 8 0.00 0.0 0 3.2 10 140 M M 5 1 15 120
13 82 60 71 9 0 6 T 0.0 0 6.1 17 140 M M 8 12 23 170
14 86 69 78 16 0 13 0.00 0.0 0 9.4 18 170 M M 7 26 160
15 75 54 65 4 0 0 0.00 0.0 0 10.3 28 10 M M 2 39 360
16 76 45 61 0 4 0 0.00 0.0 0 2.5 10 120 M M 0 14 70
17 76 44 60 0 5 0 0.00 0.0 0 5.1 15 80 M M 3 19 100
18 78 42 60 0 5 0 0.00 0.0 0 7.7 16 160 M M 4 21 160
19 80 53 67 7 0 2 T 0.0 0 6.3 17 170 M M 4 12 23 180
20 81 55 68 9 0 3 0.00 0.0 0 4.6 14 160 M M 4 12 20 150
21 80 62 71 12 0 6 0.00 0.0 0 4.9 12 120 M M 8 12 18 100
22 81 64 73 14 0 8 T 0.0 0 6.5 21 50 M M 8 1 30 30
23 73 55 64 6 1 0 0.00 0.0 0 9.2 17 140 M M 7 23 120
24 83 65 74 16 0 9 0.06 0.0 0 9.6 17 160 M M 7 1 27 170
25 78 52 65 7 0 0 0.00 0.0 0 6.8 20 20 M M 3 28 10
26 74 48 61 4 4 0 0.00 0.0 0 1.8 9 140 M M 6 10 140
27 73 60 67 10 0 2 0.10 0.0 0 7.0 17 20 M M 10 1 26 360
28 60 52 56 -1 9 0 1.31 0.0 0 9.3 20 340 M M 10 1 28 350
29 62 43 53 -3 12 0 T 0.0 0 9.6 24 330 M M 3 1 34 360
30 58 34 46 -10 19 0 0.00 0.0 0 9.3 22 350 M M 1 28 10
================================================================================
SM 2321 1623 65 94 1.47 0.0 195.4 M 148
================================================================================
AV 77.4 54.1 6.5 FASTST M M 5 MAX(MPH)
MISC ----> # 28 10 # 39 360
================================================================================
NOTES:
# LAST OF SEVERAL OCCURRENCES
COLUMN 17 PEAK WIND IN M.P.H.
PRELIMINARY LOCAL CLIMATOLOGICAL DATA (WS FORM: F-6) , PAGE 2
STATION: SAN ANTONIO
MONTH: NOVEMBER
YEAR: 2020
LATITUDE: 29 31 N
LONGITUDE: 98 28 W
[TEMPERATURE DATA] [PRECIPITATION DATA] SYMBOLS USED IN COLUMN 16
AVERAGE MONTHLY: 65.7 TOTAL FOR MONTH: 1.47 1 = FOG OR MIST
DPTR FM NORMAL: 4.6 DPTR FM NORMAL: -0.81 2 = FOG REDUCING VISIBILITY
HIGHEST: 86 ON 14 GRTST 24HR 1.31 ON 28-28 TO 1/4 MILE OR LESS
LOWEST: 34 ON 30 3 = THUNDER
SNOW, ICE PELLETS, HAIL 4 = ICE PELLETS
TOTAL MONTH: 0.0 INCH 5 = HAIL
GRTST 24HR 0.0 6 = FREEZING RAIN OR DRIZZLE
GRTST DEPTH: 0 7 = DUSTSTORM OR SANDSTORM:
VSBY 1/2 MILE OR LESS
8 = SMOKE OR HAZE
[NO. OF DAYS WITH] [WEATHER - DAYS WITH] 9 = BLOWING SNOW
X = TORNADO
MAX 32 OR BELOW: 0 0.01 INCH OR MORE: 3
MAX 90 OR ABOVE: 0 0.10 INCH OR MORE: 2
MIN 32 OR BELOW: 0 0.50 INCH OR MORE: 1
MIN 0 OR BELOW: 0 1.00 INCH OR MORE: 1
[HDD (BASE 65) ]
TOTAL THIS MO. 65 CLEAR (SCALE 0-3) 10
DPTR FM NORMAL -113 PTCLDY (SCALE 4-7) 15
TOTAL FM JUL 1 124 CLOUDY (SCALE 8-10) 5
DPTR FM NORMAL -87
[CDD (BASE 65) ]
TOTAL THIS MO. 94
DPTR FM NORMAL 32 [PRESSURE DATA]
TOTAL FM JAN 1 3646 HIGHEST SLP 30.48 ON 30
DPTR FM NORMAL 529 LOWEST SLP 29.74 ON 24
[REMARKS]
#FINAL-11-20#