000
CXUS53 KMKX 010810
CF6SBM
PRELIMINARY LOCAL CLIMATOLOGICAL DATA (WS FORM: F-6)
STATION: SHEBOYGAN WI
MONTH: MARCH
YEAR: 2022
LATITUDE: 43 46 N
LONGITUDE: 87 51 W
TEMPERATURE IN F: :PCPN: SNOW: WIND :SUNSHINE: SKY :PK WND
================================================================================
1 2 3 4 5 6A 6B 7 8 9 10 11 12 13 14 15 16 17 18
12Z AVG MX 2MIN
DY MAX MIN AVG DEP HDD CDD WTR SNW DPTH SPD SPD DIR MIN PSBL S-S WX SPD DR
================================================================================
1 41 24 33 6 32 0 0.00 M M 5.0 12 70 M M 0 1 18 300
2 40 23 32 5 33 0 0.00 M M 8.2 21 40 M M 7 1 26 20
3 31 18 25 -2 40 0 0.00 M M 5.7 14 10 M M 0 23 10
4 36 18 27 -1 38 0 0.00 M M 4.8 13 160 M M 1 18 170
5 49 35 42 14 23 0 0.29 M M 7.7 23 250 M M 7 123 40 200
6 53 33 43 15 22 0 T M M 16.6 41 250 M M 9 52 250
7 34 19 27 -2 38 0 0.17 M M 9.5 20 340 M M 9 18 26 330
8 36 9 23 -6 42 0 0.00 M M 10.5 21 240 M M 0 28 250
9 33 22 28 -2 37 0 0.00 M M 11.8 22 280 M M 2 30 290
10 22 14 18 -12 47 0 0.00 M M 7.8 14 280 M M 3 20 320
11 29 11 20 -10 45 0 T M M 15.3 29 260 M M 1 8 37 280
12 20 5 13 -18 52 0 0.00 M M 13.4 20 280 M M 1 29 310
13 45 20 33 2 32 0 0.02 M M 10.1 22 270 M M 3 1 31 280
14 45 31 38 7 27 0 0.00 M M 7.6 26 60 M M 7 31 60
15 49 29 39 7 26 0 0.00 M M 5.8 15 40 M M 7 12 19 40
16 66 29 48 16 17 0 0.00 M M 8.0 24 220 M M 1 18 34 230
17 60 40 50 17 15 0 0.00 M M 7.4 23 30 M M 5 30 40
18 40 35 38 5 27 0 0.43 M M 17.6 28 30 M M 10 1 39 30
19 45 35 40 7 25 0 0.17 M M 11.9 22 20 M M 7 29 20
20 57 30 44 10 21 0 0.00 M M 4.6 13 140 M M 0 17 140
21 50 32 41 7 24 0 T M M 8.9 24 40 M M 4 18 33 40
22 42 38 40 6 25 0 0.22 M M 12.7 22 100 M M 8 1 37 130
23 43 37 40 5 25 0 0.91 M M 10.4 18 80 M M 10 1 28 60
24 38 34 36 1 29 0 0.03 M M 7.2 15 10 M M 10 1 21 10
25 46 31 39 3 26 0 0.02 M M 13.1 22 280 M M 8 1 32 310
26 31 23 27 -9 38 0 T M M 16.5 25 320 M M 8 37 320
27 29 19 24 -12 41 0 0.00 M M 12.3 21 330 M M 0 30 330
28 32 17 25 -12 40 0 0.00 M M 6.5 15 340 M M 0 23 20
29 38 21 30 -7 35 0 0.03 M M 9.1 18 120 M M 9 31 140
30 45 35 40 3 25 0 0.43 M M 9.7 20 120 M M 9 1 30 130
31 36 30 33 -5 32 0 0.50 M M 11.5 21 340 M M 10 18 30 340
================================================================================
SM 1261 797 979 0 3.22 M 307.2 M 156
================================================================================
AV 40.7 25.7 9.9 FASTST M M 5 MAX(MPH)
MISC ----> 41 250 52 250
================================================================================
NOTES:
# LAST OF SEVERAL OCCURRENCES
COLUMN 17 PEAK WIND IN M.P.H.
PRELIMINARY LOCAL CLIMATOLOGICAL DATA (WS FORM: F-6) , PAGE 2
STATION: SHEBOYGAN WI
MONTH: MARCH
YEAR: 2022
LATITUDE: 43 46 N
LONGITUDE: 87 51 W
[TEMPERATURE DATA] [PRECIPITATION DATA] SYMBOLS USED IN COLUMN 16
AVERAGE MONTHLY: 33.2 TOTAL FOR MONTH: 3.22 1 = FOG OR MIST
DPTR FM NORMAL: 1.1 DPTR FM NORMAL: 1.57 2 = FOG REDUCING VISIBILITY
HIGHEST: 66 ON 16 GRTST 24HR 1.05 ON 22-23 TO 1/4 MILE OR LESS
LOWEST: 5 ON 12 3 = THUNDER
SNOW, ICE PELLETS, HAIL 4 = ICE PELLETS
TOTAL MONTH: M 5 = HAIL
GRTST 24HR M ON M 6 = FREEZING RAIN OR DRIZZLE
GRTST DEPTH: M ON M 7 = DUSTSTORM OR SANDSTORM:
VSBY 1/2 MILE OR LESS
8 = SMOKE OR HAZE
[NO. OF DAYS WITH] [WEATHER - DAYS WITH] 9 = BLOWING SNOW
X = TORNADO
MAX 32 OR BELOW: 7 0.01 INCH OR MORE: 12
MAX 90 OR ABOVE: 0 0.10 INCH OR MORE: 8
MIN 32 OR BELOW: 22 0.50 INCH OR MORE: 2
MIN 0 OR BELOW: 0 1.00 INCH OR MORE: 0
[HDD (BASE 65) ]
TOTAL THIS MO. 979 CLEAR (SCALE 0-3) 12
DPTR FM NORMAL -39 PTCLDY (SCALE 4-7) 9
TOTAL FM JUL 1 5904 CLOUDY (SCALE 8-10) 10
DPTR FM NORMAL -566
[CDD (BASE 65) ]
TOTAL THIS MO. 0
DPTR FM NORMAL 0 [PRESSURE DATA]
TOTAL FM JAN 1 0 HIGHEST SLP M ON M
DPTR FM NORMAL 0 LOWEST SLP 29.12 ON 31
[REMARKS]
#FINAL-03-22#