000
CXUS53 KMKX 010810
CF6SBM
PRELIMINARY LOCAL CLIMATOLOGICAL DATA (WS FORM: F-6)
STATION: SHEBOYGAN WI
MONTH: AUGUST
YEAR: 2021
LATITUDE: 43 46 N
LONGITUDE: 87 51 W
TEMPERATURE IN F: :PCPN: SNOW: WIND :SUNSHINE: SKY :PK WND
================================================================================
1 2 3 4 5 6A 6B 7 8 9 10 11 12 13 14 15 16 17 18
12Z AVG MX 2MIN
DY MAX MIN AVG DEP HDD CDD WTR SNW DPTH SPD SPD DIR MIN PSBL S-S WX SPD DR
================================================================================
1 76 55 66 -3 0 1 0.00 0.0 0 8.0 18 50 M M 2 18 25 340
2 76 54 65 -4 0 0 0.00 M M 4.7 15 180 M M 4 8 21 190
3 84 57 71 2 0 6 0.00 M M 4.6 12 180 M M 0 8 16 250
4 85 59 72 3 0 7 0.00 M M 4.3 13 180 M M 0 1 17 170
5 86 61 74 5 0 9 T M M 6.7 18 180 M M 3 18 25 160
6 85 65 75 6 0 10 1.27 M M 7.5 40 340 M M 6 13 63 320
7 78 63 71 2 0 6 0.84 M M 4.9 21 70 M M 6 138 27 20
8 83 68 76 7 0 11 0.30 M M 8.0 31 180 M M 5 138 40 180
9 75 69 72 3 0 7 0.26 M M 4.9 14 150 M M 6 138 20 170
10 83 67 75 6 0 10 0.13 M M 7.8 28 270 M M 5 1238 44 260
11 88 67 78 10 0 13 0.11 M M 9.8 26 230 M M 3 1 42 230
12 86 63 75 7 0 10 0.00 M M 5.9 14 260 M M 0 22 290
13 81 59 70 2 0 5 0.00 M M 5.8 17 250 M M 0 25 250
14 80 53 67 -1 0 2 0.00 M M 4.3 14 170 M M 0 17 180
15 80 55 68 0 0 3 0.00 M M 4.4 14 170 M M 0 20 170
16 79 53 66 -2 0 1 T M M 3.1 12 150 M M 1 1 16 150
17 80 55 68 0 0 3 0.00 M M 3.7 16 180 M M 0 1 20 170
18 84 60 72 4 0 7 0.00 M M 2.9 10 140 M M 0 128 17 140
19 86 62 74 6 0 9 0.00 M M 2.8 12 140 M M 3 12 18 120
20 84 61 73 6 0 8 T M M 4.1 14 180 M M 3 12 19 130
21 87 67 77 10 0 12 0.13 M M 7.6 18 200 M M 5 1238 28 230
22 74 58 66 -1 0 1 T M M 6.7 16 30 M M 1 21 40
23 80 57 69 2 0 4 T M M 4.7 14 180 M M 2 1 19 160
24 87 67 77 10 0 12 0.78 M M 6.4 21 340 M M 3 123 36 10
25 88 69 79 13 0 14 0.00 M M 4.7 14 270 M M 2 21 270
26 79 67 73 7 0 8 0.00 M M 6.9 15 40 M M 5 1 18 40
27 81 69 75 9 0 10 1.01 M M 6.1 22 330 M M 6 123 30 330
28 88 69 79 13 0 14 1.45 M M 5.8 16 180 M M 4 13 24 330
29 87 68 78 12 0 13 0.00 M M 8.0 20 250 M M 2 1 31 240
30 82 62 72 6 0 7 0.00 M M 5.2 14 290 M M 0 21 280
31 76 60 68 3 0 3 0.00 M M 8.5 17 50 M M 0 23 40
================================================================================
SM 2548 1919 0 226 6.28 0.0 178.8 M 77
================================================================================
AV 82.2 61.9 5.8 FASTST M M 2 MAX(MPH)
MISC ----> 40 340 63 320
================================================================================
NOTES:
# LAST OF SEVERAL OCCURRENCES
COLUMN 17 PEAK WIND IN M.P.H.
PRELIMINARY LOCAL CLIMATOLOGICAL DATA (WS FORM: F-6) , PAGE 2
STATION: SHEBOYGAN WI
MONTH: AUGUST
YEAR: 2021
LATITUDE: 43 46 N
LONGITUDE: 87 51 W
[TEMPERATURE DATA] [PRECIPITATION DATA] SYMBOLS USED IN COLUMN 16
AVERAGE MONTHLY: 72.0 TOTAL FOR MONTH: 6.28 1 = FOG OR MIST
DPTR FM NORMAL: 4.3 DPTR FM NORMAL: 3.22 2 = FOG REDUCING VISIBILITY
HIGHEST: 88 ON 28,25 GRTST 24HR 1.45 ON 28-28 TO 1/4 MILE OR LESS
LOWEST: 53 ON 16,14 3 = THUNDER
SNOW, ICE PELLETS, HAIL 4 = ICE PELLETS
TOTAL MONTH: 0.0 INCH 5 = HAIL
GRTST 24HR 0.0 6 = FREEZING RAIN OR DRIZZLE
GRTST DEPTH: 0 7 = DUSTSTORM OR SANDSTORM:
VSBY 1/2 MILE OR LESS
8 = SMOKE OR HAZE
[NO. OF DAYS WITH] [WEATHER - DAYS WITH] 9 = BLOWING SNOW
X = TORNADO
MAX 32 OR BELOW: 0 0.01 INCH OR MORE: 10
MAX 90 OR ABOVE: 0 0.10 INCH OR MORE: 10
MIN 32 OR BELOW: 0 0.50 INCH OR MORE: 5
MIN 0 OR BELOW: 0 1.00 INCH OR MORE: 3
[HDD (BASE 65) ]
TOTAL THIS MO. 0 CLEAR (SCALE 0-3) 21
DPTR FM NORMAL -34 PTCLDY (SCALE 4-7) 10
TOTAL FM JUL 1 13 CLOUDY (SCALE 8-10) 0
DPTR FM NORMAL -51
[CDD (BASE 65) ]
TOTAL THIS MO. 226
DPTR FM NORMAL 108 [PRESSURE DATA]
TOTAL FM JAN 1 639 HIGHEST SLP M ON M
DPTR FM NORMAL 273 LOWEST SLP 29.63 ON 11
[REMARKS]
#FINAL-08-21#