000
CXUS53 KIWX 012053
CF6SBN
PRELIMINARY LOCAL CLIMATOLOGICAL DATA (WS FORM: F-6)
STATION: SOUTH BEND
MONTH: JANUARY
YEAR: 2021
LATITUDE: 41 42 N
LONGITUDE: 86 19 W
TEMPERATURE IN F: :PCPN: SNOW: WIND :SUNSHINE: SKY :PK WND
================================================================================
1 2 3 4 5 6A 6B 7 8 9 10 11 12 13 14 15 16 17 18
12Z AVG MX 2MIN
DY MAX MIN AVG DEP HDD CDD WTR SNW DPTH SPD SPD DIR MIN PSBL S-S WX SPD DR
================================================================================
1 33 21 27 2 38 0 0.96 1.9 T 8.8 18 40 M M 7 168 28 40
2 34 29 32 7 33 0 0.01 0.1 2 6.0 15 360 M M 10 1 19 10
3 36 31 34 9 31 0 0.10 0.9 3 5.0 10 220 M M 10 1 12 230
4 34 28 31 6 34 0 0.00 0.0 2 7.8 15 210 M M 10 1 20 210
5 36 30 33 8 32 0 T T 2 7.9 16 290 M M 10 1 20 290
6 40 31 36 11 29 0 0.00 0.0 1 3.6 10 30 M M 10 18 12 10
7 37 30 34 9 31 0 0.00 0.0 T 6.4 13 30 M M 10 19 70
8 33 17 25 0 40 0 0.00 0.0 T 7.2 14 350 M M 3 19 10
9 35 18 27 3 38 0 0.00 0.0 T 3.4 10 100 M M 5 14 100
10 30 18 24 0 41 0 0.00 0.0 T 5.4 13 230 M M 7 128 18 230
11 27 21 24 0 41 0 T T T 11.5 18 240 M M 10 18 25 210
12 37 25 31 7 34 0 0.00 0.0 T 11.9 21 210 M M 8 1 30 210
13 43 30 37 13 28 0 0.00 0.0 T 11.1 20 210 M M 3 1 27 220
14 43 32 38 14 27 0 0.05 0.0 T 11.3 21 170 M M 5 1 26 170
15 38 23 31 7 34 0 0.06 T 0 6.7 16 240 M M 7 1 21 220
16 36 25 31 7 34 0 0.07 T 0 7.3 16 290 M M 10 1 23 280
17 34 28 31 7 34 0 0.09 1.7 T 8.0 14 250 M M 10 1 17 250
18 30 27 29 5 36 0 0.05 0.6 1 10.1 17 270 M M 10 18 21 260
19 31 20 26 2 39 0 0.13 2.1 2 10.2 20 320 M M 9 123 27 350
20 30 21 26 2 39 0 T 0.1 3 14.3 25 320 M M 5 18 35 300
21 42 29 36 12 29 0 0.00 0.0 M 16.4 26 270 M M 1 34 220
22 34 19 27 3 38 0 T T 1 14.0 24 320 M M 10 8 35 330
23 30 12 21 -3 44 0 0.00 0.0 1 5.0 10 140 M M 5 13 140
24 32 27 30 6 35 0 T T T 6.9 15 120 M M 10 20 140
25 34 30 32 8 33 0 0.09 0.7 T 7.2 18 80 M M 10 1 27 50
26 31 25 28 4 37 0 0.21 1.5 2 10.0 18 80 M M 10 168 30 100
27 28 11 20 -4 45 0 T T 2 7.1 16 30 M M 3 20 20
28 26 13 20 -4 45 0 T T 2 6.2 16 340 M M 8 8 21 340
29 30 15 23 -2 42 0 0.00 0.0 2 5.3 12 110 M M 1 15 120
30 32 24 28 3 37 0 0.18 1.4 2 16.0 28 110 M M 7 1 37 110
31 34 27 31 6 34 0 0.33 3.6 6 13.9 21 100 M M 10 18 32 100
================================================================================
SM 1050 737 1112 0 2.33 14.6 271.9 M 234
================================================================================
AV 33.9 23.8 8.8 FASTST M M 8 MAX(MPH)
MISC ----> 28 110 37 110
================================================================================
NOTES:
# LAST OF SEVERAL OCCURRENCES
COLUMN 17 PEAK WIND IN M.P.H.
PRELIMINARY LOCAL CLIMATOLOGICAL DATA (WS FORM: F-6) , PAGE 2
STATION: SOUTH BEND
MONTH: JANUARY
YEAR: 2021
LATITUDE: 41 42 N
LONGITUDE: 86 19 W
[TEMPERATURE DATA] [PRECIPITATION DATA] SYMBOLS USED IN COLUMN 16
AVERAGE MONTHLY: 28.8 TOTAL FOR MONTH: 2.33 1 = FOG OR MIST
DPTR FM NORMAL: 4.4 DPTR FM NORMAL: 0.04 2 = FOG REDUCING VISIBILITY
HIGHEST: 43 ON 14,13 GRTST 24HR 0.96 ON 1- 1 TO 1/4 MILE OR LESS
LOWEST: 11 ON 27 3 = THUNDER
SNOW, ICE PELLETS, HAIL 4 = ICE PELLETS
TOTAL MONTH: 14.6 INCHES 5 = HAIL
GRTST 24HR 3.6 ON 31-31 6 = FREEZING RAIN OR DRIZZLE
GRTST DEPTH: 6 ON 31 7 = DUSTSTORM OR SANDSTORM:
VSBY 1/2 MILE OR LESS
8 = SMOKE OR HAZE
[NO. OF DAYS WITH] [WEATHER - DAYS WITH] 9 = BLOWING SNOW
X = TORNADO
MAX 32 OR BELOW: 12 0.01 INCH OR MORE: 13
MAX 90 OR ABOVE: 0 0.10 INCH OR MORE: 6
MIN 32 OR BELOW: 31 0.50 INCH OR MORE: 1
MIN 0 OR BELOW: 0 1.00 INCH OR MORE: 0
[HDD (BASE 65) ]
TOTAL THIS MO. 1112 CLEAR (SCALE 0-3) 3
DPTR FM NORMAL -145 PTCLDY (SCALE 4-7) 11
TOTAL FM JUL 1 3186 CLOUDY (SCALE 8-10) 17
DPTR FM NORMAL -465
[CDD (BASE 65) ]
TOTAL THIS MO. 0
DPTR FM NORMAL 0 [PRESSURE DATA]
TOTAL FM JAN 1 0 HIGHEST SLP 30.66 ON 28
DPTR FM NORMAL 0 LOWEST SLP 29.49 ON 15
[REMARKS]
#FINAL-01-21#