000
CXUS56 KLOX 011255
CF6SBP
PRELIMINARY LOCAL CLIMATOLOGICAL DATA (WS FORM: F-6)
STATION: SAN LUIS OBISPO AIRPORT CA
MONTH: NOVEMBER
YEAR: 2022
LATITUDE: 35 13 N
LONGITUDE: 120 38 W
TEMPERATURE IN F: :PCPN: SNOW: WIND :SUNSHINE: SKY :PK WND
================================================================================
1 2 3 4 5 6A 6B 7 8 9 10 11 12 13 14 15 16 17 18
12Z AVG MX 2MIN
DY MAX MIN AVG DEP HDD CDD WTR SNW DPTH SPD SPD DIR MIN PSBL S-S WX SPD DR
================================================================================
1 66 48 57 -4 8 0 0.01 M M 5.5 15 230 M M 7 18 20 220
2 64 44 54 -7 11 0 0.00 M M 6.0 21 310 M M 0 26 310
3 63 37 50 -11 15 0 0.00 M M 6.0 18 320 M M 1 24 30
4 71 44 58 -3 7 0 0.00 M M 7.4 20 310 M M 0 16 99
5 72 43 58 -2 7 0 0.00 M M 8.1 23 320 M M 0 29 340
6 70 49 60 0 5 0 0.00 M M 5.4 18 310 M M 6 20 310
7 63 47 55 -5 10 0 0.11 M M 3.8 17 310 M M 4 1 21 320
8 56 47 52 -8 13 0 0.47 M M 8.2 24 320 M M 9 1 29 150
9 63 41 52 -8 13 0 0.09 M M 5.4 18 310 M M 4 1 23 310
10 65 43 54 -5 11 0 0.00 M M 5.0 14 30 M M 0 21 80
11 67 38 53 -6 12 0 0.00 M M 4.4 15 320 M M 0 17 330
12 66 36 51 -8 14 0 0.00 M M 6.0 22 310 M M 0 26 310
13 66 41 54 -5 11 0 0.00 M M 7.5 18 330 M M 0 23 320
14 65 34 50 -8 15 0 0.00 M M 3.2 15 310 M M 0 17 310
15 70 35 53 -5 12 0 0.00 M M 4.7 18 90 M M 0 30 100
16 79 41 60 2 5 0 0.00 M M 5.5 14 210 M M 0 21 220
17 72 34 53 -5 12 0 0.00 M M 4.5 20 310 M M 0 23 300
18 74 37 56 -1 9 0 0.00 M M 5.2 20 310 M M 0 24 310
19 77 40 59 2 6 0 0.00 M M 3.2 21 120 M M 0 26 90
20 77 36 57 0 8 0 0.00 M M 3.0 15 320 M M 0 20 320
21 76 36 56 -1 9 0 0.00 M M 3.5 16 320 M M 0 19 310
22 79 33 56 0 9 0 0.00 M M 3.5 20 310 M M 0 23 310
23 78 47 63 7 2 0 0.00 M M 4.2 16 350 M M 0 31 350
24 80 40 60 4 5 0 0.00 M M 3.2 13 320 M M 0 14 320
25 79 35 57 1 8 0 0.00 M M 4.2 16 310 M M 0 19 320
26 73 40 57 2 8 0 0.00 M M 5.9 22 320 M M 0 26 310
27 73 36 55 0 10 0 0.00 M M 3.0 14 320 M M 0 19 350
28 67 39 53 -2 12 0 T M M 6.4 22 310 M M 2 12 28 310
29 66 41 54 -1 11 0 0.00 M M 4.2 16 320 M M 0 19 300
30 63 37 50 -4 15 0 0.00 M M 3.1 14 300 M M 7 17 250
================================================================================
SM 2100 1199 293 0 0.68 M 149.2 M 40
================================================================================
AV 70.0 40.0 5.0 FASTST M M 1 MAX(MPH)
MISC ----> 24 320 31 350
================================================================================
NOTES:
# LAST OF SEVERAL OCCURRENCES
COLUMN 17 PEAK WIND IN M.P.H.
PRELIMINARY LOCAL CLIMATOLOGICAL DATA (WS FORM: F-6) , PAGE 2
STATION: SAN LUIS OBISPO AIRPORT CA
MONTH: NOVEMBER
YEAR: 2022
LATITUDE: 35 13 N
LONGITUDE: 120 38 W
[TEMPERATURE DATA] [PRECIPITATION DATA] SYMBOLS USED IN COLUMN 16
AVERAGE MONTHLY: 55.0 TOTAL FOR MONTH: 0.68 1 = FOG OR MIST
DPTR FM NORMAL: -2.9 DPTR FM NORMAL: -0.75 2 = FOG REDUCING VISIBILITY
HIGHEST: 80 ON 24 GRTST 24HR 0.56 ON 8- 9 TO 1/4 MILE OR LESS
LOWEST: 33 ON 22 3 = THUNDER
SNOW, ICE PELLETS, HAIL 4 = ICE PELLETS
TOTAL MONTH: M 5 = HAIL
GRTST 24HR M ON M 6 = FREEZING RAIN OR DRIZZLE
GRTST DEPTH: M ON M 7 = DUSTSTORM OR SANDSTORM:
VSBY 1/2 MILE OR LESS
8 = SMOKE OR HAZE
[NO. OF DAYS WITH] [WEATHER - DAYS WITH] 9 = BLOWING SNOW
X = TORNADO
MAX 32 OR BELOW: 0 0.01 INCH OR MORE: 4
MAX 90 OR ABOVE: 0 0.10 INCH OR MORE: 2
MIN 32 OR BELOW: 0 0.50 INCH OR MORE: 0
MIN 0 OR BELOW: 0 1.00 INCH OR MORE: 0
[HDD (BASE 65) ]
TOTAL THIS MO. 293 CLEAR (SCALE 0-3) 24
DPTR FM NORMAL 67 PTCLDY (SCALE 4-7) 5
TOTAL FM JUL 1 374 CLOUDY (SCALE 8-10) 1
DPTR FM NORMAL -27
[CDD (BASE 65) ]
TOTAL THIS MO. 0
DPTR FM NORMAL -12 [PRESSURE DATA]
TOTAL FM JAN 1 485 HIGHEST SLP 30.36 ON 4
DPTR FM NORMAL 151 LOWEST SLP 29.65 ON 8
[REMARKS]
#FINAL-11-22#