000
CXUS56 KSTO 031555
CF6SCK
PRELIMINARY LOCAL CLIMATOLOGICAL DATA (WS FORM: F-6)
STATION: STOCKTON AIRPORT CA
MONTH: JUNE
YEAR: 2020
LATITUDE: 37 54 N
LONGITUDE: 121 15 W
TEMPERATURE IN F: :PCPN: SNOW: WIND :SUNSHINE: SKY :PK WND
================================================================================
1 2 3 4 5 6A 6B 7 8 9 10 11 12 13 14 15 16 17 18
12Z AVG MX 2MIN
DY MAX MIN AVG DEP HDD CDD WTR SNW DPTH SPD SPD DIR MIN PSBL S-S WX SPD DR
================================================================================
1 89 63 76 6 0 11 T 0.0 0 7.8 16 290 M M 3 22 280
2 99 61 80 10 0 15 0.00 0.0 0 6.4 16 290 M M 0 21 280
3 105 63 84 14 0 19 0.00 0.0 0 6.4 15 300 M M 0 21 310
4 105 62 84 14 0 19 0.00 0.0 0 8.2 18 260 M M 0 25 260
5 83 59 71 1 0 6 0.00 0.0 0 20.6 36 260 M M 0 42 270
6 78 57 68 -2 0 3 0.00 0.0 0 16.5 31 250 M M 0 36 250
7 77 53 65 -6 0 0 0.00 0.0 0 12.3 25 250 M M 0 30 250
8 86 56 71 0 0 6 0.00 0.0 0 12.6 24 320 M M 0 30 340
9 94 52 73 2 0 8 0.00 0.0 0 6.2 15 300 M M 0 27 320
10 98 61 80 9 0 15 0.00 0.0 0 7.6 15 300 M M 0 18 300
11 98 59 79 7 0 14 0.00 0.0 0 6.9 21 300 M M 0 25 300
12 78 58 68 -4 0 3 T 0.0 0 16.0 29 240 M M 1 36 250
13 78 55 67 -5 0 2 0.00 0.0 0 10.8 21 270 M M 1 25 270
14 87 52 70 -2 0 5 0.00 0.0 0 8.9 20 290 M M 0 26 280
15 89 58 74 2 0 9 0.00 0.0 0 10.8 32 260 M M 0 128 37 250
16 84 58 71 -2 0 6 0.00 0.0 0 11.7 20 260 M M 0 25 270
17 90 60 75 2 0 10 0.00 0.0 0 11.9 21 340 M M 0 29 320
18 97 56 77 4 0 12 0.00 0.0 0 6.7 20 300 M M 0 24 300
19 99 60 80 7 0 15 0.00 0.0 0 7.3 16 280 M M 0 21 280
20 93 58 76 3 0 11 0.00 0.0 0 8.3 17 260 M M 0 21 270
21 97 60 79 5 0 14 0.00 0.0 0 9.3 20 260 M M 0 25 260
22 103 62 83 9 0 18 0.00 0.0 0 6.8 16 300 M M 0 20 300
23 101 63 82 8 0 17 0.00 0.0 0 7.6 14 310 M M 0 19 290
24 100 62 81 7 0 16 0.00 0.0 0 7.9 15 270 M M 0 20 290
25 101 67 84 10 0 19 0.00 0.0 0 8.5 17 260 M M 0 24 290
26 102 65 84 9 0 19 0.00 0.0 0 8.7 15 260 M M 0 20 330
27 100 64 82 7 0 17 0.00 0.0 0 10.4 26 270 M M 0 31 270
28 86 60 73 -2 0 8 0.00 0.0 0 16.3 29 250 M M 0 36 260
29 90 57 74 -1 0 9 0.00 0.0 0 11.2 18 290 M M 0 28 320
30 98 58 78 3 0 13 0.00 0.0 0 6.9 18 290 M M 0 21 300
================================================================================
SM 2785 1779 0 339 T 0.0 297.5 M 5
================================================================================
AV 92.8 59.3 9.9 FASTST M M 0 MAX(MPH)
MISC ----> # 36 260 # 42 270
================================================================================
NOTES:
# LAST OF SEVERAL OCCURRENCES
COLUMN 17 PEAK WIND IN M.P.H.
PRELIMINARY LOCAL CLIMATOLOGICAL DATA (WS FORM: F-6) , PAGE 2
STATION: STOCKTON AIRPORT CA
MONTH: JUNE
YEAR: 2020
LATITUDE: 37 54 N
LONGITUDE: 121 15 W
[TEMPERATURE DATA] [PRECIPITATION DATA] SYMBOLS USED IN COLUMN 16
AVERAGE MONTHLY: 76.1 TOTAL FOR MONTH: T 1 = FOG OR MIST
DPTR FM NORMAL: 3.7 DPTR FM NORMAL: -0.08 2 = FOG REDUCING VISIBILITY
HIGHEST: 105 ON 4, 3 GRTST 24HR T ON 12-12 TO 1/4 MILE OR LESS
LOWEST: 52 ON 14, 9 3 = THUNDER
SNOW, ICE PELLETS, HAIL 4 = ICE PELLETS
TOTAL MONTH: 0.0 INCH 5 = HAIL
GRTST 24HR 0.0 6 = FREEZING RAIN OR DRIZZLE
GRTST DEPTH: 0 7 = DUSTSTORM OR SANDSTORM:
VSBY 1/2 MILE OR LESS
8 = SMOKE OR HAZE
[NO. OF DAYS WITH] [WEATHER - DAYS WITH] 9 = BLOWING SNOW
X = TORNADO
MAX 32 OR BELOW: 0 0.01 INCH OR MORE: 0
MAX 90 OR ABOVE: 19 0.10 INCH OR MORE: 0
MIN 32 OR BELOW: 0 0.50 INCH OR MORE: 0
MIN 0 OR BELOW: 0 1.00 INCH OR MORE: 0
[HDD (BASE 65) ]
TOTAL THIS MO. 0 CLEAR (SCALE 0-3) 30
DPTR FM NORMAL -7 PTCLDY (SCALE 4-7) 0
TOTAL FM JUL 1 1930 CLOUDY (SCALE 8-10) 0
DPTR FM NORMAL -713
[CDD (BASE 65) ]
TOTAL THIS MO. 339
DPTR FM NORMAL 109 [PRESSURE DATA]
TOTAL FM JAN 1 578 HIGHEST SLP M ON M
DPTR FM NORMAL 229 LOWEST SLP 29.60 ON 4
[REMARKS]
#FINAL-06-20#