000
CXUS53 KLMK 010710
CF6SDF
PRELIMINARY LOCAL CLIMATOLOGICAL DATA (WS FORM: F-6)
STATION: LOUISVILLE KY
MONTH: APRIL
YEAR: 2023
LATITUDE: 38 10 N
LONGITUDE: 85 44 W
TEMPERATURE IN F: :PCPN: SNOW: WIND :SUNSHINE: SKY :PK WND
================================================================================
1 2 3 4 5 6A 6B 7 8 9 10 11 12 13 14 15 16 17 18
12Z AVG MX 2MIN
DY MAX MIN AVG DEP HDD CDD WTR SNW DPTH SPD SPD DIR MIN PSBL S-S WX SPD DR
================================================================================
1 68 44 56 2 9 0 0.28 0.0 0 18.4 43 260 M M 7 13 57 260
2 63 40 52 -2 13 0 0.00 0.0 0 6.2 15 150 M M 3 23 170
3 76 49 63 8 2 0 0.01 0.0 0 11.0 29 160 M M 7 36 190
4 83 61 72 17 0 7 0.00 0.0 0 12.5 23 180 M M 9 34 170
5 85 59 72 17 0 7 0.27 0.0 0 14.3 55 240 M M 10 1238 79 240
6 59 45 52 -4 13 0 T 0.0 0 7.8 18 340 M M 10 24 360
7 58 43 51 -5 14 0 0.00 0.0 0 9.9 17 60 M M 9 24 80
8 62 41 52 -4 13 0 0.00 0.0 0 9.8 20 70 M M 6 26 80
9 69 37 53 -4 12 0 0.00 0.0 0 7.2 18 70 M M 3 25 110
10 74 42 58 1 7 0 0.00 0.0 0 2.3 13 320 M M 5 17 280
11 78 45 62 4 3 0 0.00 0.0 0 3.5 13 260 M M 1 19 260
12 80 51 66 8 0 1 0.00 0.0 0 5.5 15 270 M M 3 21 230
13 83 49 66 8 0 1 0.00 0.0 0 3.5 16 130 M M 4 8 20 130
14 81 62 72 13 0 7 0.00 0.0 0 5.7 18 180 M M 7 22 170
15 81 60 71 12 0 6 0.00 0.0 0 7.5 16 140 M M 4 24 170
16 74 50 62 3 3 0 0.03 0.0 0 13.5 31 250 M M 9 1 40 260
17 63 47 55 -5 10 0 0.00 0.0 0 17.8 32 270 M M 4 42 290
18 72 41 57 -3 8 0 T 0.0 0 3.6 13 360 M M 3 17 230
19 84 50 67 7 0 2 0.00 0.0 0 7.8 21 180 M M 7 28 250
20 87 61 74 13 0 9 0.00 0.0 0 12.6 25 220 M M 7 35 220
21 75 49 62 1 3 0 0.69 0.0 0 8.7 20 360 M M 10 1 25 190
22 63 40 52 -9 13 0 0.00 0.0 0 11.2 32 250 M M 5 43 240
23 53 40 47 -15 18 0 0.00 0.0 0 8.1 16 290 M M 7 22 270
24 58 36 47 -15 18 0 0.00 0.0 0 5.2 16 330 M M 2 22 320
25 68 40 54 -8 11 0 0.00 0.0 0 5.0 14 270 M M 5 18 260
26 71 45 58 -5 7 0 0.00 0.0 0 4.8 14 350 M M 6 18 340
27 71 48 60 -3 5 0 1.25 0.0 0 6.3 18 80 M M 10 1 25 80
28 63 53 58 -5 7 0 0.01 0.0 0 7.2 17 270 M M 8 1 24 250
29 66 49 58 -6 7 0 T 0.0 0 6.8 17 170 M M 7 23 220
30 60 46 53 -11 12 0 0.10 0.0 0 12.3 37 280 M M 7 3 57 270
================================================================================
SM 2128 1423 208 40 2.64 0.0 256.0 M 185
================================================================================
AV 70.9 47.4 8.5 FASTST M M 6 MAX(MPH)
MISC ----> 55 240 79 240
================================================================================
NOTES:
# LAST OF SEVERAL OCCURRENCES
COLUMN 17 PEAK WIND IN M.P.H.
PRELIMINARY LOCAL CLIMATOLOGICAL DATA (WS FORM: F-6) , PAGE 2
STATION: LOUISVILLE KY
MONTH: APRIL
YEAR: 2023
LATITUDE: 38 10 N
LONGITUDE: 85 44 W
[TEMPERATURE DATA] [PRECIPITATION DATA] SYMBOLS USED IN COLUMN 16
AVERAGE MONTHLY: 59.2 TOTAL FOR MONTH: 2.64 1 = FOG OR MIST
DPTR FM NORMAL: 0.2 DPTR FM NORMAL: -2.16 2 = FOG REDUCING VISIBILITY
HIGHEST: 87 ON 20 GRTST 24HR 1.26 ON 27-28 TO 1/4 MILE OR LESS
LOWEST: 36 ON 24 3 = THUNDER
SNOW, ICE PELLETS, HAIL 4 = ICE PELLETS
TOTAL MONTH: 0.0 INCH 5 = HAIL
GRTST 24HR 0.0 6 = FREEZING RAIN OR DRIZZLE
GRTST DEPTH: 0 7 = DUSTSTORM OR SANDSTORM:
VSBY 1/2 MILE OR LESS
8 = SMOKE OR HAZE
[NO. OF DAYS WITH] [WEATHER - DAYS WITH] 9 = BLOWING SNOW
X = TORNADO
MAX 32 OR BELOW: 0 0.01 INCH OR MORE: 8
MAX 90 OR ABOVE: 0 0.10 INCH OR MORE: 5
MIN 32 OR BELOW: 0 0.50 INCH OR MORE: 2
MIN 0 OR BELOW: 0 1.00 INCH OR MORE: 1
[HDD (BASE 65) ]
TOTAL THIS MO. 208 CLEAR (SCALE 0-3) 5
DPTR FM NORMAL -14 PTCLDY (SCALE 4-7) 17
TOTAL FM JUL 1 3341 CLOUDY (SCALE 8-10) 8
DPTR FM NORMAL -533
[CDD (BASE 65) ]
TOTAL THIS MO. 40
DPTR FM NORMAL -4 [PRESSURE DATA]
TOTAL FM JAN 1 42 HIGHEST SLP M ON M
DPTR FM NORMAL -11 LOWEST SLP 29.51 ON 30
[REMARKS]
#FINAL-04-23#