598
CXUS56 KSGX 011245
CF6SDM
PRELIMINARY LOCAL CLIMATOLOGICAL DATA (WS FORM: F-6)
STATION: SAN DIEGO/BROWN
MONTH: JULY
YEAR: 2020
LATITUDE: 32 34 N
LONGITUDE: 116 59 W
TEMPERATURE IN F: :PCPN: SNOW: WIND :SUNSHINE: SKY :PK WND
================================================================================
1 2 3 4 5 6A 6B 7 8 9 10 11 12 13 14 15 16 17 18
12Z AVG MX 2MIN
DY MAX MIN AVG DEP HDD CDD WTR SNW DPTH SPD SPD DIR MIN PSBL S-S WX SPD DR
================================================================================
1 75 61 68 0 0 3 0.00 0.0 0 6.2 14 270 M M 7 19 280
2 76 60 68 0 0 3 0.00 0.0 0 4.1 12 280 M M 4 8 18 270
3 79 53 66 -2 0 1 0.00 0.0 0 4.4 14 280 M M 0 17 290
4 80 60 70 2 0 5 0.00 0.0 0 3.8 12 280 M M 0 1 17 270
5 86 59 73 5 0 8 0.00 0.0 0 4.1 15 270 M M 0 1 19 280
6 85 57 71 3 0 6 0.00 0.0 0 4.4 14 280 M M 2 128 17 280
7 81 61 71 3 0 6 0.00 0.0 0 4.3 12 260 M M 4 18 15 300
8 77 60 69 1 0 4 0.00 0.0 0 4.8 14 280 M M 4 18 19 260
9 78 61 70 2 0 5 0.00 0.0 0 4.5 13 280 M M 3 18 17 270
10 83 63 73 4 0 8 0.00 0.0 0 3.8 12 280 M M 3 18 16 290
11 88 64 76 7 0 11 0.00 0.0 0 3.6 14 280 M M 2 128 18 280
12 89 65 77 8 0 12 0.00 0.0 0 4.3 14 270 M M 0 1 21 280
13 83 65 74 5 0 9 0.00 0.0 0 4.6 13 280 M M 3 18 17 310
14 78 62 70 1 0 5 0.00 0.0 0 4.6 13 270 M M 4 18 270
15 77 64 71 2 0 6 0.00 0.0 0 4.8 14 270 M M 4 19 290
16 78 63 71 2 0 6 0.00 0.0 0 4.6 14 270 M M 4 18 250
17 79 65 72 3 0 7 0.00 0.0 0 4.9 14 280 M M 4 19 270
18 80 62 71 2 0 6 0.00 0.0 0 4.4 15 280 M M 2 19 290
19 79 59 69 0 0 4 0.00 0.0 0 4.6 15 270 M M 3 1 20 280
20 77 62 70 0 0 5 0.00 0.0 0 4.6 12 280 M M 4 18 19 270
21 77 64 71 1 0 6 0.00 0.0 0 4.6 13 270 M M 6 19 270
22 75 62 69 -1 0 4 0.00 0.0 0 4.3 15 270 M M 7 18 270
23 75 59 67 -3 0 2 0.00 0.0 0 5.2 14 270 M M 5 21 270
24 76 63 70 0 0 5 0.00 0.0 0 4.7 14 260 M M 5 19 290
25 78 60 69 -1 0 4 0.00 0.0 0 4.9 14 270 M M 4 19 280
26 78 59 69 -1 0 4 0.00 0.0 0 4.6 14 280 M M 2 19 280
27 78 63 71 1 0 6 0.00 0.0 0 5.0 15 270 M M 5 18 21 290
28 76 61 69 -1 0 4 0.00 0.0 0 4.9 14 280 M M 5 8 19 270
29 76 62 69 -1 0 4 0.00 0.0 0 4.5 14 280 M M 4 18 18 280
30 79 63 71 1 0 6 0.00 0.0 0 5.0 13 280 M M 3 18 19 290
31 85 63 74 4 0 9 0.00 0.0 0 3.9 12 280 M M 0 17 280
================================================================================
SM 2461 1905 0 174 0.00 0.0 141.0 M 103
================================================================================
AV 79.4 61.5 4.5 FASTST M M 3 MAX(MPH)
MISC ----> # 15 270 # 21 280
================================================================================
NOTES:
# LAST OF SEVERAL OCCURRENCES
COLUMN 17 PEAK WIND IN M.P.H.
PRELIMINARY LOCAL CLIMATOLOGICAL DATA (WS FORM: F-6) , PAGE 2
STATION: SAN DIEGO/BROWN
MONTH: JULY
YEAR: 2020
LATITUDE: 32 34 N
LONGITUDE: 116 59 W
[TEMPERATURE DATA] [PRECIPITATION DATA] SYMBOLS USED IN COLUMN 16
AVERAGE MONTHLY: 70.4 TOTAL FOR MONTH: 0.00 1 = FOG OR MIST
DPTR FM NORMAL: 1.4 DPTR FM NORMAL: -0.09 2 = FOG REDUCING VISIBILITY
HIGHEST: 89 ON 12 GRTST 24HR 0.00 ON 31-31 TO 1/4 MILE OR LESS
LOWEST: 53 ON 3 3 = THUNDER
SNOW, ICE PELLETS, HAIL 4 = ICE PELLETS
TOTAL MONTH: 0.0 INCH 5 = HAIL
GRTST 24HR 0.0 6 = FREEZING RAIN OR DRIZZLE
GRTST DEPTH: 0 7 = DUSTSTORM OR SANDSTORM:
VSBY 1/2 MILE OR LESS
8 = SMOKE OR HAZE
[NO. OF DAYS WITH] [WEATHER - DAYS WITH] 9 = BLOWING SNOW
X = TORNADO
MAX 32 OR BELOW: 0 0.01 INCH OR MORE: 0
MAX 90 OR ABOVE: 0 0.10 INCH OR MORE: 0
MIN 32 OR BELOW: 0 0.50 INCH OR MORE: 0
MIN 0 OR BELOW: 0 1.00 INCH OR MORE: 0
[HDD (BASE 65) ]
TOTAL THIS MO. 0 CLEAR (SCALE 0-3) 12
DPTR FM NORMAL -3 PTCLDY (SCALE 4-7) 19
TOTAL FM JUL 1 0 CLOUDY (SCALE 8-10) 0
DPTR FM NORMAL -3
[CDD (BASE 65) ]
TOTAL THIS MO. 174
DPTR FM NORMAL 46 [PRESSURE DATA]
TOTAL FM JAN 1 375 HIGHEST SLP M ON M
DPTR FM NORMAL 162 LOWEST SLP 29.74 ON 21
[REMARKS]
#FINAL-07-20#