000
CXUS54 KFWD 110129
CF6SEP
PRELIMINARY LOCAL CLIMATOLOGICAL DATA (WS FORM: F-6)
STATION: STEPHENVILLE
MONTH: JUNE
YEAR: 2020
LATITUDE: 32 13 N
LONGITUDE: 98 11 W
TEMPERATURE IN F: :PCPN: SNOW: WIND :SUNSHINE: SKY :PK WND
================================================================================
1 2 3 4 5 6A 6B 7 8 9 10 11 12 13 14 15 16 17 18
12Z AVG MX 2MIN
DY MAX MIN AVG DEP HDD CDD WTR SNW DPTH SPD SPD DIR MIN PSBL S-S WX SPD DR
================================================================================
1 85 68 77 1 0 12 0.00 0.0 0 4.5 12 90 M M 3 17 100
2 89 67 78 2 0 13 0.00 0.0 0 5.3 15 160 M M 3 21 160
3 91 68 80 4 0 15 0.00 0.0 0 3.9 8 190 M M 2 M M
4 95 71 83 7 0 18 0.00 0.0 0 5.7 9 240 M M 1 M M
5 94 72 83 6 0 18 0.00 0.0 0 5.5 9 210 M M 1 M M
6 95 69 82 5 0 17 0.00 0.0 0 4.6 13 110 M M 0 16 110
7 92 71 82 5 0 17 0.00 0.0 0 4.7 10 100 M M 2 M M
8 96 68 82 5 0 17 0.00 0.0 0 2.2 7 170 M M 1 M M
9 93 70 82 4 0 17 0.00 0.0 0 10.3 18 350 M M 0 28 350
10 89 60 75 -3 0 10 0.00 0.0 0 8.6 15 350 M M 0 22 350
11 92 58 75 -3 0 10 0.00 0.0 0 3.3 10 70 M M 0 M M
12 91 62 77 -1 0 12 0.00 0.0 0 4.0 9 120 M M 0 M M
13 92 61 77 -1 0 12 0.00 0.0 0 4.6 9 130 M M 0 M M
14 91 65 78 -1 0 13 0.00 0.0 0 5.9 13 120 M M 0 22 100
15 93 65 79 0 0 14 0.00 0.0 0 5.5 16 110 M M 2 16 150
16 92 68 80 1 0 15 0.00 0.0 0 6.6 15 170 M M 1 20 170
17 93 67 80 1 0 15 0.00 0.0 0 8.5 16 170 M M 0 22 180
18 94 70 82 3 0 17 0.00 0.0 0 11.0 17 150 M M 3 23 150
19 94 64 79 -1 0 14 0.57 0.0 0 12.3 25 20 M M 5 3 33 20
20 91 64 78 -2 0 13 0.69 0.0 0 5.9 12 170 M M 5 3 17 360
21 87 69 78 -2 0 13 M 0.0 0 9.7 23 40 M M 1 39 40
22 91 68 80 0 0 15 0.04 0.0 0 10.5 16 70 M M 3 24 70
23 80 68 74 -6 0 9 1.59 0.0 0 8.7 24 280 M M 7 36 280
24 87 69 78 -2 0 13 0.00 0.0 0 6.5 12 40 M M 4 16 360
25 89 69 79 -1 0 14 0.00 0.0 0 3.9 9 100 M M 2 M M
26 88 72 80 0 0 15 0.00 0.0 0 8.9 15 160 M M 2 23 170
27 91 72 82 1 0 17 0.00 0.0 0 11.0 17 170 M M 2 8 27 180
28 87 75 81 0 0 16 0.00 0.0 0 13.3 18 190 M M 4 29 180
29 91 76 84 3 0 19 0.00 0.0 0 13.3 18 190 M M 3 27 190
30 90 78 84 3 0 19 0.00 0.0 0 11.2 15 180 M M 3 23 180
================================================================================
SM 2723 2044 0 439 2.89 0.0 219.9 M 60
================================================================================
AV 90.8 68.1 7.3 FASTST M M 2 MAX(MPH)
MISC ----> # 25 20 # 39 40
================================================================================
NOTES:
# LAST OF SEVERAL OCCURRENCES
COLUMN 17 PEAK WIND IN M.P.H.
PRELIMINARY LOCAL CLIMATOLOGICAL DATA (WS FORM: F-6) , PAGE 2
STATION: STEPHENVILLE
MONTH: JUNE
YEAR: 2020
LATITUDE: 32 13 N
LONGITUDE: 98 11 W
[TEMPERATURE DATA] [PRECIPITATION DATA] SYMBOLS USED IN COLUMN 16
AVERAGE MONTHLY: 79.5 TOTAL FOR MONTH: 2.89 1 = FOG OR MIST
DPTR FM NORMAL: 0.8 DPTR FM NORMAL: -1.12 2 = FOG REDUCING VISIBILITY
HIGHEST: 96 ON 8 GRTST 24HR 1.59 ON 23-23 TO 1/4 MILE OR LESS
LOWEST: 58 ON 11 3 = THUNDER
SNOW, ICE PELLETS, HAIL 4 = ICE PELLETS
TOTAL MONTH: 0.0 INCH 5 = HAIL
GRTST 24HR 0.0 6 = FREEZING RAIN OR DRIZZLE
GRTST DEPTH: 0 7 = DUSTSTORM OR SANDSTORM:
VSBY 1/2 MILE OR LESS
8 = SMOKE OR HAZE
[NO. OF DAYS WITH] [WEATHER - DAYS WITH] 9 = BLOWING SNOW
X = TORNADO
MAX 32 OR BELOW: 0 0.01 INCH OR MORE: 4
MAX 90 OR ABOVE: 21 0.10 INCH OR MORE: 3
MIN 32 OR BELOW: 0 0.50 INCH OR MORE: 3
MIN 0 OR BELOW: 0 1.00 INCH OR MORE: 1
[HDD (BASE 65) ]
TOTAL THIS MO. 0 CLEAR (SCALE 0-3) 25
DPTR FM NORMAL -1 PTCLDY (SCALE 4-7) 5
TOTAL FM JUL 1 2200 CLOUDY (SCALE 8-10) 0
DPTR FM NORMAL -516
[CDD (BASE 65) ]
TOTAL THIS MO. 439
DPTR FM NORMAL 27 [PRESSURE DATA]
TOTAL FM JAN 1 886 HIGHEST SLP M ON M
DPTR FM NORMAL 154 LOWEST SLP M ON M
[REMARKS]
#FINAL-06-20#