000
CXUS56 KOTX 010841
CLMSFF
CLIMATE REPORT
NATIONAL WEATHER SERVICE SPOKANE WA
141 AM PDT FRI SEP 01 2023
...................................
...THE SPOKANE WA FELTS AIRPORT CLIMATE SUMMARY FOR THE MONTH OF AUGUST 2023...
CLIMATE NORMAL PERIOD 1991 TO 2020
CLIMATE RECORD PERIOD 9999 TO 9999
WEATHER OBSERVED NORMAL DEPART LAST YEAR`S
VALUE DATE(S) VALUE FROM VALUE DATE(S)
NORMAL
................................................................
TEMPERATURE (F)
RECORD
HIGH 107 08/10/2018
LOW 40 08/28/2000
HIGHEST 105 08/15 MM MM 103 08/31
LOWEST 47 08/24 MM MM 48 08/28
AVG. MAXIMUM 86.8 86.2 0.6 92.3
AVG. MINIMUM 57.7 54.5 3.2 58.8
MEAN 72.3 70.4 1.9 75.6
DAYS MAX >= 90 13 10.8 2.2 23
DAYS MAX <= 32 0 0.0 0.0 0
DAYS MIN <= 32 0 0.0 0.0 0
DAYS MIN <= 0 0 0.0 0.0 0
PRECIPITATION (INCHES)
RECORD
MAXIMUM 1.72 2013
MINIMUM T 2022
TOTALS 1.42 0.54 0.88 T
DAILY AVG. 0.05 0.02 0.03 T
DAYS >= .01 6 3.4 2.6 0
DAYS >= .10 5 1.5 3.5 0
DAYS >= .50 0 0.1 -0.1 0
DAYS >= 1.00 0 0.0 0.0 0
GREATEST
24 HR. TOTAL 0.72 08/29 TO 08/30 T
DEGREE DAYS
HEATING TOTAL 16 18 -2 1
SINCE 7/1 16 30 -14 MM
COOLING TOTAL 248 184 64 335
SINCE 1/1 733 469 264 MM
................................................................
WIND (MPH)
AVERAGE WIND SPEED 3.7
HIGHEST WIND SPEED/DIRECTION 25/240 DATE 08/18
25/070 08/29
HIGHEST GUST SPEED/DIRECTION 35/220 DATE 08/18
SKY COVER
POSSIBLE SUNSHINE (PERCENT) MM
AVERAGE SKY COVER 0.24
NUMBER OF DAYS FAIR 23
NUMBER OF DAYS PC 5
NUMBER OF DAYS CLOUDY 3
AVERAGE RH (PERCENT) 50
WEATHER CONDITIONS. NUMBER OF DAYS WITH
THUNDERSTORM 1 MIXED PRECIP 0
HEAVY RAIN 2 RAIN 4
LIGHT RAIN 6 FREEZING RAIN 0
LT FREEZING RAIN 0 HAIL 0
HEAVY SNOW 0 SNOW 0
LIGHT SNOW 0 SLEET 0
FOG 7 FOG W/VIS <= 1/4 MILE 0
HAZE 9
- INDICATES NEGATIVE NUMBERS.
R INDICATES RECORD WAS SET OR TIED.
MM INDICATES DATA IS MISSING.
T INDICATES TRACE AMOUNT.
$$