000
CXUS53 KSGF 011510
CF6SGF
PRELIMINARY LOCAL CLIMATOLOGICAL DATA (WS FORM: F-6)
STATION: SPRINGFIELD MO
MONTH: JANUARY
YEAR: 2021
LATITUDE: 37 13 N
LONGITUDE: 93 23 W
TEMPERATURE IN F: :PCPN: SNOW: WIND :SUNSHINE: SKY :PK WND
================================================================================
1 2 3 4 5 6A 6B 7 8 9 10 11 12 13 14 15 16 17 18
12Z AVG MX 2MIN
DY MAX MIN AVG DEP HDD CDD WTR SNW DPTH SPD SPD DIR MIN PSBL S-S WX SPD DR
================================================================================
1 33 29 31 -2 34 0 0.94 0.8 1 9.0 21 20 M M 10 16 28 40
2 31 26 29 -4 36 0 0.07 1.1 T 6.5 14 330 M M 10 126 18 300
3 46 28 37 5 28 0 0.00 0.0 1 6.6 13 140 M M 5 12 15 140
4 53 29 41 9 24 0 0.00 0.0 M 6.9 20 280 M M 2 1 26 290
5 54 22 38 6 27 0 0.00 0.0 0 6.6 18 140 M M 1 1 24 140
6 42 35 39 7 26 0 0.33 T 0 16.0 25 140 M M 7 1 33 140
7 36 32 34 2 31 0 0.10 T 0 10.6 16 30 M M 10 1 22 50
8 34 28 31 -1 34 0 0.00 0.0 0 8.4 15 350 M M 10 1 19 360
9 32 24 28 -4 37 0 0.00 0.0 0 5.4 14 340 M M 9 17 350
10 34 20 27 -5 38 0 0.00 0.0 0 5.7 12 360 M M 4 15 60
11 37 24 31 -1 34 0 0.00 0.0 0 6.6 13 10 M M 7 15 10
12 50 22 36 4 29 0 0.00 0.0 0 9.4 18 250 M M 0 26 240
13 54 22 38 6 27 0 0.00 0.0 0 11.1 20 220 M M 0 27 220
14 47 29 38 6 27 0 0.08 0.0 0 11.7 29 320 M M 5 41 310
15 35 30 33 1 32 0 0.02 0.9 1 18.2 31 280 M M 8 1 46 280
16 35 30 33 1 32 0 T T 1 8.9 20 310 M M 10 30 320
17 44 26 35 3 30 0 0.00 0.0 T 7.8 21 280 M M 5 29 270
18 53 21 37 5 28 0 0.00 0.0 0 7.4 18 220 M M 4 24 220
19 44 25 35 3 30 0 0.00 0.0 0 6.6 16 280 M M 2 12 24 310
20 50 20 35 3 30 0 0.00 0.0 0 9.1 22 200 M M 4 29 220
21 50 32 41 8 24 0 0.00 0.0 0 2.9 13 250 M M 4 1 M M
22 44 28 36 3 29 0 0.00 0.0 0 10.1 22 30 M M 0 28 30
23 39 24 32 -1 33 0 0.04 0.0 0 14.1 26 150 M M 5 35 160
24 47 33 40 7 25 0 0.25 0.0 0 7.9 15 100 M M 10 12 21 170
25 50 42 46 13 19 0 1.60 0.0 0 14.2 26 90 M M 10 13 36 80
26 42 29 36 3 29 0 0.00 0.0 0 10.8 22 250 M M 10 1 32 260
27 31 26 29 -4 36 0 0.10 1.4 1 8.8 18 340 M M 10 1 23 340
28 40 24 32 -1 33 0 0.00 0.0 1 9.1 16 160 M M 4 24 160
29 50 27 39 6 26 0 T 0.0 0 14.7 22 160 M M 0 32 160
30 52 41 47 13 18 0 0.66 0.0 0 14.6 26 160 M M 9 13 36 150
31 45 31 38 4 27 0 T 0.0 0 17.4 28 340 M M 10 18 43 310
================================================================================
SM 1334 859 913 0 4.19 4.2 303.1 M 185
================================================================================
AV 43.0 27.7 9.8 FASTST M M 6 MAX(MPH)
MISC ----> 31 280 46 280
================================================================================
NOTES:
# LAST OF SEVERAL OCCURRENCES
COLUMN 17 PEAK WIND IN M.P.H.
PRELIMINARY LOCAL CLIMATOLOGICAL DATA (WS FORM: F-6) , PAGE 2
STATION: SPRINGFIELD MO
MONTH: JANUARY
YEAR: 2021
LATITUDE: 37 13 N
LONGITUDE: 93 23 W
[TEMPERATURE DATA] [PRECIPITATION DATA] SYMBOLS USED IN COLUMN 16
AVERAGE MONTHLY: 35.4 TOTAL FOR MONTH: 4.19 1 = FOG OR MIST
DPTR FM NORMAL: 2.8 DPTR FM NORMAL: 1.72 2 = FOG REDUCING VISIBILITY
HIGHEST: 54 ON 13, 5 GRTST 24HR 1.64 ON 24-25 TO 1/4 MILE OR LESS
LOWEST: 20 ON 10,20 3 = THUNDER
SNOW, ICE PELLETS, HAIL 4 = ICE PELLETS
TOTAL MONTH: 4.2 INCHES 5 = HAIL
GRTST 24HR 1.4 ON 27-27 6 = FREEZING RAIN OR DRIZZLE
GRTST DEPTH: 1 ON 28,27 7 = DUSTSTORM OR SANDSTORM:
VSBY 1/2 MILE OR LESS
8 = SMOKE OR HAZE
[NO. OF DAYS WITH] [WEATHER - DAYS WITH] 9 = BLOWING SNOW
X = TORNADO
MAX 32 OR BELOW: 3 0.01 INCH OR MORE: 11
MAX 90 OR ABOVE: 0 0.10 INCH OR MORE: 7
MIN 32 OR BELOW: 27 0.50 INCH OR MORE: 3
MIN 0 OR BELOW: 0 1.00 INCH OR MORE: 1
[HDD (BASE 65) ]
TOTAL THIS MO. 913 CLEAR (SCALE 0-3) 7
DPTR FM NORMAL -90 PTCLDY (SCALE 4-7) 12
TOTAL FM JUL 1 2530 CLOUDY (SCALE 8-10) 12
DPTR FM NORMAL -285
[CDD (BASE 65) ]
TOTAL THIS MO. 0
DPTR FM NORMAL 0 [PRESSURE DATA]
TOTAL FM JAN 1 0 HIGHEST SLP 30.67 ON 28
DPTR FM NORMAL 0 LOWEST SLP 29.48 ON 30
[REMARKS]
#FINAL-01-21#