000
CXUS53 KSGF 010810
CF6SGF
PRELIMINARY LOCAL CLIMATOLOGICAL DATA (WS FORM: F-6)
STATION: SPRINGFIELD MO
MONTH: JANUARY
YEAR: 2024
LATITUDE: 37 13 N
LONGITUDE: 93 23 W
TEMPERATURE IN F: :PCPN: SNOW: WIND :SUNSHINE: SKY :PK WND
================================================================================
1 2 3 4 5 6A 6B 7 8 9 10 11 12 13 14 15 16 17 18
12Z AVG MX 2MIN
DY MAX MIN AVG DEP HDD CDD WTR SNW DPTH SPD SPD DIR MIN PSBL S-S WX SPD DR
================================================================================
1 36 21 29 -5 36 0 0.00 0.0 0 5.2 14 360 M M 6 18 330
2 46 22 34 0 31 0 0.00 0.0 0 7.0 14 220 M M 0 21 250
3 48 23 36 2 29 0 0.00 0.0 0 4.9 14 320 M M 0 1 16 320
4 41 23 32 -2 33 0 0.00 0.0 0 6.6 15 150 M M 4 12 20 150
5 36 30 33 -1 32 0 0.01 T 0 12.7 23 130 M M 8 148 33 150
6 36 31 34 0 31 0 0.01 T 0 8.6 14 260 M M 10 12 21 250
7 46 30 38 4 27 0 T 0.0 0 8.1 17 150 M M 3 22 150
8 42 35 39 5 26 0 0.35 T 0 19.9 32 140 M M 8 1 44 120
9 39 27 33 -1 32 0 0.02 0.9 0 16.4 29 280 M M 10 1 45 290
10 51 19 35 1 30 0 0.00 0.0 1 12.0 26 210 M M 1 34 220
11 55 26 41 7 24 0 0.00 0.0 0 14.3 31 140 M M 1 3 42 130
12 49 15 32 -2 33 0 0.25 0.1 0 18.0 32 250 M M 9 136 46 250
13 19 0 10 -24 55 0 T T T 11.0 21 280 M M 5 18 30 280
14 0 -5 -2 -36 67 0 0.07 0.8 T 8.8 18 340 M M 4 8 25 320
15 10 -4 3 -31 62 0 T 0.2 1 9.1 20 330 M M 6 18 24 330
16 13 -5 4 -30 61 0 T T 1 8.6 15 280 M M 1 22 260
17 38 3 21 -13 44 0 0.00 0.0 1 12.0 22 180 M M 0 30 200
18 41 24 33 -1 32 0 0.00 0.0 T 7.7 23 330 M M 0 32 350
19 28 7 18 -16 47 0 T T 0 14.7 31 330 M M 4 8 40 320
20 21 2 12 -22 53 0 0.00 0.0 0 7.1 14 330 M M 0 18 330
21 31 13 22 -12 43 0 T 0.0 0 17.5 25 150 M M 4 6 34 150
22 38 27 33 -1 32 0 0.72 0.0 T 13.7 22 140 M M 10 16 30 150
23 43 36 40 6 25 0 0.06 0.0 0 5.9 17 150 M M 10 12 25 150
24 49 39 44 10 21 0 0.09 0.0 0 3.2 9 340 M M 10 12 10 340
25 48 41 45 10 20 0 0.54 0.0 0 5.1 14 270 M M 10 1 18 260
26 43 38 41 6 24 0 0.00 0.0 0 3.9 12 10 M M 10 12 14 10
27 39 33 36 1 29 0 0.31 0.0 0 10.9 18 330 M M 10 1 24 330
28 47 28 38 3 27 0 0.00 0.0 0 6.3 16 280 M M 6 1 23 290
29 61 25 43 8 22 0 0.00 0.0 0 6.8 16 180 M M 0 1 20 230
30 59 36 48 13 17 0 0.00 0.0 0 9.0 20 320 M M 1 27 300
31 62 24 43 8 22 0 0.00 0.0 0 6.0 14 170 M M 0 1 19 180
================================================================================
SM 1215 664 1067 0 2.43 2.0 301.0 M 151
================================================================================
AV 39.2 21.4 9.7 FASTST M M 5 MAX(MPH)
MISC ----> # 32 140 46 250
================================================================================
NOTES:
# LAST OF SEVERAL OCCURRENCES
COLUMN 17 PEAK WIND IN M.P.H.
PRELIMINARY LOCAL CLIMATOLOGICAL DATA (WS FORM: F-6) , PAGE 2
STATION: SPRINGFIELD MO
MONTH: JANUARY
YEAR: 2024
LATITUDE: 37 13 N
LONGITUDE: 93 23 W
[TEMPERATURE DATA] [PRECIPITATION DATA] SYMBOLS USED IN COLUMN 16
AVERAGE MONTHLY: 30.3 TOTAL FOR MONTH: 2.43 1 = FOG OR MIST
DPTR FM NORMAL: -4.0 DPTR FM NORMAL: -0.11 2 = FOG REDUCING VISIBILITY
HIGHEST: 62 ON 31 GRTST 24HR 0.72 ON 22-22 TO 1/4 MILE OR LESS
LOWEST: -5 ON 16,14 3 = THUNDER
SNOW, ICE PELLETS, HAIL 4 = ICE PELLETS
TOTAL MONTH: 2.0 INCHES 5 = HAIL
GRTST 24HR 0.9 ON 9- 9 6 = FREEZING RAIN OR DRIZZLE
GRTST DEPTH: 1 ON 17,16 7 = DUSTSTORM OR SANDSTORM:
VSBY 1/2 MILE OR LESS
8 = SMOKE OR HAZE
[NO. OF DAYS WITH] [WEATHER - DAYS WITH] 9 = BLOWING SNOW
X = TORNADO
MAX 32 OR BELOW: 7 0.01 INCH OR MORE: 11
MAX 90 OR ABOVE: 0 0.10 INCH OR MORE: 5
MIN 32 OR BELOW: 24 0.50 INCH OR MORE: 2
MIN 0 OR BELOW: 4 1.00 INCH OR MORE: 0
[HDD (BASE 65) ]
TOTAL THIS MO. 1067 CLEAR (SCALE 0-3) 11
DPTR FM NORMAL 114 PTCLDY (SCALE 4-7) 11
TOTAL FM JUL 1 2458 CLOUDY (SCALE 8-10) 9
DPTR FM NORMAL -179
[CDD (BASE 65) ]
TOTAL THIS MO. 0
DPTR FM NORMAL 0 [PRESSURE DATA]
TOTAL FM JAN 1 0 HIGHEST SLP M ON M
DPTR FM NORMAL 0 LOWEST SLP 29.24 ON 9
[REMARKS]
#FINAL-01-24#