000
CXUS54 KHGX 011510
CF6SGR
PRELIMINARY LOCAL CLIMATOLOGICAL DATA (WS FORM: F-6)
STATION: SUGAR LAND/HULL FLD
MONTH: DECEMBER
YEAR: 2022
LATITUDE: 29 37 N
LONGITUDE: 95 39 W
TEMPERATURE IN F: :PCPN: SNOW: WIND :SUNSHINE: SKY :PK WND
================================================================================
1 2 3 4 5 6A 6B 7 8 9 10 11 12 13 14 15 16 17 18
12Z AVG MX 2MIN
DY MAX MIN AVG DEP HDD CDD WTR SNW DPTH SPD SPD DIR MIN PSBL S-S WX SPD DR
================================================================================
1 59 43 51 -8 14 0 0.00 0.0 0 9.1 15 90 M M 4 23 80
2 83 58 71 12 0 6 T 0.0 0 9.6 17 170 M M 10 1 24 150
3 79 62 71 12 0 6 T 0.0 0 6.0 14 340 M M 10 1 19 340
4 71 57 64 6 1 0 0.00 0.0 0 5.6 12 140 M M 10 18 16 150
5 83 66 75 17 0 10 0.00 0.0 0 8.6 20 200 M M 7 1 28 200
6 84 68 76 18 0 11 T 0.0 0 9.1 18 210 M M 8 8 26 220
7 84 68 76 18 0 11 T 0.0 0 7.1 17 170 M M 7 1 24 170
8 83 68 76 18 0 11 0.00 0.0 0 7.5 13 170 M M 5 1 19 160
9 84 69 77 19 0 12 0.00 0.0 0 6.0 16 170 M M 7 1 19 170
10 83 67 75 18 0 10 T 0.0 0 7.8 17 150 M M 6 1 24 160
11 74 65 70 13 0 5 1.14 0.0 0 5.9 17 30 M M 9 13 20 40
12 73 65 69 12 0 4 T 0.0 0 9.2 17 130 M M 10 26 140
13 82 66 74 17 0 9 0.05 0.0 0 12.9 28 180 M M 10 13 41 170
14 69 49 59 2 6 0 0.06 0.0 0 9.4 24 360 M M 5 33 340
15 65 37 51 -5 14 0 0.00 0.0 0 2.3 13 150 M M 0 16 140
16 71 44 58 2 7 0 0.15 0.0 0 8.7 21 20 M M 6 1 26 20
17 58 38 48 -8 17 0 0.00 0.0 0 6.8 18 10 M M 4 26 10
18 56 37 47 -9 18 0 0.00 0.0 0 8.0 18 70 M M 4 25 80
19 53 46 50 -6 15 0 0.18 0.0 0 11.1 22 80 M M 10 13 29 90
20 59 48 54 -2 11 0 T 0.0 0 11.2 17 10 M M 8 1 22 20
21 57 37 47 -9 18 0 0.00 0.0 0 2.7 14 30 M M 3 1 18 30
22 63 21 42 -13 23 0 T 0.0 0 11.8 32 350 M M 7 18 47 350
23 33 17 25 -30 40 0 0.00 0.0 0 14.7 30 350 M M 0 42 340
24 43 22 33 -22 32 0 0.00 0.0 0 7.8 18 30 M M 0 22 30
25 51 23 37 -18 28 0 0.00 0.0 0 3.4 12 60 M M 0 16 170
26 63 27 45 -10 20 0 0.00 0.0 0 3.6 10 330 M M 1 15 340
27 59 32 46 -9 19 0 0.00 0.0 0 5.2 12 160 M M 0 16 160
28 79 36 58 3 7 0 0.00 0.0 0 9.1113 150 M M 4 113 150
29 79 63 71 16 0 6 0.15 0.0 0 9.8 21 180 M M 9 13 28 180
30 73 52 63 8 2 0 0.04 0.0 0 6.0 18 270 M M 5 13 26 270
31 78 48 63 9 2 0 0.00 0.0 0 3.7 13 200 M M 4 12 18 240
================================================================================
SM 2131 1499 294 101 1.77 0.0 239.7 M 173
================================================================================
AV 68.7 48.4 7.7 FASTST M M 6 MAX(MPH)
MISC ----> 113 150 113 150
================================================================================
NOTES:
# LAST OF SEVERAL OCCURRENCES
COLUMN 17 PEAK WIND IN M.P.H.
PRELIMINARY LOCAL CLIMATOLOGICAL DATA (WS FORM: F-6) , PAGE 2
STATION: SUGAR LAND/HULL FLD
MONTH: DECEMBER
YEAR: 2022
LATITUDE: 29 37 N
LONGITUDE: 95 39 W
[TEMPERATURE DATA] [PRECIPITATION DATA] SYMBOLS USED IN COLUMN 16
AVERAGE MONTHLY: 58.5 TOTAL FOR MONTH: 1.77 1 = FOG OR MIST
DPTR FM NORMAL: 2.0 DPTR FM NORMAL: -1.99 2 = FOG REDUCING VISIBILITY
HIGHEST: 84 ON 9, 7 GRTST 24HR 1.14 ON 10-11 TO 1/4 MILE OR LESS
LOWEST: 17 ON 23 3 = THUNDER
SNOW, ICE PELLETS, HAIL 4 = ICE PELLETS
TOTAL MONTH: 0.0 INCH 5 = HAIL
GRTST 24HR 0.0 6 = FREEZING RAIN OR DRIZZLE
GRTST DEPTH: 0 7 = DUSTSTORM OR SANDSTORM:
VSBY 1/2 MILE OR LESS
8 = SMOKE OR HAZE
[NO. OF DAYS WITH] [WEATHER - DAYS WITH] 9 = BLOWING SNOW
X = TORNADO
MAX 32 OR BELOW: 0 0.01 INCH OR MORE: 7
MAX 90 OR ABOVE: 0 0.10 INCH OR MORE: 4
MIN 32 OR BELOW: 6 0.50 INCH OR MORE: 1
MIN 0 OR BELOW: 0 1.00 INCH OR MORE: 1
[HDD (BASE 65) ]
TOTAL THIS MO. 294 CLEAR (SCALE 0-3) 7
DPTR FM NORMAL -6 PTCLDY (SCALE 4-7) 15
TOTAL FM JUL 1 505 CLOUDY (SCALE 8-10) 9
DPTR FM NORMAL 47
[CDD (BASE 65) ]
TOTAL THIS MO. 101
DPTR FM NORMAL 66 [PRESSURE DATA]
TOTAL FM JAN 1 3856 HIGHEST SLP 30.73 ON 23
DPTR FM NORMAL 472 LOWEST SLP 29.67 ON 14
[REMARKS]
#FINAL-12-22#