000
CXUS54 KHGX 060301
CF6SGR
PRELIMINARY LOCAL CLIMATOLOGICAL DATA (WS FORM: F-6)
STATION: SUGAR LAND/HULL FLD
MONTH: NOVEMBER
YEAR: 2023
LATITUDE: 29 37 N
LONGITUDE: 95 39 W
TEMPERATURE IN F: :PCPN: SNOW: WIND :SUNSHINE: SKY :PK WND
================================================================================
1 2 3 4 5 6A 6B 7 8 9 10 11 12 13 14 15 16 17 18
12Z AVG MX 2MIN
DY MAX MIN AVG DEP HDD CDD WTR SNW DPTH SPD SPD DIR MIN PSBL S-S WX SPD DR
================================================================================
1 63 39 51 -16 14 0 0.00 0.0 0 5.9 16 50 M M 0 22 50
2 70 36 53 -14 12 0 0.00 0.0 0 4.3 12 150 M M 2 15 150
3 77 45 61 -6 4 0 0.00 0.0 0 4.6 12 120 M M 2 18 130
4 83 53 68 2 0 3 0.00 0.0 0 6.2 15 140 M M 3 12 20 140
5 84 59 72 6 0 7 0.00 0.0 0 5.8 16 160 M M 4 12 22 160
6 84 59 72 6 0 7 0.00 0.0 0 6.8 15 190 M M 1 12 20 190
7 89 61 75 9 0 10 0.00 0.0 0 8.1 21 170 M M 2 12 28 180
8 87 67 77 12 0 12 0.00 0.0 0 9.0 17 160 M M 2 22 160
9 85 64 75 10 0 10 0.89 0.0 0 3.9 15 160 M M 7 1 20 230
10 71 57 64 -1 1 0 0.24 0.0 0 10.8 20 10 M M 10 1 26 10
11 62 56 59 -5 6 0 0.00 0.0 0 8.1 14 30 M M 10 1 16 30
12 67 59 63 -1 2 0 0.24 0.0 0 8.1 14 30 M M 9 17 20
13 63 60 62 -2 3 0 0.91 0.0 0 10.0 16 20 M M 9 1 20 40
14 74 58 66 3 0 1 0.00 0.0 0 7.8 13 20 M M 8 18 350
15 76 53 65 2 0 0 0.00 0.0 0 7.8 17 30 M M 1 23 340
16 64 59 62 -1 3 0 0.00 0.0 0 3.7 12 50 M M 10 1 16 30
17 77 54 66 3 0 1 0.00 0.0 0 4.7 14 240 M M 2 1 18 220
18 76 56 66 4 0 1 0.00 0.0 0 6.1 15 40 M M 5 21 50
19 76 54 65 3 0 0 T 0.0 0 7.0 16 140 M M 7 12 22 140
20 81 65 73 11 0 8 0.04 0.0 0 7.3 21 340 M M 5 1 30 330
21 65 45 55 -7 10 0 0.00 0.0 0 13.5 24 340 M M 5 34 340
22 60 42 51 -10 14 0 0.00 0.0 0 5.5 15 340 M M 0 21 290
23 58 40 49 -12 16 0 0.01 0.0 0 2.1 7 100 M M 7 10 110
24 68 47 58 -3 7 0 0.00 0.0 0 5.7 14 50 M M 6 18 60
25 68 46 57 -3 8 0 0.00 0.0 0 8.3 16 80 M M 5 24 100
26 62 43 53 -7 12 0 0.20 0.0 0 11.6 22 350 M M 6 1 31 360
27 60 38 49 -11 16 0 0.00 0.0 0 6.8 16 20 M M 2 24 60
28 63 40 52 -8 13 0 0.00 0.0 0 5.3 14 70 M M 5 18 100
29 70 40 55 -5 10 0 0.00 0.0 0 6.6 16 140 M M 6 21 160
30 72 62 67 8 0 2 0.58 0.0 0 8.8 22 160 M M 9 13 29 140
================================================================================
SM 2155 1557 151 62 3.11 0.0 210.2 M 150
================================================================================
AV 71.8 51.9 7.0 FASTST M M 5 MAX(MPH)
MISC ----> 24 340 34 340
================================================================================
NOTES:
# LAST OF SEVERAL OCCURRENCES
COLUMN 17 PEAK WIND IN M.P.H.
PRELIMINARY LOCAL CLIMATOLOGICAL DATA (WS FORM: F-6) , PAGE 2
STATION: SUGAR LAND/HULL FLD
MONTH: NOVEMBER
YEAR: 2023
LATITUDE: 29 37 N
LONGITUDE: 95 39 W
[TEMPERATURE DATA] [PRECIPITATION DATA] SYMBOLS USED IN COLUMN 16
AVERAGE MONTHLY: 61.9 TOTAL FOR MONTH: 3.11 1 = FOG OR MIST
DPTR FM NORMAL: -1.2 DPTR FM NORMAL: -0.67 2 = FOG REDUCING VISIBILITY
HIGHEST: 89 ON 7 GRTST 24HR 1.14 ON 12-13 TO 1/4 MILE OR LESS
LOWEST: 36 ON 2 3 = THUNDER
SNOW, ICE PELLETS, HAIL 4 = ICE PELLETS
TOTAL MONTH: 0.0 INCH 5 = HAIL
GRTST 24HR 0.0 6 = FREEZING RAIN OR DRIZZLE
GRTST DEPTH: 0 7 = DUSTSTORM OR SANDSTORM:
VSBY 1/2 MILE OR LESS
8 = SMOKE OR HAZE
[NO. OF DAYS WITH] [WEATHER - DAYS WITH] 9 = BLOWING SNOW
X = TORNADO
MAX 32 OR BELOW: 0 0.01 INCH OR MORE: 8
MAX 90 OR ABOVE: 0 0.10 INCH OR MORE: 6
MIN 32 OR BELOW: 0 0.50 INCH OR MORE: 3
MIN 0 OR BELOW: 0 1.00 INCH OR MORE: 0
[HDD (BASE 65) ]
TOTAL THIS MO. 151 CLEAR (SCALE 0-3) 11
DPTR FM NORMAL 12 PTCLDY (SCALE 4-7) 13
TOTAL FM JUL 1 190 CLOUDY (SCALE 8-10) 6
DPTR FM NORMAL 31
[CDD (BASE 65) ]
TOTAL THIS MO. 62
DPTR FM NORMAL -22 [PRESSURE DATA]
TOTAL FM JAN 1 3991 HIGHEST SLP 30.48 ON 1
DPTR FM NORMAL 642 LOWEST SLP 29.67 ON 20
[REMARKS]
#FINAL-11-23#