000
CXUS54 KSHV 011300
CF6SHV
PRELIMINARY LOCAL CLIMATOLOGICAL DATA (WS FORM: F-6)
STATION: SHREVEPORT
MONTH: AUGUST
YEAR: 2022
LATITUDE: 32 28 N
LONGITUDE: 93 49 W
TEMPERATURE IN F: :PCPN: SNOW: WIND :SUNSHINE: SKY :PK WND
================================================================================
1 2 3 4 5 6A 6B 7 8 9 10 11 12 13 14 15 16 17 18
12Z AVG MX 2MIN
DY MAX MIN AVG DEP HDD CDD WTR SNW DPTH SPD SPD DIR MIN PSBL S-S WX SPD DR
================================================================================
1 97 77 87 2 0 22 0.00 0.0 0 6.3 17 180 M M 4 3 24 170
2 98 79 89 4 0 24 0.00 0.0 0 8.1 17 240 M M 5 3 23 150
3 100 78 89 4 0 24 0.00 0.0 0 8.1 30 130 M M 2 38 140
4 96 77 87 2 0 22 0.00 0.0 0 6.7 16 250 M M 6 20 150
5 99 76 88 3 0 23 0.00 0.0 0 6.8 16 160 M M 3 20 160
6 98 77 88 3 0 23 T 0.0 0 7.8 22 160 M M 4 3 26 160
7 99 74 87 2 0 22 0.00 0.0 0 6.3 16 160 M M 2 20 170
8 100 76 88 3 0 23 T 0.0 0 5.5 23 60 M M 3 3 35 150
9 98 75 87 2 0 22 0.11 0.0 0 6.7 31 10 M M 6 3 39 360
10 89 74 82 -2 0 17 0.80 0.0 0 4.2 17 40 M M 9 13 21 40
11 95 75 85 1 0 20 T 0.0 0 5.7 20 30 M M 7 3 23 30
12 95 77 86 2 0 21 0.47 0.0 0 6.1 26 80 M M 5 34 90
13 96 76 86 2 0 21 0.00 0.0 0 7.5 14 50 M M 3 19 20
14 99 75 87 3 0 22 0.00 0.0 0 4.4 12 230 M M 2 15 220
15 100 78 89 5 0 24 0.00 0.0 0 4.3 10 170 M M 3 13 280
16 100 79 90 6 0 25 0.00 0.0 0 5.8 9 220 M M 7 M M
17 96 79 88 4 0 23 0.00 0.0 0 7.4 16 250 M M 8 3 22 250
18 85 75 80 -4 0 15 0.01 0.0 0 7.0 15 40 M M 9 18 40
19 93 74 84 0 0 19 0.00 0.0 0 4.0 15 220 M M 7 18 220
20 96 75 86 2 0 21 T 0.0 0 5.9 18 220 M M 6 3 22 220
21 92 75 84 0 0 19 0.48 0.0 0 6.4 14 330 M M 8 138 18 330
22 78 73 76 -8 0 11 4.41 0.0 0 5.9 14 120 M M 10 13 17 110
23 88 71 80 -4 0 15 0.59 0.0 0 6.9 16 340 M M 9 1 20 320
24 82 75 79 -4 0 14 0.03 0.0 0 6.6 16 30 M M 9 18 21 30
25 86 75 81 -2 0 16 T 0.0 0 5.4 12 40 M M 9 15 50
26 91 77 84 1 0 19 0.01 0.0 0 5.8 16 80 M M 7 19 80
27 90 76 83 0 0 18 2.20 0.0 0 5.9 18 80 M M 7 13 28 180
28 94 76 85 2 0 20 T 0.0 0 8.1 18 180 M M 5 21 160
29 93 75 84 1 0 19 0.78 0.0 0 5.6 20 220 M M 5 13 25 220
30 92 74 83 1 0 18 0.02 0.0 0 3.0 12 330 M M 7 3 14 330
31 95 74 85 3 0 20 0.00 0.0 0 1.6 9 360 M M 6 1 13 300
================================================================================
SM 2910 2347 0 622 9.91 0.0 185.8 M 183
================================================================================
AV 93.9 75.7 6.0 FASTST M M 6 MAX(MPH)
MISC ----> 31 10 39 360
================================================================================
NOTES:
# LAST OF SEVERAL OCCURRENCES
COLUMN 17 PEAK WIND IN M.P.H.
PRELIMINARY LOCAL CLIMATOLOGICAL DATA (WS FORM: F-6) , PAGE 2
STATION: SHREVEPORT
MONTH: AUGUST
YEAR: 2022
LATITUDE: 32 28 N
LONGITUDE: 93 49 W
[TEMPERATURE DATA] [PRECIPITATION DATA] SYMBOLS USED IN COLUMN 16
AVERAGE MONTHLY: 84.8 TOTAL FOR MONTH: 9.91 1 = FOG OR MIST
DPTR FM NORMAL: 0.8 DPTR FM NORMAL: 7.00 2 = FOG REDUCING VISIBILITY
HIGHEST: 100 ON 16,15 GRTST 24HR 4.90 ON 22-23 TO 1/4 MILE OR LESS
LOWEST: 71 ON 23 3 = THUNDER
SNOW, ICE PELLETS, HAIL 4 = ICE PELLETS
TOTAL MONTH: 0.0 INCH 5 = HAIL
GRTST 24HR 0.0 6 = FREEZING RAIN OR DRIZZLE
GRTST DEPTH: 0 7 = DUSTSTORM OR SANDSTORM:
VSBY 1/2 MILE OR LESS
8 = SMOKE OR HAZE
[NO. OF DAYS WITH] [WEATHER - DAYS WITH] 9 = BLOWING SNOW
X = TORNADO
MAX 32 OR BELOW: 0 0.01 INCH OR MORE: 12
MAX 90 OR ABOVE: 25 0.10 INCH OR MORE: 8
MIN 32 OR BELOW: 0 0.50 INCH OR MORE: 5
MIN 0 OR BELOW: 0 1.00 INCH OR MORE: 2
[HDD (BASE 65) ]
TOTAL THIS MO. 0 CLEAR (SCALE 0-3) 5
DPTR FM NORMAL 0 PTCLDY (SCALE 4-7) 19
TOTAL FM JUL 1 0 CLOUDY (SCALE 8-10) 7
DPTR FM NORMAL 0
[CDD (BASE 65) ]
TOTAL THIS MO. 622
DPTR FM NORMAL 35 [PRESSURE DATA]
TOTAL FM JAN 1 2544 HIGHEST SLP 30.15 ON 7
DPTR FM NORMAL 448 LOWEST SLP 29.79 ON 23
[REMARKS]
#FINAL-08-22#