000
CXUS54 KSHV 011300
CF6SHV
PRELIMINARY LOCAL CLIMATOLOGICAL DATA (WS FORM: F-6)
STATION: SHREVEPORT
MONTH: JULY
YEAR: 2021
LATITUDE: 32 28 N
LONGITUDE: 93 49 W
TEMPERATURE IN F: :PCPN: SNOW: WIND :SUNSHINE: SKY :PK WND
================================================================================
1 2 3 4 5 6A 6B 7 8 9 10 11 12 13 14 15 16 17 18
12Z AVG MX 2MIN
DY MAX MIN AVG DEP HDD CDD WTR SNW DPTH SPD SPD DIR MIN PSBL S-S WX SPD DR
================================================================================
1 94 73 84 1 0 19 0.00 0.0 0 3.5 12 220 M M 6 16 250
2 91 76 84 1 0 19 1.17 0.0 0 4.1 18 350 M M 9 13 22 340
3 89 70 80 -3 0 15 0.00 0.0 0 5.8 18 60 M M 4 1 23 60
4 90 66 78 -5 0 13 0.00 0.0 0 4.0 12 110 M M 2 8 17 90
5 93 71 82 -1 0 17 0.00 0.0 0 3.8 10 110 M M 4 8 14 60
6 94 75 85 2 0 20 0.00 0.0 0 5.0 13 180 M M 4 3 15 190
7 94 73 84 1 0 19 0.20 0.0 0 3.8 26 170 M M 4 138 31 170
8 95 72 84 1 0 19 0.00 0.0 0 5.6 17 180 M M 2 1 24 170
9 91 73 82 -2 0 17 0.00 0.0 0 5.6 30 200 M M 5 8 41 220
10 94 74 84 0 0 19 T 0.0 0 7.5 17 240 M M 6 22 230
11 89 70 80 -4 0 15 1.44 0.0 0 8.3 21 280 M M 8 13 25 280
12 88 70 79 -5 0 14 0.08 0.0 0 6.8 21 280 M M 8 13 27 270
13 93 69 81 -3 0 16 0.00 0.0 0 4.4 20 190 M M 5 27 200
14 94 70 82 -2 0 17 0.02 0.0 0 4.5 20 130 M M 6 3 28 140
15 92 74 83 -1 0 18 0.57 0.0 0 6.7 38 160 M M 5 138 45 170
16 93 74 84 0 0 19 T 0.0 0 7.7 18 180 M M 8 1 23 190
17 94 77 86 2 0 21 0.00 0.0 0 6.1 14 240 M M 4 18 240
18 94 77 86 2 0 21 0.00 0.0 0 6.3 14 200 M M 6 18 240
19 81 72 77 -7 0 12 0.75 0.0 0 5.2 20 10 M M 7 138 25 360
20 90 72 81 -3 0 16 0.01 0.0 0 7.9 24 10 M M 6 1 28 360
21 92 74 83 -1 0 18 0.04 0.0 0 5.4 13 40 M M 2 8 17 360
22 94 73 84 0 0 19 0.00 0.0 0 4.4 10 230 M M 2 18 14 230
23 94 77 86 2 0 21 0.00 0.0 0 5.0 13 230 M M 3 17 240
24 94 78 86 2 0 21 0.00 0.0 0 5.5 13 250 M M 1 18 250
25 96 77 87 3 0 22 0.00 0.0 0 3.3 9 250 M M 2 8 12 170
26 96 74 85 1 0 20 0.00 0.0 0 1.9 10 250 M M 5 15 210
27 96 77 87 3 0 22 T 0.0 0 3.4 13 10 M M 8 3 17 20
28 97 76 87 2 0 22 0.00 0.0 0 2.7 10 50 M M 7 18 13 150
29 98 77 88 3 0 23 0.00 0.0 0 2.6 9 140 M M 3 12 90
30 98 78 88 3 0 23 0.00 0.0 0 2.6 16 220 M M 3 8 25 210
31 97 79 88 3 0 23 0.00 0.0 0 4.7 13 230 M M 1 8 16 210
================================================================================
SM 2885 2288 0 580 4.28 0.0 154.1 M 146
================================================================================
AV 93.1 73.8 5.0 FASTST M M 5 MAX(MPH)
MISC ----> 38 160 45 170
================================================================================
NOTES:
# LAST OF SEVERAL OCCURRENCES
COLUMN 17 PEAK WIND IN M.P.H.
PRELIMINARY LOCAL CLIMATOLOGICAL DATA (WS FORM: F-6) , PAGE 2
STATION: SHREVEPORT
MONTH: JULY
YEAR: 2021
LATITUDE: 32 28 N
LONGITUDE: 93 49 W
[TEMPERATURE DATA] [PRECIPITATION DATA] SYMBOLS USED IN COLUMN 16
AVERAGE MONTHLY: 83.4 TOTAL FOR MONTH: 4.28 1 = FOG OR MIST
DPTR FM NORMAL: -0.5 DPTR FM NORMAL: 0.78 2 = FOG REDUCING VISIBILITY
HIGHEST: 98 ON 30,29 GRTST 24HR 1.52 ON 11-12 TO 1/4 MILE OR LESS
LOWEST: 66 ON 4 3 = THUNDER
SNOW, ICE PELLETS, HAIL 4 = ICE PELLETS
TOTAL MONTH: 0.0 INCH 5 = HAIL
GRTST 24HR 0.0 6 = FREEZING RAIN OR DRIZZLE
GRTST DEPTH: 0 7 = DUSTSTORM OR SANDSTORM:
VSBY 1/2 MILE OR LESS
8 = SMOKE OR HAZE
[NO. OF DAYS WITH] [WEATHER - DAYS WITH] 9 = BLOWING SNOW
X = TORNADO
MAX 32 OR BELOW: 0 0.01 INCH OR MORE: 9
MAX 90 OR ABOVE: 27 0.10 INCH OR MORE: 5
MIN 32 OR BELOW: 0 0.50 INCH OR MORE: 4
MIN 0 OR BELOW: 0 1.00 INCH OR MORE: 2
[HDD (BASE 65) ]
TOTAL THIS MO. 0 CLEAR (SCALE 0-3) 8
DPTR FM NORMAL 0 PTCLDY (SCALE 4-7) 22
TOTAL FM JUL 1 0 CLOUDY (SCALE 8-10) 1
DPTR FM NORMAL 0
[CDD (BASE 65) ]
TOTAL THIS MO. 580
DPTR FM NORMAL -6 [PRESSURE DATA]
TOTAL FM JAN 1 1504 HIGHEST SLP 30.22 ON 14
DPTR FM NORMAL -5 LOWEST SLP 29.86 ON 26
[REMARKS]
#FINAL-07-21#