000
CXUS56 KMFR 010930
CF6SIY
PRELIMINARY LOCAL CLIMATOLOGICAL DATA (WS FORM: F-6)
STATION: MONTAGUE CA
MONTH: JUNE
YEAR: 2022
LATITUDE: 41 46 N
LONGITUDE: 122 28 W
TEMPERATURE IN F: :PCPN: SNOW: WIND :SUNSHINE: SKY :PK WND
================================================================================
1 2 3 4 5 6A 6B 7 8 9 10 11 12 13 14 15 16 17 18
12Z AVG MX 2MIN
DY MAX MIN AVG DEP HDD CDD WTR SNW DPTH SPD SPD DIR MIN PSBL S-S WX SPD DR
================================================================================
1 86 44 65 4 0 0 0.00 M M 5.6 23 340 M M 0 29 340
2 85 57 71 10 0 6 0.00 M M 7.2 18 290 M M 3 26 320
3 75 48 62 1 3 0 0.09 M M 6.1 15 250 M M 6 20 290
4 71 51 61 0 4 0 0.18 M M 14.0 32 170 M M 9 42 160
5 78 52 65 3 0 0 0.10 M M 10.0 26 240 M M 6 1 41 230
6 76 40 58 -4 7 0 0.00 M M 8.1 20 10 M M 1 27 10
7 82 44 63 1 2 0 T M M 6.6 16 310 M M 3 22 320
8 85 54 70 8 0 5 0.01 M M 6.6 15 360 M M 4 16 99
9 89 49 69 6 0 4 0.00 M M 6.1 20 20 M M 0 23 20
10 89 58 74 11 0 9 0.00 M M 6.1 20 240 M M 1 27 250
11 86 65 76 13 0 11 0.00 M M 10.0 25 260 M M 4 39 270
12 68 45 57 -7 8 0 0.12 M M 10.8 25 280 M M 8 1 36 280
13 65 39 52 -12 13 0 0.00 M M 11.7 22 360 M M 4 30 10
14 75 38 57 -7 8 0 0.00 M M 7.3 21 30 M M 0 28 50
15 86 39 63 -1 2 0 0.00 M M 7.9 23 300 M M 1 30 310
16 73 53 63 -2 2 0 0.00 M M 10.0 21 350 M M 1 27 340
17 62 47 55 -10 10 0 0.34 M M 6.5 18 350 M M 9 13 24 360
18 66 45 56 -10 9 0 T M M 7.8 21 20 M M 6 29 30
19 72 38 55 -11 10 0 0.00 M M 7.8 24 20 M M 2 35 10
20 79 43 61 -5 4 0 0.00 M M 9.2 21 350 M M 0 26 350
21 92 47 70 3 0 5 0.00 M M 8.8 22 350 M M 0 32 20
22 97 52 75 8 0 10 0.00 M M 7.5 22 20 M M 0 29 20
23 93 56 75 8 0 10 0.00 M M 10.7 25 20 M M 0 31 20
24 95 51 73 5 0 8 0.00 M M 8.0 21 10 M M 0 25 360
25 100 63 82 14 0 17 0.00 M M 7.0 17 10 M M 0 22 360
26 102 59 81 13 0 16 0.00 M M 8.7 21 170 M M 0 29 210
27 100 55 78 9 0 13 0.00 M M 7.4 28 190 M M 0 48 170
28 90 58 74 5 0 9 0.00 M M 11.8 25 30 M M 0 8 36 10
29 92 54 73 3 0 8 0.00 M M 8.0 22 350 M M 0 27 350
30 93 54 74 4 0 9 0.00 M M 8.1 23 10 M M 0 30 320
================================================================================
SM 2502 1498 82 140 0.84 M 251.4 M 68
================================================================================
AV 83.4 49.9 8.4 FASTST M M 2 MAX(MPH)
MISC ----> 32 170 48 170
================================================================================
NOTES:
# LAST OF SEVERAL OCCURRENCES
COLUMN 17 PEAK WIND IN M.P.H.
PRELIMINARY LOCAL CLIMATOLOGICAL DATA (WS FORM: F-6) , PAGE 2
STATION: MONTAGUE CA
MONTH: JUNE
YEAR: 2022
LATITUDE: 41 46 N
LONGITUDE: 122 28 W
[TEMPERATURE DATA] [PRECIPITATION DATA] SYMBOLS USED IN COLUMN 16
AVERAGE MONTHLY: 66.7 TOTAL FOR MONTH: 0.84 1 = FOG OR MIST
DPTR FM NORMAL: 1.8 DPTR FM NORMAL: 0.28 2 = FOG REDUCING VISIBILITY
HIGHEST: 102 ON 26 GRTST 24HR 0.34 ON 17-17 TO 1/4 MILE OR LESS
LOWEST: 38 ON 19,14 3 = THUNDER
SNOW, ICE PELLETS, HAIL 4 = ICE PELLETS
TOTAL MONTH: M 5 = HAIL
GRTST 24HR M ON M 6 = FREEZING RAIN OR DRIZZLE
GRTST DEPTH: M ON M 7 = DUSTSTORM OR SANDSTORM:
VSBY 1/2 MILE OR LESS
8 = SMOKE OR HAZE
[NO. OF DAYS WITH] [WEATHER - DAYS WITH] 9 = BLOWING SNOW
X = TORNADO
MAX 32 OR BELOW: 0 0.01 INCH OR MORE: 6
MAX 90 OR ABOVE: 10 0.10 INCH OR MORE: 4
MIN 32 OR BELOW: 0 0.50 INCH OR MORE: 0
MIN 0 OR BELOW: 0 1.00 INCH OR MORE: 0
[HDD (BASE 65) ]
TOTAL THIS MO. 82 CLEAR (SCALE 0-3) 21
DPTR FM NORMAL -6 PTCLDY (SCALE 4-7) 7
TOTAL FM JUL 1 5113 CLOUDY (SCALE 8-10) 2
DPTR FM NORMAL -14
[CDD (BASE 65) ]
TOTAL THIS MO. 140
DPTR FM NORMAL 55 [PRESSURE DATA]
TOTAL FM JAN 1 147 HIGHEST SLP M ON M
DPTR FM NORMAL 46 LOWEST SLP 29.70 ON 12
[REMARKS]
#FINAL-06-22#