000
CXUS56 KMFR 011030
CF6SIY
PRELIMINARY LOCAL CLIMATOLOGICAL DATA (WS FORM: F-6)
STATION: MONTAGUE CA
MONTH: JANUARY
YEAR: 2024
LATITUDE: 41 46 N
LONGITUDE: 122 28 W
TEMPERATURE IN F: :PCPN: SNOW: WIND :SUNSHINE: SKY :PK WND
================================================================================
1 2 3 4 5 6A 6B 7 8 9 10 11 12 13 14 15 16 17 18
12Z AVG MX 2MIN
DY MAX MIN AVG DEP HDD CDD WTR SNW DPTH SPD SPD DIR MIN PSBL S-S WX SPD DR
================================================================================
1 43 29 36 0 29 0 0.00 M M 3.1 10 10 M M 7 13 10
2 51 32 42 6 23 0 0.04 M M 12.2 38 170 M M 6 52 180
3 46 31 39 3 26 0 T M M 2.7 9 60 M M 8 12 150
4 46 32 39 3 26 0 0.01 M M 1.9 8 50 M M 9 1 11 60
5 42 30 36 0 29 0 0.00 M M 2.7 9 30 M M 7 12 11 30
6 37 22 30 -6 35 0 0.49 M M 3.2 18 10 M M 9 12 22 350
7 38 18 28 -8 37 0 T M M 1.5 6 330 M M 8 12 8 330
8 36 24 30 -6 35 0 0.00 M M 0.4 6 110 M M 10 6 100
9 43 32 38 2 27 0 0.03 M M 9.1 22 240 M M 8 29 220
10 37 20 29 -7 36 0 0.36 M M 5.8 17 350 M M 10 12 22 340
11 37 13 25 -11 40 0 0.00 M M 3.4 9 230 M M 8 12 13 250
12 37 22 30 -6 35 0 0.06 M M 3.5 14 190 M M 7 1 15 190
13 44 34 39 3 26 0 0.86 M M 9.6 32 170 M M 10 1 41 180
14 53 32 43 6 22 0 0.01 M M 2.1 9 210 M M 6 12 200
15 44 33 39 2 26 0 0.00 M M 3.4 13 360 M M 10 16 360
16 38 33 36 -1 29 0 0.06 M M 8.8 15 360 M M 9 1 18 360
17 53 34 44 7 21 0 T M M 8.1 17 230 M M 9 23 230
18 48 39 44 7 21 0 0.01 M M 4.7 13 10 M M 6 14 20
19 56 40 48 11 17 0 0.00 M M 11.4 35 180 M M 5 48 180
20 54 40 47 10 18 0 T M M 12.0 30 180 M M 9 42 170
21 57 37 47 10 18 0 0.09 M M 12.7 30 170 M M 8 1 36 160
22 54 39 47 10 18 0 0.13 M M 4.2 16 120 M M 7 1 19 120
23 53 35 44 7 21 0 T M M 1.0 9 120 M M 6 12 10 110
24 54 41 48 11 17 0 0.13 M M 9.0 22 180 M M 9 27 170
25 51 30 41 4 24 0 0.00 M M 2.2 9 60 M M 3 10 60
26 50 40 45 8 20 0 T M M 6.2 13 10 M M 8 15 10
27 57 43 50 13 15 0 0.02 M M 4.8 10 30 M M 9 12 60
28 64 40 52 14 13 0 0.02 M M 3.4 10 50 M M 5 12 11 360
29 67 36 52 14 13 0 0.00 M M 5.4 23 170 M M 3 12 29 180
30 66 47 57 19 8 0 0.00 M M 21.8 46 170 M M 1 60 170
31 56 44 50 12 15 0 T M M 33.5 51 160 M M 8 70 150
================================================================================
SM 1512 1022 740 0 2.32 M 213.8 M 228
================================================================================
AV 48.8 33.0 6.9 FASTST M M 7 MAX(MPH)
MISC ----> 51 160 70 150
================================================================================
NOTES:
# LAST OF SEVERAL OCCURRENCES
COLUMN 17 PEAK WIND IN M.P.H.
PRELIMINARY LOCAL CLIMATOLOGICAL DATA (WS FORM: F-6) , PAGE 2
STATION: MONTAGUE CA
MONTH: JANUARY
YEAR: 2024
LATITUDE: 41 46 N
LONGITUDE: 122 28 W
[TEMPERATURE DATA] [PRECIPITATION DATA] SYMBOLS USED IN COLUMN 16
AVERAGE MONTHLY: 40.9 TOTAL FOR MONTH: 2.32 1 = FOG OR MIST
DPTR FM NORMAL: 4.2 DPTR FM NORMAL: 0.89 2 = FOG REDUCING VISIBILITY
HIGHEST: 67 ON 29 GRTST 24HR 1.22 ON 27-28 TO 1/4 MILE OR LESS
LOWEST: 13 ON 11 3 = THUNDER
SNOW, ICE PELLETS, HAIL 4 = ICE PELLETS
TOTAL MONTH: M 5 = HAIL
GRTST 24HR M ON M 6 = FREEZING RAIN OR DRIZZLE
GRTST DEPTH: M ON M 7 = DUSTSTORM OR SANDSTORM:
VSBY 1/2 MILE OR LESS
8 = SMOKE OR HAZE
[NO. OF DAYS WITH] [WEATHER - DAYS WITH] 9 = BLOWING SNOW
X = TORNADO
MAX 32 OR BELOW: 0 0.01 INCH OR MORE: 15
MAX 90 OR ABOVE: 0 0.10 INCH OR MORE: 5
MIN 32 OR BELOW: 14 0.50 INCH OR MORE: 1
MIN 0 OR BELOW: 0 1.00 INCH OR MORE: 0
[HDD (BASE 65) ]
TOTAL THIS MO. 740 CLEAR (SCALE 0-3) 3
DPTR FM NORMAL -137 PTCLDY (SCALE 4-7) 15
TOTAL FM JUL 1 2597 CLOUDY (SCALE 8-10) 13
DPTR FM NORMAL -355
[CDD (BASE 65) ]
TOTAL THIS MO. 0
DPTR FM NORMAL 0 [PRESSURE DATA]
TOTAL FM JAN 1 0 HIGHEST SLP 30.53 ON 5
DPTR FM NORMAL 0 LOWEST SLP 29.52 ON 31
[REMARKS]
#FINAL-01-24#