000
CXUS56 KMTR 010900
CF6SJC
PRELIMINARY LOCAL CLIMATOLOGICAL DATA (WS FORM: F-6)
STATION: SAN JOSE AIRPORT
MONTH: MAY
YEAR: 2021
LATITUDE: 37 21 N
LONGITUDE: 121 55 W
TEMPERATURE IN F: :PCPN: SNOW: WIND :SUNSHINE: SKY :PK WND
================================================================================
1 2 3 4 5 6A 6B 7 8 9 10 11 12 13 14 15 16 17 18
12Z AVG MX 2MIN
DY MAX MIN AVG DEP HDD CDD WTR SNW DPTH SPD SPD DIR MIN PSBL S-S WX SPD DR
================================================================================
1 72 51 62 1 3 0 0.00 M M 7.9 24 330 M M 2 27 330
2 73 49 61 0 4 0 0.00 M M 8.6 25 340 M M 1 30 330
3 83 51 67 6 0 2 0.00 M M 6.9 21 340 M M 1 24 340
4 83 56 70 9 0 5 0.00 M M 6.8 18 330 M M 1 22 320
5 83 53 68 7 0 3 0.00 M M 6.4 17 320 M M 1 24 340
6 72 51 62 0 3 0 0.00 M M 8.7 23 340 M M 4 28 330
7 72 49 61 -1 4 0 0.00 M M 7.3 21 330 M M 1 24 330
8 84 50 67 5 0 2 0.00 M M 8.0 18 340 M M 1 24 330
9 81 53 67 5 0 2 0.00 M M 8.0 21 350 M M 3 24 350
10 85 53 69 7 0 4 0.00 M M 7.3 21 340 M M 0 25 350
11 83 53 68 6 0 3 0.00 M M 6.4 16 310 M M 0 19 300
12 74 53 64 2 1 0 0.00 M M 7.2 15 320 M M 1 19 310
13 72 52 62 0 3 0 0.00 M M 6.9 16 330 M M 6 19 340
14 69 52 61 -2 4 0 0.00 M M 7.7 17 330 M M 7 22 330
15 69 52 61 -2 4 0 0.00 M M 7.2 16 320 M M 8 21 350
16 71 53 62 -1 3 0 0.00 M M 8.7 17 330 M M 5 22 320
17 69 53 61 -2 4 0 0.00 M M 8.3 23 330 M M 5 29 330
18 73 50 62 -1 3 0 0.00 M M 8.2 21 340 M M 1 25 350
19 67 50 59 -4 6 0 0.00 M M 10.3 24 320 M M 1 30 320
20 67 48 58 -6 7 0 0.00 M M 11.1 24 320 M M 2 31 320
21 70 48 59 -5 6 0 0.00 M M 8.6 21 340 M M 1 30 330
22 74 49 62 -2 3 0 0.00 M M 10.5 21 340 M M 1 27 360
23 69 49 59 -5 6 0 0.00 M M 8.3 21 340 M M 2 27 330
24 75 51 63 -1 2 0 0.00 M M 7.9 23 340 M M 3 28 340
25 70 53 62 -2 3 0 0.00 M M 7.2 22 340 M M 2 25 340
26 75 51 63 -1 2 0 0.00 M M 6.7 21 320 M M 1 24 340
27 72 50 61 -4 4 0 0.00 M M 6.6 22 350 M M 1 26 350
28 72 53 63 -2 2 0 0.00 M M 8.1 20 320 M M 3 22 320
29 66 54 60 -5 5 0 0.00 M M 8.4 20 340 M M 5 24 330
30 84 54 69 4 0 4 0.00 M M 6.5 17 320 M M 4 20 320
31 85 56 71 6 0 6 0.00 M M 5.8 17 310 M M 3 21 320
================================================================================
SM 2314 1600 82 31 0.00 M 242.5 M 77
================================================================================
AV 74.6 51.6 7.8 FASTST M M 2 MAX(MPH)
MISC ----> 25 340 31 320
================================================================================
NOTES:
# LAST OF SEVERAL OCCURRENCES
COLUMN 17 PEAK WIND IN M.P.H.
PRELIMINARY LOCAL CLIMATOLOGICAL DATA (WS FORM: F-6) , PAGE 2
STATION: SAN JOSE AIRPORT
MONTH: MAY
YEAR: 2021
LATITUDE: 37 21 N
LONGITUDE: 121 55 W
[TEMPERATURE DATA] [PRECIPITATION DATA] SYMBOLS USED IN COLUMN 16
AVERAGE MONTHLY: 63.1 TOTAL FOR MONTH: 0.00 1 = FOG OR MIST
DPTR FM NORMAL: 0.1 DPTR FM NORMAL: -0.39 2 = FOG REDUCING VISIBILITY
HIGHEST: 85 ON 31,10 GRTST 24HR 0.00 ON 1- 1 TO 1/4 MILE OR LESS
LOWEST: 48 ON 21,20 3 = THUNDER
SNOW, ICE PELLETS, HAIL 4 = ICE PELLETS
TOTAL MONTH: M 5 = HAIL
GRTST 24HR M ON M 6 = FREEZING RAIN OR DRIZZLE
GRTST DEPTH: M ON M 7 = DUSTSTORM OR SANDSTORM:
VSBY 1/2 MILE OR LESS
8 = SMOKE OR HAZE
[NO. OF DAYS WITH] [WEATHER - DAYS WITH] 9 = BLOWING SNOW
X = TORNADO
MAX 32 OR BELOW: 0 0.01 INCH OR MORE: 0
MAX 90 OR ABOVE: 0 0.10 INCH OR MORE: 0
MIN 32 OR BELOW: 0 0.50 INCH OR MORE: 0
MIN 0 OR BELOW: 0 1.00 INCH OR MORE: 0
[HDD (BASE 65) ]
TOTAL THIS MO. 82 CLEAR (SCALE 0-3) 20
DPTR FM NORMAL -20 PTCLDY (SCALE 4-7) 11
TOTAL FM JUL 1 2064 CLOUDY (SCALE 8-10) 0
DPTR FM NORMAL -97
[CDD (BASE 65) ]
TOTAL THIS MO. 31
DPTR FM NORMAL -7 [PRESSURE DATA]
TOTAL FM JAN 1 33 HIGHEST SLP M ON M
DPTR FM NORMAL -18 LOWEST SLP 29.82 ON 10
[REMARKS]
#FINAL-05-21#