000
CXUS54 KSJT 021534
CF6SJT
PRELIMINARY LOCAL CLIMATOLOGICAL DATA (WS FORM: F-6)
STATION: SAN ANGELO
MONTH: DECEMBER
YEAR: 2021
LATITUDE: 31 21 N
LONGITUDE: 100 30 W
TEMPERATURE IN F: :PCPN: SNOW: WIND :SUNSHINE: SKY :PK WND
================================================================================
1 2 3 4 5 6A 6B 7 8 9 10 11 12 13 14 15 16 17 18
12Z AVG MX 2MIN
DY MAX MIN AVG DEP HDD CDD WTR SNW DPTH SPD SPD DIR MIN PSBL S-S WX SPD DR
================================================================================
1 80 45 63 12 2 0 0.00 0.0 0 5.2 12 250 M M 0 8 15 190
2 85 42 64 13 1 0 0.00 0.0 0 5.9 15 170 M M 0 22 180
3 88 57 73 22 0 8 0.00 0.0 0 6.6 15 190 M M 0 21 200
4 77 49 63 13 2 0 0.00 0.0 0 6.1 13 280 M M 0 17 290
5 77 47 62 12 3 0 0.00 0.0 0 7.6 23 190 M M 4 32 200
6 62 32 47 -3 18 0 0.00 0.0 0 11.6 36 10 M M 1 1 46 10
7 75 26 51 1 14 0 0.00 0.0 0 7.4 18 220 M M 0 27 200
8 81 38 60 10 5 0 0.00 0.0 0 7.1 23 190 M M 0 32 200
9 83 55 69 20 0 4 0.00 0.0 0 10.1 22 190 M M 0 34 190
10 86 54 70 21 0 5 0.00 0.0 0 10.6 33 250 M M 0 48 260
11 64 34 49 0 16 0 0.00 0.0 0 9.4 30 340 M M 1 8 42 340
12 68 25 47 -2 18 0 0.00 0.0 0 6.5 21 210 M M 0 26 210
13 75 35 55 6 10 0 0.00 0.0 0 6.7 22 210 M M 0 29 200
14 75 42 59 11 6 0 0.00 0.0 0 10.3 22 210 M M 3 12 30 220
15 78 62 70 22 0 5 0.00 0.0 0 17.4 33 180 M M 2 53 180
16 76 58 67 19 0 2 0.00 0.0 0 5.8 16 210 M M 5 22 220
17 75 55 65 17 0 0 0.00 0.0 0 7.6 23 190 M M 6 36 200
18 64 40 52 4 13 0 0.02 0.0 0 14.0 26 10 M M 7 37 20
19 45 36 41 -7 24 0 0.01 0.0 0 4.0 13 10 M M 9 19 10
20 67 29 48 0 17 0 0.00 0.0 0 4.2 10 280 M M 0 15 250
21 75 29 52 4 13 0 0.00 0.0 0 7.9 16 260 M M 0 1 20 260
22 79 37 58 11 7 0 0.00 0.0 0 5.2 17 280 M M 0 22 290
23 85 43 64 17 1 0 0.00 0.0 0 10.2 22 200 M M 0 29 200
24 86 57 72 25 0 7 0.00 0.0 0 14.3 24 210 M M 0 34 220
25 86 53 70 23 0 5 0.00 0.0 0 7.0 15 220 M M 0 23 220
26 89 51 70 23 0 5 0.00 0.0 0 9.8 24 200 M M 0 30 190
27 79 48 64 17 1 0 0.00 0.0 0 5.3 20 190 M M 1 128 28 180
28 79 51 65 18 0 0 0.00 0.0 0 8.4 18 280 M M 1 26 270
29 76 46 61 14 4 0 0.00 0.0 0 8.6 20 280 M M 2 1 27 270
30 76 41 59 12 6 0 0.00 0.0 0 4.7 10 190 M M 1 14 190
31 70 48 59 12 6 0 T 0.0 0 4.1 21 320 M M 2 26 310
================================================================================
SM 2361 1365 187 41 0.03 0.0 249.6 M 45
================================================================================
AV 76.2 44.0 8.1 FASTST M M 1 MAX(MPH)
MISC ----> 36 10 53 180
================================================================================
NOTES:
# LAST OF SEVERAL OCCURRENCES
COLUMN 17 PEAK WIND IN M.P.H.
PRELIMINARY LOCAL CLIMATOLOGICAL DATA (WS FORM: F-6) , PAGE 2
STATION: SAN ANGELO
MONTH: DECEMBER
YEAR: 2021
LATITUDE: 31 21 N
LONGITUDE: 100 30 W
[TEMPERATURE DATA] [PRECIPITATION DATA] SYMBOLS USED IN COLUMN 16
AVERAGE MONTHLY: 60.1 TOTAL FOR MONTH: 0.03 1 = FOG OR MIST
DPTR FM NORMAL: 11.7 DPTR FM NORMAL: -0.86 2 = FOG REDUCING VISIBILITY
HIGHEST: 89 ON 26 GRTST 24HR 0.03 ON 18-19 TO 1/4 MILE OR LESS
LOWEST: 25 ON 12 3 = THUNDER
SNOW, ICE PELLETS, HAIL 4 = ICE PELLETS
TOTAL MONTH: 0.0 INCH 5 = HAIL
GRTST 24HR 0.0 6 = FREEZING RAIN OR DRIZZLE
GRTST DEPTH: 0 7 = DUSTSTORM OR SANDSTORM:
VSBY 1/2 MILE OR LESS
8 = SMOKE OR HAZE
[NO. OF DAYS WITH] [WEATHER - DAYS WITH] 9 = BLOWING SNOW
X = TORNADO
MAX 32 OR BELOW: 0 0.01 INCH OR MORE: 2
MAX 90 OR ABOVE: 0 0.10 INCH OR MORE: 0
MIN 32 OR BELOW: 5 0.50 INCH OR MORE: 0
MIN 0 OR BELOW: 0 1.00 INCH OR MORE: 0
[HDD (BASE 65) ]
TOTAL THIS MO. 187 CLEAR (SCALE 0-3) 26
DPTR FM NORMAL -328 PTCLDY (SCALE 4-7) 4
TOTAL FM JUL 1 452 CLOUDY (SCALE 8-10) 1
DPTR FM NORMAL -439
[CDD (BASE 65) ]
TOTAL THIS MO. 41
DPTR FM NORMAL 39 [PRESSURE DATA]
TOTAL FM JAN 1 2618 HIGHEST SLP 30.41 ON 19
DPTR FM NORMAL -168 LOWEST SLP 29.58 ON 28
[REMARKS]
#FINAL-12-21#