000
CXUS54 KSJT 011100
CF6SJT
PRELIMINARY LOCAL CLIMATOLOGICAL DATA (WS FORM: F-6)
STATION: SAN ANGELO
MONTH: FEBRUARY
YEAR: 2024
LATITUDE: 31 21 N
LONGITUDE: 100 30 W
TEMPERATURE IN F: :PCPN: SNOW: WIND :SUNSHINE: SKY :PK WND
================================================================================
1 2 3 4 5 6A 6B 7 8 9 10 11 12 13 14 15 16 17 18
12Z AVG MX 2MIN
DY MAX MIN AVG DEP HDD CDD WTR SNW DPTH SPD SPD DIR MIN PSBL S-S WX SPD DR
================================================================================
1 76 44 60 11 5 0 T 0.0 0 7.9 22 220 M M 1 28 220
2 80 50 65 16 0 0 0.11 0.0 0 12.7 36 250 M M 2 3 48 260
3 65 46 56 7 9 0 0.00 0.0 0 18.9 33 260 M M 1 47 260
4 67 49 58 9 7 0 0.00 0.0 0 19.0 29 320 M M 0 38 310
5 62 38 50 0 15 0 0.00 0.0 0 9.5 24 360 M M 5 31 360
6 68 32 50 0 15 0 0.00 0.0 0 5.3 13 130 M M 0 23 150
7 68 48 58 8 7 0 0.00 0.0 0 10.9 24 180 M M 1 37 160
8 65 43 54 4 11 0 0.00 0.0 0 7.4 15 290 M M 1 20 280
9 66 44 55 5 10 0 0.00 0.0 0 3.5 9 320 M M 0 11 270
10 73 50 62 12 3 0 0.01 0.0 0 8.8 32 350 M M 5 13 42 310
11 59 39 49 -2 16 0 0.30 0.0 0 12.1 38 340 M M 8 13 50 340
12 58 31 45 -6 20 0 0.00 0.0 0 9.0 20 320 M M 2 24 330
13 69 29 49 -2 16 0 0.00 0.0 0 7.0 20 210 M M 0 27 190
14 69 40 55 4 10 0 0.00 0.0 0 10.1 22 210 M M 2 32 200
15 72 49 61 10 4 0 0.00 0.0 0 7.2 17 220 M M 2 25 230
16 68 42 55 3 10 0 0.00 0.0 0 12.7 24 30 M M 0 32 30
17 44 30 37 -15 28 0 0.00 0.0 M 15.5 25 20 M M 5 33 20
18 56 22 39 -13 26 0 0.00 0.0 0 5.1 12 200 M M 0 16 200
19 78 36 57 5 8 0 0.00 0.0 0 9.8 18 260 M M 0 24 270
20 86 41 64 11 1 0 0.00 0.0 0 9.5 20 220 M M 0 26 220
21 88 48 68 15 0 3 0.00 0.0 0 12.2 24 190 M M 0 37 180
22 80 51 66 13 0 1 0.00 0.0 0 11.7 25 280 M M 0 34 300
23 71 40 56 3 9 0 0.00 0.0 0 4.2 15 40 M M 0 20 40
24 78 36 57 3 8 0 0.00 0.0 M 8.4 21 200 M M 0 29 210
25 89 54 72 18 0 7 0.00 0.0 0 10.4 18 200 M M 0 27 200
26 93 52 73 19 0 8 0.00 0.0 0 7.6 20 220 M M 0 26 210
27 91 56 74 20 0 9 0.00 0.0 M 8.6 26 270 M M 0 35 280
28 76 36 56 1 9 0 0.20 0.0 0 14.3 26 40 M M 6 18 36 30
29 51 35 43 -12 22 0 0.01 0.0 0 5.9 13 120 M M 6 18 90
================================================================================
SM 2066 1211 269 28 0.63 0.0 285.2 M 47
================================================================================
AV 71.2 41.8 9.8 FASTST M M 2 MAX(MPH)
MISC ----> 38 340 50 340
================================================================================
NOTES:
# LAST OF SEVERAL OCCURRENCES
COLUMN 17 PEAK WIND IN M.P.H.
PRELIMINARY LOCAL CLIMATOLOGICAL DATA (WS FORM: F-6) , PAGE 2
STATION: SAN ANGELO
MONTH: FEBRUARY
YEAR: 2024
LATITUDE: 31 21 N
LONGITUDE: 100 30 W
[TEMPERATURE DATA] [PRECIPITATION DATA] SYMBOLS USED IN COLUMN 16
AVERAGE MONTHLY: 56.5 TOTAL FOR MONTH: 0.63 1 = FOG OR MIST
DPTR FM NORMAL: 5.0 DPTR FM NORMAL: -0.57 2 = FOG REDUCING VISIBILITY
HIGHEST: 93 ON 26 GRTST 24HR 0.30 ON 10-11 TO 1/4 MILE OR LESS
LOWEST: 22 ON 18 3 = THUNDER
SNOW, ICE PELLETS, HAIL 4 = ICE PELLETS
TOTAL MONTH: 0.0 INCH 5 = HAIL
GRTST 24HR 0.0 6 = FREEZING RAIN OR DRIZZLE
GRTST DEPTH: 0 7 = DUSTSTORM OR SANDSTORM:
VSBY 1/2 MILE OR LESS
8 = SMOKE OR HAZE
[NO. OF DAYS WITH] [WEATHER - DAYS WITH] 9 = BLOWING SNOW
X = TORNADO
MAX 32 OR BELOW: 0 0.01 INCH OR MORE: 5
MAX 90 OR ABOVE: 2 0.10 INCH OR MORE: 3
MIN 32 OR BELOW: 5 0.50 INCH OR MORE: 0
MIN 0 OR BELOW: 0 1.00 INCH OR MORE: 0
[HDD (BASE 65) ]
TOTAL THIS MO. 269 CLEAR (SCALE 0-3) 23
DPTR FM NORMAL -117 PTCLDY (SCALE 4-7) 6
TOTAL FM JUL 1 1704 CLOUDY (SCALE 8-10) 0
DPTR FM NORMAL -142
[CDD (BASE 65) ]
TOTAL THIS MO. 28
DPTR FM NORMAL 20 [PRESSURE DATA]
TOTAL FM JAN 1 28 HIGHEST SLP 30.46 ON 28
DPTR FM NORMAL 19 LOWEST SLP 29.52 ON 3
[REMARKS]
#FINAL-02-24#