000
CXUS54 KSJT 011000
CF6SJT
PRELIMINARY LOCAL CLIMATOLOGICAL DATA (WS FORM: F-6)
STATION: SAN ANGELO
MONTH: MAY
YEAR: 2021
LATITUDE: 31 21 N
LONGITUDE: 100 30 W
TEMPERATURE IN F: :PCPN: SNOW: WIND :SUNSHINE: SKY :PK WND
================================================================================
1 2 3 4 5 6A 6B 7 8 9 10 11 12 13 14 15 16 17 18
12Z AVG MX 2MIN
DY MAX MIN AVG DEP HDD CDD WTR SNW DPTH SPD SPD DIR MIN PSBL S-S WX SPD DR
================================================================================
1 70 61 66 -5 0 1 0.30 0.0 0 5.4 13 50 M M 9 1 17 60
2 94 53 74 3 0 9 0.00 0.0 0 9.1 22 260 M M 0 1 28 250
3 91 62 77 5 0 12 0.00 0.0 0 11.4 24 360 M M 0 35 350
4 76 54 65 -7 0 0 0.00 0.0 0 10.9 22 10 M M 2 31 330
5 83 47 65 -7 0 0 0.00 0.0 0 4.7 12 130 M M 0 1 19 100
6 85 54 70 -2 0 5 0.00 0.0 0 8.7 17 90 M M 0 23 80
7 88 54 71 -2 0 6 0.00 0.0 0 10.7 23 160 M M 0 33 170
8 93 65 79 6 0 14 0.00 0.0 0 13.0 24 200 M M 0 34 190
9 90 68 79 6 0 14 0.00 0.0 0 12.1 20 40 M M 0 28 190
10 68 57 63 -11 2 0 0.00 0.0 0 12.4 18 40 M M 9 18 25 60
11 68 56 62 -12 3 0 0.23 0.0 0 11.3 22 30 M M 10 138 28 30
12 67 55 61 -13 4 0 0.00 0.0 0 11.9 20 30 M M 10 27 30
13 75 56 66 -9 0 1 0.00 0.0 0 7.9 16 80 M M 5 21 90
14 83 55 69 -6 0 4 0.00 0.0 0 9.2 20 150 M M 5 1 31 150
15 82 65 74 -1 0 9 0.00 0.0 0 12.2 25 130 M M 5 35 150
16 90 62 76 0 0 11 0.00 0.0 0 7.5 21 170 M M 4 30 170
17 88 63 76 0 0 11 0.06 0.0 0 13.3 23 30 M M 5 13 31 40
18 81 58 70 -6 0 5 0.59 0.0 0 12.3 35 340 M M 4 13 43 340
19 76 60 68 -8 0 3 0.01 0.0 0 7.8 16 80 M M 6 1238 22 70
20 88 55 72 -5 0 7 0.00 0.0 0 5.8 16 110 M M 0 1 22 140
21 92 61 77 0 0 12 0.00 0.0 0 9.8 25 100 M M 1 1 32 100
22 83 67 75 -2 0 10 0.00 0.0 0 10.1 21 70 M M 6 8 28 90
23 89 69 79 1 0 14 0.00 0.0 0 12.4 24 100 M M 5 34 100
24 90 67 79 1 0 14 0.00 0.0 0 9.2 18 170 M M 5 27 150
25 91 73 82 4 0 17 T 0.0 0 10.0 21 160 M M 4 30 180
26 93 70 82 3 0 17 0.00 0.0 0 11.7 20 160 M M 4 29 120
27 96 72 84 5 0 19 0.00 0.0 0 11.5 21 340 M M 3 38 32 170
28 93 66 80 1 0 15 0.10 0.0 0 8.6 29 30 M M 5 3 37 40
29 86 62 74 -5 0 9 0.02 0.0 0 10.3 39 340 M M 4 3 52 330
30 86 63 75 -5 0 10 0.01 0.0 0 9.0 20 110 M M 3 27 160
31 79 63 71 -9 0 6 0.11 M M 9.8 30 20 M M 8 13 39 30
================================================================================
SM 2614 1893 9 255 1.43 0.0 310.0 M 122
================================================================================
AV 84.3 61.1 10.0 FASTST M M 4 MAX(MPH)
MISC ----> 39 340 52 330
================================================================================
NOTES:
# LAST OF SEVERAL OCCURRENCES
COLUMN 17 PEAK WIND IN M.P.H.
PRELIMINARY LOCAL CLIMATOLOGICAL DATA (WS FORM: F-6) , PAGE 2
STATION: SAN ANGELO
MONTH: MAY
YEAR: 2021
LATITUDE: 31 21 N
LONGITUDE: 100 30 W
[TEMPERATURE DATA] [PRECIPITATION DATA] SYMBOLS USED IN COLUMN 16
AVERAGE MONTHLY: 72.7 TOTAL FOR MONTH: 1.43 1 = FOG OR MIST
DPTR FM NORMAL: -2.8 DPTR FM NORMAL: -1.62 2 = FOG REDUCING VISIBILITY
HIGHEST: 96 ON 27 GRTST 24HR 0.60 ON 17-18 TO 1/4 MILE OR LESS
LOWEST: 47 ON 5 3 = THUNDER
SNOW, ICE PELLETS, HAIL 4 = ICE PELLETS
TOTAL MONTH: 0.0 INCH 5 = HAIL
GRTST 24HR 0.0 6 = FREEZING RAIN OR DRIZZLE
GRTST DEPTH: 0 7 = DUSTSTORM OR SANDSTORM:
VSBY 1/2 MILE OR LESS
8 = SMOKE OR HAZE
[NO. OF DAYS WITH] [WEATHER - DAYS WITH] 9 = BLOWING SNOW
X = TORNADO
MAX 32 OR BELOW: 0 0.01 INCH OR MORE: 9
MAX 90 OR ABOVE: 11 0.10 INCH OR MORE: 5
MIN 32 OR BELOW: 0 0.50 INCH OR MORE: 1
MIN 0 OR BELOW: 0 1.00 INCH OR MORE: 0
[HDD (BASE 65) ]
TOTAL THIS MO. 9 CLEAR (SCALE 0-3) 11
DPTR FM NORMAL -1 PTCLDY (SCALE 4-7) 15
TOTAL FM JUL 1 2366 CLOUDY (SCALE 8-10) 5
DPTR FM NORMAL 237
[CDD (BASE 65) ]
TOTAL THIS MO. 255
DPTR FM NORMAL -81 [PRESSURE DATA]
TOTAL FM JAN 1 403 HIGHEST SLP 30.34 ON 13
DPTR FM NORMAL -127 LOWEST SLP 29.40 ON 2
[REMARKS]
#FINAL-05-21#