000
CXUS54 KSJT 012012
CLMSJT
CLIMATE REPORT
NATIONAL WEATHER SERVICE SAN ANGELO TX
212 PM CST MON JAN 01 2024
...................................
...THE SAN ANGELO CLIMATE SUMMARY FOR THE MONTH OF DECEMBER 2023...
CLIMATE NORMAL PERIOD: 1991 TO 2020
CLIMATE RECORD PERIOD: 1907 TO 2023
WEATHER OBSERVED NORMAL DEPART LAST YEAR`S
VALUE DATE(S) VALUE FROM VALUE DATE(S)
NORMAL
................................................................
TEMPERATURE (F)
RECORD
HIGH 91 12/04/1954
LOW -4 12/23/1989
HIGHEST 82 12/08 78 12/02
12/07
12/08
LOWEST 26 12/29 12 12/23
AVG. MAXIMUM 65.4 62.0 3.4 62.0
AVG. MINIMUM 37.0 34.9 2.1 39.5
MEAN 51.2 48.4 2.8 50.7
DAYS MAX >= 90 0 0.0 0.0 0
DAYS MAX <= 32 0 0.4 -0.4 1
DAYS MIN <= 32 14 13.9 0.1 11
DAYS MIN <= 0 0 0.0 0.0 0
PRECIPITATION (INCHES)
RECORD
MAXIMUM 5.96 1911
MINIMUM T 2003
TOTALS 2.16 0.89 1.27 1.03
DAILY AVG. 0.07 0.03 0.04 0.03
DAYS >= .01 7 4.2 2.8 4
DAYS >= .10 3 2.2 0.8 2
DAYS >= .50 2 0.4 1.6 1
DAYS >= 1.00 1 0.1 0.9 0
GREATEST
24 HR. TOTAL 1.24 12/14 TO 12/15 0.82 12/10 TO 12/10
SNOWFALL (INCHES)
RECORDS
TOTAL 3.7 1986
TOTALS 0.0 MM MM T
SINCE 7/1 T MM MM MM
SNOWDEPTH AVG. 0 0
DAYS >= 1.0 0 MM MM 0
GREATEST
SNOW DEPTH 0 0 MM
DEGREE DAYS
HEATING TOTAL 423 515 -92 448
SINCE 7/1 787 891 -104 MM
COOLING TOTAL 4 2 2 12
SINCE 1/1 3424 2786 638 MM
................................................................
WIND (MPH)
AVERAGE WIND SPEED 7.4
HIGHEST WIND SPEED/DIRECTION 28/260 DATE 12/02
28/260 12/03
HIGHEST GUST SPEED/DIRECTION 37/200 DATE 12/07
SKY COVER
AVERAGE SKY COVER 0.21
AVERAGE RH (PERCENT) 64
WEATHER CONDITIONS. NUMBER OF DAYS WITH
THUNDERSTORM 2 MIXED PRECIP 0
HEAVY RAIN 3 RAIN 5
LIGHT RAIN 6 FREEZING RAIN 0
LT FREEZING RAIN 0 HAIL 0
HEAVY SNOW 0 SNOW 0
LIGHT SNOW 0 SLEET 0
FOG 7 FOG W/VIS <= 1/4 MILE 0
HAZE 1
- INDICATES NEGATIVE NUMBERS.
R INDICATES RECORD WAS SET OR TIED.
MM INDICATES DATA IS MISSING.
T INDICATES TRACE AMOUNT.
$$