000
CXUS56 KPQR 072119
CF6SLE
PRELIMINARY LOCAL CLIMATOLOGICAL DATA (WS FORM: F-6)
STATION: SALEM OR
MONTH: SEPTEMBER
YEAR: 2020
LATITUDE: 44 55 N
LONGITUDE: 123 0 W
TEMPERATURE IN F: :PCPN: SNOW: WIND :SUNSHINE: SKY :PK WND
================================================================================
1 2 3 4 5 6A 6B 7 8 9 10 11 12 13 14 15 16 17 18
12Z AVG MX 2MIN
DY MAX MIN AVG DEP HDD CDD WTR SNW DPTH SPD SPD DIR MIN PSBL S-S WX SPD DR
================================================================================
1 89 57 73 7 0 8 0.00 M M 7.0 16 50 M M 0 21 10
2 93 60 77 11 0 12 0.00 M M 7.4 15 20 M M 0 19 360
3 96 61 79 14 0 14 0.00 M M 5.8 16 10 M M 0 19 10
4 84 54 69 4 0 4 0.00 M M 5.3 15 270 M M 0 20 290
5 77 51 64 -1 1 0 0.00 M M 4.2 14 30 M M 4 22 330
6 88 51 70 5 0 5 0.00 M M 4.8 14 30 M M 0 19 20
7 89 57 73 8 0 8 0.00 M M 8.6 20 50 M M 3 8 27 70
8 77 66 72 8 0 7 0.00 M M 13.9 26 40 M M 10 8 35 40
9 81 62 72 8 0 7 0.00 M M 6.0 12 330 M M 10 8 14 320
10 67 53 60 -4 5 0 0.00 M M 3.8 8 140 M M 10 8 9 140
11 68 47 58 -6 7 0 0.00 M M 1.3 7 20 M M 10 18 10 20
12 64 46 55 -9 10 0 0.00 M M 1.1 7 150 M M 10 18 8 140
13 64 46 55 -9 10 0 0.00 M M 1.1 9 140 M M 10 128 9 140
14 77 50 64 1 1 0 0.00 M M 1.7 8 150 M M 10 18 10 140
15 76 55 66 3 0 1 0.00 M M 1.5 7 10 M M 9 18 8 20
16 76 51 64 1 1 0 0.00 M M 2.3 7 290 M M 10 18 9 130
17 75 53 64 2 1 0 0.01 M M 2.3 9 210 M M 10 1238 12 200
18 67 56 62 0 3 0 0.51 M M 5.1 18 330 M M 7 138 21 330
19 73 52 63 1 2 0 T M M 3.0 10 230 M M 7 1 12 210
20 76 49 63 1 2 0 0.00 M M 2.5 10 20 M M 3 1 15 350
21 74 49 62 1 3 0 T M M 4.7 13 250 M M 3 12 15 250
22 72 55 64 3 1 0 0.00 M M 4.8 12 190 M M 5 14 190
23 73 59 66 5 0 1 0.31 M M 11.3 24 230 M M 8 1 36 250
24 68 56 62 2 3 0 0.10 M M 8.7 18 170 M M 4 18 23 170
25 61 56 59 -1 6 0 0.43 M M 12.1 31 180 M M 9 1 41 200
26 70 50 60 0 5 0 0.00 M M 5.5 16 180 M M 4 1 19 200
27 74 47 61 1 4 0 0.00 M M 7.6 18 360 M M 1 1 25 20
28 85 51 68 9 0 3 0.00 M M 8.1 21 360 M M 0 25 350
29 85 50 68 9 0 3 0.00 M M 2.0 7 360 M M 0 10 360
30 79 49 64 6 1 0 0.00 M M 1.5 10 310 M M 0 12 310
================================================================================
SM 2298 1599 66 73 1.36 M 155.0 M 157
================================================================================
AV 76.6 53.3 5.2 FASTST M M 5 MAX(MPH)
MISC ----> 31 180 41 200
================================================================================
NOTES:
# LAST OF SEVERAL OCCURRENCES
COLUMN 17 PEAK WIND IN M.P.H.
PRELIMINARY LOCAL CLIMATOLOGICAL DATA (WS FORM: F-6) , PAGE 2
STATION: SALEM OR
MONTH: SEPTEMBER
YEAR: 2020
LATITUDE: 44 55 N
LONGITUDE: 123 0 W
[TEMPERATURE DATA] [PRECIPITATION DATA] SYMBOLS USED IN COLUMN 16
AVERAGE MONTHLY: 65.0 TOTAL FOR MONTH: 1.36 1 = FOG OR MIST
DPTR FM NORMAL: 2.3 DPTR FM NORMAL: 0.08 2 = FOG REDUCING VISIBILITY
HIGHEST: 96 ON 3 GRTST 24HR 0.52 ON 17-18 TO 1/4 MILE OR LESS
LOWEST: 46 ON 13,12 3 = THUNDER
SNOW, ICE PELLETS, HAIL 4 = ICE PELLETS
TOTAL MONTH: M 5 = HAIL
GRTST 24HR M ON M 6 = FREEZING RAIN OR DRIZZLE
GRTST DEPTH: M ON M 7 = DUSTSTORM OR SANDSTORM:
VSBY 1/2 MILE OR LESS
8 = SMOKE OR HAZE
[NO. OF DAYS WITH] [WEATHER - DAYS WITH] 9 = BLOWING SNOW
X = TORNADO
MAX 32 OR BELOW: 0 0.01 INCH OR MORE: 5
MAX 90 OR ABOVE: 2 0.10 INCH OR MORE: 4
MIN 32 OR BELOW: 0 0.50 INCH OR MORE: 1
MIN 0 OR BELOW: 0 1.00 INCH OR MORE: 0
[HDD (BASE 65) ]
TOTAL THIS MO. 66 CLEAR (SCALE 0-3) 12
DPTR FM NORMAL -43 PTCLDY (SCALE 4-7) 7
TOTAL FM JUL 1 93 CLOUDY (SCALE 8-10) 11
DPTR FM NORMAL -72
[CDD (BASE 65) ]
TOTAL THIS MO. 73
DPTR FM NORMAL 36 [PRESSURE DATA]
TOTAL FM JAN 1 409 HIGHEST SLP 30.40 ON 27
DPTR FM NORMAL 120 LOWEST SLP 29.76 ON 23
[REMARKS]
#FINAL-09-20#