000
CXUS46 KLOX 011730
CLMSMX
CLIMATE REPORT
NATIONAL WEATHER SERVICE LOS ANGELES/OXNARD
930 AM PST FRI MAR 01 2024
...................................
...THE SANTA MARIA AIRPORT CA CLIMATE SUMMARY FOR THE MONTH OF FEBRUARY 2024...
CLIMATE NORMAL PERIOD: 1991 TO 2020
CLIMATE RECORD PERIOD: 1906 TO 2024
WEATHER OBSERVED NORMAL DEPART LAST YEAR`S
VALUE DATE(S) VALUE FROM VALUE
NORMAL
..............................................................
TEMPERATURE (F)
HIGHEST 73 02/23
LOWEST 34 02/11
AVG. MAXIMUM 62.8 64.8 -2.0
AVG. MINIMUM 43.3 42.5 0.8
MEAN 53.1 53.6 -0.5
DAYS MAX >= 90 0
DAYS MAX <= 32 0
DAYS MIN <= 32 0
DAYS MIN <= 0 0
PRECIPITATION (INCHES)
TOTALS 5.90 2.85 3.05
DAILY AVG. 0.20
DAYS >= .01 14
DAYS >= .10 11
DAYS >= .50 5
DAYS >= 1.00 0
GREATEST
24 HR. TOTAL 1.84 02/18 TO 02/19
DEGREE DAYS
HEATING TOTAL 337 319 18 401
SINCE 7/1 1446 1645 -199 MM
COOLING TOTAL 0 1 -1 0
SINCE 1/1 0 1 -1 MM
..............................................................
WIND (MPH)
AVERAGE WIND SPEED 6.0
HIGHEST WIND SPEED/DIRECTION 39/130 DATE 02/04
HIGHEST GUST SPEED/DIRECTION 60/120 DATE 02/04
SKY COVER
POSSIBLE SUNSHINE (PERCENT) MM
AVERAGE SKY COVER 0.45
NUMBER OF DAYS FAIR 11
NUMBER OF DAYS PC 12
NUMBER OF DAYS CLOUDY 6
AVERAGE RH (PERCENT) 81
WEATHER CONDITIONS. NUMBER OF DAYS WITH
THUNDERSTORM 0 MIXED PRECIP 0
HEAVY RAIN 6 RAIN 10
LIGHT RAIN 13 FREEZING RAIN 0
LT FREEZING RAIN 0 HAIL 0
HEAVY SNOW 0 SNOW 0
LIGHT SNOW 0 SLEET 0
FOG 18 FOG W/VIS <= 1/4 MILE 1
HAZE 2
- INDICATES NEGATIVE NUMBERS.
R INDICATES RECORD WAS SET OR TIED.
MM INDICATES DATA IS MISSING.
T INDICATES TRACE AMOUNT.
$$