000
CXUS56 KSGX 011245
CF6SNA
PRELIMINARY LOCAL CLIMATOLOGICAL DATA (WS FORM: F-6)
STATION: JOHN WAYNE AIRPORT CA
MONTH: OCTOBER
YEAR: 2020
LATITUDE: 33 40 N
LONGITUDE: 117 53 W
TEMPERATURE IN F: :PCPN: SNOW: WIND :SUNSHINE: SKY :PK WND
================================================================================
1 2 3 4 5 6A 6B 7 8 9 10 11 12 13 14 15 16 17 18
12Z AVG MX 2MIN
DY MAX MIN AVG DEP HDD CDD WTR SNW DPTH SPD SPD DIR MIN PSBL S-S WX SPD DR
================================================================================
1 97 68 83 14 0 18 0.00 0.0 0 3.0 12 190 M M 0 15 210
2 92 68 80 11 0 15 0.00 0.0 0 3.5 14 210 M M 0 16 210
3 91 65 78 9 0 13 0.00 0.0 0 4.2 13 200 M M 1 18 15 190
4 92 61 77 8 0 12 0.00 0.0 0 2.7 9 200 M M 3 128 14 240
5 90 64 77 8 0 12 0.00 0.0 0 3.4 10 200 M M 4 128 13 220
6 89 64 77 9 0 12 0.00 0.0 0 3.4 12 200 M M 3 18 15 220
7 78 64 71 3 0 6 0.00 0.0 0 5.5 14 190 M M 4 18 18 190
8 78 68 73 5 0 8 0.00 0.0 0 4.2 14 200 M M 5 8 18 190
9 76 68 72 4 0 7 0.00 0.0 0 3.4 13 200 M M 7 8 17 210
10 77 68 73 5 0 8 0.00 0.0 0 3.0 13 210 M M 6 18 220
11 77 63 70 2 0 5 0.00 0.0 0 2.5 12 200 M M 2 16 200
12 90 63 77 9 0 12 0.00 0.0 0 2.1 10 190 M M 0 13 200
13 93 65 79 12 0 14 0.00 0.0 0 2.7 10 240 M M 0 14 230
14 91 63 77 10 0 12 0.00 0.0 0 3.1 14 210 M M 0 17 190
15 92 65 79 12 0 14 0.00 0.0 0 3.5 12 200 M M 2 15 190
16 87 64 76 9 0 11 0.00 0.0 0 3.0 12 190 M M 2 14 270
17 81 63 72 5 0 7 0.00 0.0 0 3.9 12 190 M M 2 128 15 200
18 80 67 74 7 0 9 0.00 0.0 0 3.7 14 200 M M 5 128 18 190
19 77 67 72 6 0 7 0.00 0.0 0 3.9 13 190 M M 5 15 200
20 77 67 72 6 0 7 0.00 0.0 0 4.4 13 200 M M 6 8 16 190
21 76 68 72 6 0 7 0.00 0.0 0 5.3 13 210 M M 8 8 15 200
22 75 68 72 6 0 7 0.00 0.0 0 6.3 14 190 M M 8 8 17 210
23 73 67 70 4 0 5 0.00 0.0 0 4.9 12 210 M M 9 14 210
24 72 67 70 4 0 5 0.00 0.0 0 2.7 9 250 M M 9 14 220
25 70 62 66 0 0 1 T 0.0 0 4.4 12 250 M M 8 18 210
26 75 56 66 0 0 1 0.00 0.0 0 12.7 33 50 M M 4 8 48 50
27 81 53 67 2 0 2 0.00 0.0 0 7.3 25 40 M M 3 8 35 30
28 76 55 66 1 0 1 0.00 0.0 0 2.7 12 200 M M 0 8 17 220
29 81 54 68 3 0 3 0.00 0.0 0 2.5 12 200 M M 0 8 14 190
30 80 56 68 3 0 3 0.00 0.0 0 2.6 12 190 M M 2 128 14 200
31 76 57 67 2 0 2 0.00 0.0 0 2.4 10 190 M M 8 128 13 200
================================================================================
SM 2540 1968 0 246 T 0.0 122.9 M 116
================================================================================
AV 81.9 63.5 4.0 FASTST M M 4 MAX(MPH)
MISC ----> # 33 50 # 48 50
================================================================================
NOTES:
# LAST OF SEVERAL OCCURRENCES
COLUMN 17 PEAK WIND IN M.P.H.
PRELIMINARY LOCAL CLIMATOLOGICAL DATA (WS FORM: F-6) , PAGE 2
STATION: JOHN WAYNE AIRPORT CA
MONTH: OCTOBER
YEAR: 2020
LATITUDE: 33 40 N
LONGITUDE: 117 53 W
[TEMPERATURE DATA] [PRECIPITATION DATA] SYMBOLS USED IN COLUMN 16
AVERAGE MONTHLY: 72.7 TOTAL FOR MONTH: T 1 = FOG OR MIST
DPTR FM NORMAL: 5.7 DPTR FM NORMAL: -0.75 2 = FOG REDUCING VISIBILITY
HIGHEST: 97 ON 1 GRTST 24HR T ON 25-25 TO 1/4 MILE OR LESS
LOWEST: 53 ON 27 3 = THUNDER
SNOW, ICE PELLETS, HAIL 4 = ICE PELLETS
TOTAL MONTH: 0.0 INCH 5 = HAIL
GRTST 24HR 0.0 6 = FREEZING RAIN OR DRIZZLE
GRTST DEPTH: 0 7 = DUSTSTORM OR SANDSTORM:
VSBY 1/2 MILE OR LESS
8 = SMOKE OR HAZE
[NO. OF DAYS WITH] [WEATHER - DAYS WITH] 9 = BLOWING SNOW
X = TORNADO
MAX 32 OR BELOW: 0 0.01 INCH OR MORE: 0
MAX 90 OR ABOVE: 9 0.10 INCH OR MORE: 0
MIN 32 OR BELOW: 0 0.50 INCH OR MORE: 0
MIN 0 OR BELOW: 0 1.00 INCH OR MORE: 0
[HDD (BASE 65) ]
TOTAL THIS MO. 0 CLEAR (SCALE 0-3) 14
DPTR FM NORMAL -26 PTCLDY (SCALE 4-7) 13
TOTAL FM JUL 1 0 CLOUDY (SCALE 8-10) 4
DPTR FM NORMAL -27
[CDD (BASE 65) ]
TOTAL THIS MO. 246
DPTR FM NORMAL 160 [PRESSURE DATA]
TOTAL FM JAN 1 1654 HIGHEST SLP 30.11 ON 28
DPTR FM NORMAL 800 LOWEST SLP 29.82 ON 21
[REMARKS]
#FINAL-10-20#