000
CXAK56 PAFC 290635
CF6SNP
PRELIMINARY LOCAL CLIMATOLOGICAL DATA (WS FORM: F-6)
STATION: SAINT PAUL ISLAND
MONTH: JULY
YEAR: 2020
LATITUDE: 57 9 N
LONGITUDE: 170 13 W
TEMPERATURE IN F: :PCPN: SNOW: WIND :SUNSHINE: SKY :PK WND
================================================================================
1 2 3 4 5 6A 6B 7 8 9 10 11 12 13 14 15 16 17 18
12Z AVG MX 2MIN
DY MAX MIN AVG DEP HDD CDD WTR SNW DPTH SPD SPD DIR MIN PSBL S-S WX SPD DR
================================================================================
1 M M M M M M 0.00 M M 19.4 24 160 M M 10 18 30 M
2 M M M M M M 0.00 M M 10.1 16 210 M M 10 18 M M
3 M M M M M M 0.00 M M 10.9 15 140 M M 10 128 M M
4 53 45 49 3 16 0 0.00 M M 13.0 16 170 M M 10 18 M M
5 55 45 50 4 15 0 0.00 M M 9.8 14 240 M M 10 M M
6 54 49 52 6 13 0 0.00 M M 12.3 17 240 M M 10 8 M M
7 52 49 51 5 14 0 0.00 M M 11.4 15 240 M M 10 8 M M
8 59 47 53 7 12 0 0.00 M M 9.5 14 330 M M 10 8 M M
9 56 48 52 5 13 0 0.00 M M 9.4 12 340 M M 10 18 M M
10 53 47 50 3 15 0 0.00 M M 8.4 13 50 M M 10 18 M M
11 55 48 52 5 13 0 0.00 M M 10.3 14 30 M M 10 128 M M
12 56 47 52 5 13 0 0.00 M M 7.3 12 360 M M 10 128 M M
13 52 43 48 1 17 0 0.00 M M 3.5 7 180 M M 10 128 M M
14 59 50 55 8 10 0 0.00 M M 7.5 13 90 M M 10 8 M M
15 58 52 55 8 10 0 0.01 M M 16.2 22 60 M M 10 18 30 60
16 59 52 56 9 9 0 0.05 M M 9.2 18 70 M M 10 128 M M
17 57 49 53 6 12 0 0.00 M M 13.6 20 20 M M 10 128 23 20
18 58 48 53 5 12 0 0.00 M M 9.8 16 360 M M 9 18 M M
19 58 49 54 6 11 0 0.00 M M 7.9 13 250 M M 10 8 M M
20 60 50 55 7 10 0 0.00 M M 8.3 14 260 M M 10 8 M M
21 57 51 54 6 11 0 0.01 M M 7.1 12 220 M M 8 8 M M
22 55 51 53 5 12 0 0.66 M M 12.4 22 140 M M 10 1 30 M
23 59 51 55 7 10 0 0.20 M M 14.3 21 240 M M 9 18 24 240
24 62 48 55 7 10 0 T M M 7.2 14 360 M M 9 1 M M
25 59 48 54 6 11 0 T M M 8.6 13 310 M M 10 18 M M
26 59 48 54 6 11 0 0.03 M M 3.4 9 50 M M 10 18 M M
27 61 52 57 9 8 0 0.00 M M 7.1 10 210 M M 8 8 M M
28 57 51 54 6 11 0 0.00 M M 11.4 15 170 M M 10 8 M M
29 57 51 54 6 11 0 0.10 M M 10.7 15 140 M M 10 128 M M
30 58 51 55 7 10 0 0.17 M M 11.7 18 260 M M 10 18 25 280
31 59 51 55 7 10 0 0.01 M M 11.5 16 280 M M 10 18 20 250
================================================================================
SM 1597 1371 330 0 1.24 M 313.3 M 303
================================================================================
AV 57.0 49.0 10.1 FASTST M M 10 MAX(MPH)
MISC ----> 24 160 # 30 9999
================================================================================
NOTES:
# LAST OF SEVERAL OCCURRENCES
COLUMN 17 PEAK WIND IN M.P.H.
PRELIMINARY LOCAL CLIMATOLOGICAL DATA (WS FORM: F-6) , PAGE 2
STATION: SAINT PAUL ISLAND
MONTH: JULY
YEAR: 2020
LATITUDE: 57 9 N
LONGITUDE: 170 13 W
[TEMPERATURE DATA] [PRECIPITATION DATA] SYMBOLS USED IN COLUMN 16
AVERAGE MONTHLY: 53.0 TOTAL FOR MONTH: 1.24 1 = FOG OR MIST
DPTR FM NORMAL: 5.8 DPTR FM NORMAL: -0.61 2 = FOG REDUCING VISIBILITY
HIGHEST: 62 ON 24 GRTST 24HR 0.66 ON 22-22 TO 1/4 MILE OR LESS
LOWEST: 43 ON 13 3 = THUNDER
SNOW, ICE PELLETS, HAIL 4 = ICE PELLETS
TOTAL MONTH: M 5 = HAIL
GRTST 24HR M ON M 6 = FREEZING RAIN OR DRIZZLE
GRTST DEPTH: M ON M 7 = DUSTSTORM OR SANDSTORM:
VSBY 1/2 MILE OR LESS
8 = SMOKE OR HAZE
[NO. OF DAYS WITH] [WEATHER - DAYS WITH] 9 = BLOWING SNOW
X = TORNADO
MAX 32 OR BELOW: 0 0.01 INCH OR MORE: 9
MAX 90 OR ABOVE: 0 0.10 INCH OR MORE: 3
MIN 32 OR BELOW: 0 0.50 INCH OR MORE: 1
MIN 0 OR BELOW: 0 1.00 INCH OR MORE: 0
[HDD (BASE 65) ]
TOTAL THIS MO. 330 CLEAR (SCALE 0-3) 0
DPTR FM NORMAL -222 PTCLDY (SCALE 4-7) 1
TOTAL FM JUL 1 330 CLOUDY (SCALE 8-10) 30
DPTR FM NORMAL -223
[CDD (BASE 65) ]
TOTAL THIS MO. 0
DPTR FM NORMAL 0 [PRESSURE DATA]
TOTAL FM JAN 1 2 HIGHEST SLP M ON M
DPTR FM NORMAL 2 LOWEST SLP 29.77 ON 17
[REMARKS]
#FINAL-07-20#