000
CXUS56 KMTR 011634
CF6SNS
PRELIMINARY LOCAL CLIMATOLOGICAL DATA (WS FORM: F-6)
STATION: SALINAS AIRPORT
MONTH: APRIL
YEAR: 2020
LATITUDE: 36 40 N
LONGITUDE: 121 36 W
TEMPERATURE IN F: :PCPN: SNOW: WIND :SUNSHINE: SKY :PK WND
================================================================================
1 2 3 4 5 6A 6B 7 8 9 10 11 12 13 14 15 16 17 18
12Z AVG MX 2MIN
DY MAX MIN AVG DEP HDD CDD WTR SNW DPTH SPD SPD DIR MIN PSBL S-S WX SPD DR
================================================================================
1 61 47 54 -2 11 0 0.00 M M 10.4 18 250 M M 4 24 280
2 64 38 51 -5 14 0 0.00 M M 8.4 18 280 M M 0 27 280
3 60 46 53 -3 12 0 0.00 M M 10.5 18 250 M M 1 23 270
4 62 44 53 -3 12 0 T M M 7.1 17 260 M M 7 22 260
5 57 47 52 -4 13 0 0.90 M M 9.9 21 160 M M 10 1 25 160
6 56 44 50 -6 15 0 0.18 0.0 M 6.6 20 330 M M 7 1 28 260
7 63 38 51 -5 14 0 T M M 7.2 17 290 M M 1 22 310
8 57 50 54 -2 11 0 T M M 6.9 16 250 M M 10 20 250
9 61 52 57 1 8 0 T M M 8.7 21 140 M M 10 23 140
10 66 53 60 4 5 0 T M M 6.8 17 290 M M 6 22 280
11 59 51 55 -1 10 0 0.00 M M 6.6 15 320 M M 10 21 320
12 56 50 53 -3 12 0 T M M 5.8 14 280 M M 10 18 16 280
13 63 50 57 1 8 0 T 0.0 M 6.0 17 290 M M 5 1 25 310
14 76 43 60 4 5 0 0.00 M M 5.9 17 290 M M 1 1 22 290
15 76 47 62 5 3 0 0.00 M M 9.5 16 140 M M 1 19 140
16 59 52 56 -1 9 0 T M M 7.0 16 310 M M 10 18 21 320
17 58 52 55 -2 10 0 0.02 M M 5.7 15 280 M M 10 1 19 290
18 62 50 56 -1 9 0 0.00 M M 5.4 14 310 M M 8 21 300
19 64 45 55 -2 10 0 0.00 M M 6.6 16 320 M M 4 21 320
20 59 54 57 0 8 0 0.01 M M 5.3 9 300 M M 10 M M
21 64 M M M M M 0.00 M M 10.3 17 290 M M 2 22 290
22 72 46 59 2 6 0 0.00 0.0 M 7.9 21 280 M M 1 24 270
23 74 55 65 8 0 0 0.00 0.0 M 10.1 22 280 M M 2 1 27 280
24 80 51 66 8 0 1 0.00 M M 7.6 16 310 M M 0 18 19 300
25 76 51 64 6 1 0 0.00 M M 7.0 15 290 M M 2 12 M M
26 70 52 61 3 4 0 0.00 M M 8.4 16 300 M M 2 1 20 310
27 70 52 61 3 4 0 0.00 M M 9.6 18 290 M M 0 21 280
28 73 53 63 5 2 0 0.00 M M 8.3 18 290 M M 2 12 23 310
29 65 53 59 1 6 0 0.00 M M 10.2 18 290 M M 6 1 23 280
30 71 53 62 4 3 0 0.00 M M 9.7 18 290 M M 4 1 23 290
================================================================================
SM 1954 1419 225 1 1.11 0.0 235.4 M 146
================================================================================
AV 65.1 48.9 7.8 FASTST M M 5 MAX(MPH)
MISC ----> 22 280 28 260
================================================================================
NOTES:
# LAST OF SEVERAL OCCURRENCES
COLUMN 17 PEAK WIND IN M.P.H.
PRELIMINARY LOCAL CLIMATOLOGICAL DATA (WS FORM: F-6) , PAGE 2
STATION: SALINAS AIRPORT
MONTH: APRIL
YEAR: 2020
LATITUDE: 36 40 N
LONGITUDE: 121 36 W
[TEMPERATURE DATA] [PRECIPITATION DATA] SYMBOLS USED IN COLUMN 16
AVERAGE MONTHLY: 57.0 TOTAL FOR MONTH: 1.11 1 = FOG OR MIST
DPTR FM NORMAL: 0.3 DPTR FM NORMAL: 0.18 2 = FOG REDUCING VISIBILITY
HIGHEST: 80 ON 24 GRTST 24HR 0.90 ON 4- 5 TO 1/4 MILE OR LESS
LOWEST: 38 ON 7, 2 3 = THUNDER
SNOW, ICE PELLETS, HAIL 4 = ICE PELLETS
TOTAL MONTH: 0.0 INCH 5 = HAIL
GRTST 24HR 0.0 6 = FREEZING RAIN OR DRIZZLE
GRTST DEPTH: M ON M 7 = DUSTSTORM OR SANDSTORM:
VSBY 1/2 MILE OR LESS
8 = SMOKE OR HAZE
[NO. OF DAYS WITH] [WEATHER - DAYS WITH] 9 = BLOWING SNOW
X = TORNADO
MAX 32 OR BELOW: 0 0.01 INCH OR MORE: 4
MAX 90 OR ABOVE: 0 0.10 INCH OR MORE: 2
MIN 32 OR BELOW: 0 0.50 INCH OR MORE: 1
MIN 0 OR BELOW: 0 1.00 INCH OR MORE: 0
[HDD (BASE 65) ]
TOTAL THIS MO. 225 CLEAR (SCALE 0-3) 13
DPTR FM NORMAL -30 PTCLDY (SCALE 4-7) 9
TOTAL FM JUL 1 2153 CLOUDY (SCALE 8-10) 8
DPTR FM NORMAL -235
[CDD (BASE 65) ]
TOTAL THIS MO. 1
DPTR FM NORMAL -5 [PRESSURE DATA]
TOTAL FM JAN 1 1 HIGHEST SLP 30.33 ON 21
DPTR FM NORMAL -6 LOWEST SLP 30.02 ON 29
[REMARKS]
#FINAL-04-20#