000
CXUS53 KILX 011000
CF6SPI
PRELIMINARY LOCAL CLIMATOLOGICAL DATA (WS FORM: F-6)
STATION: SPRINGFIELD IL
MONTH: FEBRUARY
YEAR: 2023
LATITUDE: 39 50 N
LONGITUDE: 89 41 W
TEMPERATURE IN F: :PCPN: SNOW: WIND :SUNSHINE: SKY :PK WND
================================================================================
1 2 3 4 5 6A 6B 7 8 9 10 11 12 13 14 15 16 17 18
12Z AVG MX 2MIN
DY MAX MIN AVG DEP HDD CDD WTR SNW DPTH SPD SPD DIR MIN PSBL S-S WX SPD DR
================================================================================
1 32 6 19 -10 46 0 0.00 0.0 0 6.4 15 180 M M 0 19 200
2 48 15 32 3 33 0 0.00 0.0 0 11.4 23 320 M M 0 32 330
3 21 6 14 -15 51 0 0.00 0.0 0 8.8 20 320 M M 1 26 330
4 52 18 35 6 30 0 0.00 0.0 0 15.3 24 190 M M 0 34 200
5 56 27 42 13 23 0 0.00 0.0 0 11.2 23 280 M M 0 30 300
6 53 26 40 10 25 0 0.00 0.0 0 14.8 30 170 M M 1 40 140
7 53 32 43 13 22 0 0.00 0.0 0 10.2 23 170 M M 1 30 180
8 42 26 34 4 31 0 0.12 0.0 0 6.8 15 80 M M 5 1 20 80
9 53 36 45 15 20 0 0.58 0.0 0 17.8 33 240 M M 9 1 49 220
10 41 23 32 1 33 0 0.00 0.0 0 8.4 17 310 M M 4 22 290
11 47 16 32 1 33 0 0.00 0.0 0 1.9 9 200 M M 0 11 210
12 54 20 37 6 28 0 0.00 0.0 0 6.2 15 190 M M 0 20 190
13 58 33 46 14 19 0 0.00 0.0 0 6.5 13 290 M M 0 17 280
14 56 35 46 14 19 0 0.06 0.0 0 18.2 30 180 M M 5 46 200
15 53 34 44 12 21 0 0.00 0.0 0 13.2 30 240 M M 5 41 250
16 37 28 33 0 32 0 0.14 T 0 13.0 25 340 M M 10 16 36 330
17 33 20 27 -6 38 0 0.00 0.0 0 10.1 21 340 M M 5 31 340
18 51 27 39 6 26 0 0.00 0.0 0 15.0 25 180 M M 0 37 190
19 58 38 48 14 17 0 T 0.0 0 13.7 22 200 M M 1 31 190
20 59 28 44 10 21 0 0.00 0.0 0 6.1 21 250 M M 0 26 260
21 48 31 40 6 25 0 T 0.0 0 11.6 23 320 M M 4 33 320
22 53 43 48 13 17 0 0.74 0.0 0 9.5 28 40 M M 8 13 33 40
23 53 23 38 3 27 0 0.00 0.0 0 14.3 24 290 M M 4 1 35 260
24 35 18 27 -9 38 0 0.03 T 0 10.1 20 100 M M 4 26 100
25 39 27 33 -3 32 0 0.01 T 0 5.2 13 280 M M 7 16 16 280
26 55 24 40 4 25 0 T 0.0 0 7.3 21 140 M M 4 1 30 110
27 60 45 53 16 12 0 0.41 0.0 0 21.1 38 260 M M 9 138 55 250
28 51 40 46 9 19 0 0.00 0.0 0 10.0 20 130 M M 6 27 310
================================================================================
SM 1351 745 763 0 2.09 T 304.1 M 93
================================================================================
AV 48.3 26.6 10.9 FASTST M M 3 MAX(MPH)
MISC ----> 38 260 55 250
================================================================================
NOTES:
# LAST OF SEVERAL OCCURRENCES
COLUMN 17 PEAK WIND IN M.P.H.
PRELIMINARY LOCAL CLIMATOLOGICAL DATA (WS FORM: F-6) , PAGE 2
STATION: SPRINGFIELD IL
MONTH: FEBRUARY
YEAR: 2023
LATITUDE: 39 50 N
LONGITUDE: 89 41 W
[TEMPERATURE DATA] [PRECIPITATION DATA] SYMBOLS USED IN COLUMN 16
AVERAGE MONTHLY: 37.4 TOTAL FOR MONTH: 2.09 1 = FOG OR MIST
DPTR FM NORMAL: 5.0 DPTR FM NORMAL: 0.16 2 = FOG REDUCING VISIBILITY
HIGHEST: 60 ON 27 GRTST 24HR 0.74 ON 21-22 TO 1/4 MILE OR LESS
LOWEST: 6 ON 3, 1 3 = THUNDER
SNOW, ICE PELLETS, HAIL 4 = ICE PELLETS
TOTAL MONTH: T 5 = HAIL
GRTST 24HR T ON 16-16 6 = FREEZING RAIN OR DRIZZLE
GRTST DEPTH: 0 7 = DUSTSTORM OR SANDSTORM:
VSBY 1/2 MILE OR LESS
8 = SMOKE OR HAZE
[NO. OF DAYS WITH] [WEATHER - DAYS WITH] 9 = BLOWING SNOW
X = TORNADO
MAX 32 OR BELOW: 2 0.01 INCH OR MORE: 8
MAX 90 OR ABOVE: 0 0.10 INCH OR MORE: 5
MIN 32 OR BELOW: 20 0.50 INCH OR MORE: 2
MIN 0 OR BELOW: 0 1.00 INCH OR MORE: 0
[HDD (BASE 65) ]
TOTAL THIS MO. 763 CLEAR (SCALE 0-3) 13
DPTR FM NORMAL -150 PTCLDY (SCALE 4-7) 12
TOTAL FM JUL 1 3807 CLOUDY (SCALE 8-10) 3
DPTR FM NORMAL -272
[CDD (BASE 65) ]
TOTAL THIS MO. 0
DPTR FM NORMAL 0 [PRESSURE DATA]
TOTAL FM JAN 1 0 HIGHEST SLP 30.72 ON 3
DPTR FM NORMAL 0 LOWEST SLP 29.11 ON 27
[REMARKS]
#FINAL-02-23#