000
CXUS54 KOUN 011351
CF6SPS
PRELIMINARY LOCAL CLIMATOLOGICAL DATA (WS FORM: F-6)
STATION: WICHITA FALLS
MONTH: MAY
YEAR: 2023
LATITUDE: 33 58 N
LONGITUDE: 98 29 W
TEMPERATURE IN F: :PCPN: SNOW: WIND :SUNSHINE: SKY :PK WND
================================================================================
1 2 3 4 5 6A 6B 7 8 9 10 11 12 13 14 15 16 17 18
12Z AVG MX 2MIN
DY MAX MIN AVG DEP HDD CDD WTR SNW DPTH SPD SPD DIR MIN PSBL S-S WX SPD DR
================================================================================
1 74 46 60 -7 5 0 0.00 0.0 0 7.3 14 80 M M 1 19 90
2 81 48 65 -2 0 0 0.00 0.0 0 8.8 16 90 M M 2 20 70
3 74 53 64 -4 1 0 0.21 0.0 0 10.6 20 100 M M 6 13 24 100
4 79 57 68 0 0 3 0.14 0.0 0 8.5 22 320 M M 4 13 28 320
5 95 56 76 8 0 11 0.00 0.0 0 9.5 23 180 M M 2 12 30 190
6 93 64 79 11 0 14 T 0.0 0 15.0 47 120 M M 1 3 59 190
7 91 64 78 9 0 13 T 0.0 0 19.0 49 170 M M 3 65 170
8 88 59 74 5 0 9 0.00 0.0 0 8.5 18 180 M M 0 24 190
9 89 66 78 9 0 13 0.00 0.0 0 9.3 20 140 M M 0 12 25 160
10 81 64 73 3 0 8 0.00 0.0 0 8.7 18 140 M M 1 1 24 140
11 90 62 76 6 0 11 0.55 0.0 0 10.5 22 110 M M 5 13 26 120
12 92 66 79 9 0 14 0.16 0.0 0 14.8 29 230 M M 3 138 35 180
13 81 64 73 2 0 8 0.17 0.0 0 6.4 20 60 M M 7 13 28 50
14 80 67 74 3 0 9 0.27 0.0 0 6.2 13 350 M M 6 1 15 350
15 82 64 73 1 0 8 0.01 0.0 0 7.6 18 10 M M 6 1 23 320
16 80 61 71 -1 0 6 0.00 0.0 0 6.4 16 350 M M 5 1 25 60
17 83 58 71 -1 0 6 0.00 0.0 0 7.0 13 110 M M 1 1 15 90
18 85 62 74 2 0 9 0.02 0.0 0 9.4 20 140 M M 5 138 26 150
19 87 61 74 1 0 9 0.02 0.0 0 11.9 31 10 M M 5 18 38 360
20 77 53 65 -8 0 0 0.00 0.0 0 9.6 23 20 M M 1 18 29 40
21 78 56 67 -7 0 2 0.00 0.0 0 5.1 14 150 M M 1 18 29 190
22 82 54 68 -6 0 3 0.24 0.0 0 9.8 33 160 M M 3 1358 41 150
23 85 61 73 -1 0 8 T 0.0 0 9.4 18 220 M M 2 18 23 110
24 85 64 75 1 0 10 0.02 0.0 0 6.6 17 330 M M 4 22 330
25 82 65 74 -1 0 9 0.01 0.0 M 9.8 21 90 M M 5 3 25 90
26 81 62 72 -3 0 7 T 0.0 0 6.8 15 130 M M 4 18 140
27 83 62 73 -3 0 8 0.00 0.0 0 6.4 17 170 M M 3 24 150
28 83 64 74 -2 0 9 1.44 0.0 0 10.6 31 310 M M 4 123 38 310
29 87 64 76 0 0 11 0.01 0.0 0 6.9 16 280 M M 3 13 21 170
30 88 63 76 0 0 11 0.00 0.0 0 7.7 17 130 M M 1 1 22 130
31 89 65 77 0 0 12 0.00 0.0 0 8.1 20 150 M M 4 1 26 140
================================================================================
SM 2605 1875 6 241 3.27 0.0 282.2 M 98
================================================================================
AV 84.0 60.5 9.1 FASTST M M 3 MAX(MPH)
MISC ----> 49 170 65 170
================================================================================
NOTES:
# LAST OF SEVERAL OCCURRENCES
COLUMN 17 PEAK WIND IN M.P.H.
PRELIMINARY LOCAL CLIMATOLOGICAL DATA (WS FORM: F-6) , PAGE 2
STATION: WICHITA FALLS
MONTH: MAY
YEAR: 2023
LATITUDE: 33 58 N
LONGITUDE: 98 29 W
[TEMPERATURE DATA] [PRECIPITATION DATA] SYMBOLS USED IN COLUMN 16
AVERAGE MONTHLY: 72.3 TOTAL FOR MONTH: 3.27 1 = FOG OR MIST
DPTR FM NORMAL: 0.5 DPTR FM NORMAL: -0.54 2 = FOG REDUCING VISIBILITY
HIGHEST: 95 ON 5 GRTST 24HR 1.44 ON 28-28 TO 1/4 MILE OR LESS
LOWEST: 46 ON 1 3 = THUNDER
SNOW, ICE PELLETS, HAIL 4 = ICE PELLETS
TOTAL MONTH: 0.0 INCH 5 = HAIL
GRTST 24HR 0.0 6 = FREEZING RAIN OR DRIZZLE
GRTST DEPTH: 0 7 = DUSTSTORM OR SANDSTORM:
VSBY 1/2 MILE OR LESS
8 = SMOKE OR HAZE
[NO. OF DAYS WITH] [WEATHER - DAYS WITH] 9 = BLOWING SNOW
X = TORNADO
MAX 32 OR BELOW: 0 0.01 INCH OR MORE: 14
MAX 90 OR ABOVE: 5 0.10 INCH OR MORE: 8
MIN 32 OR BELOW: 0 0.50 INCH OR MORE: 2
MIN 0 OR BELOW: 0 1.00 INCH OR MORE: 1
[HDD (BASE 65) ]
TOTAL THIS MO. 6 CLEAR (SCALE 0-3) 15
DPTR FM NORMAL -19 PTCLDY (SCALE 4-7) 16
TOTAL FM JUL 1 2597 CLOUDY (SCALE 8-10) 0
DPTR FM NORMAL -298
[CDD (BASE 65) ]
TOTAL THIS MO. 241
DPTR FM NORMAL 5 [PRESSURE DATA]
TOTAL FM JAN 1 304 HIGHEST SLP 30.28 ON 20
DPTR FM NORMAL -28 LOWEST SLP 29.63 ON 11
[REMARKS]
#FINAL-05-23#